{"id":106266,"date":"2026-05-04T16:17:56","date_gmt":"2026-05-04T19:17:56","guid":{"rendered":"https:\/\/www.hediyepazar.com\/?product=floveme-miknatisli-360-derece-donerli-arac-ustu-tutucu-5775"},"modified":"2026-05-04T16:17:56","modified_gmt":"2026-05-04T19:17:56","slug":"floveme-miknatisli-360-derece-donerli-arac-ustu-tutucu-5775","status":"publish","type":"product","link":"https:\/\/www.hediyepazar.com\/?product=floveme-miknatisli-360-derece-donerli-arac-ustu-tutucu-5775","title":{"rendered":"Floveme M\u0131knat\u0131sl\u0131 360 Derece Donerli Ara\u00e7 \u00dcst\u00fc Tutucu-(5775)"},"content":{"rendered":"<p><strong>Floveme M&#305;knat&#305;sl&#305; 360 Derece Donerli Ara&ccedil; &Uuml;st&uuml; Tutucu<\/strong><\/p>\n<p><img decoding=\"async\" data-cke-saved-src=\"https:\/\/cdn.myikas.com\/images\/4b0890c4-46f7-49c5-9b0d-d8f3dae632d6\/bebb1d66-2473-487b-95af-26593c5665b1\/image_1950.webp\" src=\"https:\/\/hepsicdn.com.tr\/static\/product_detail\/hbnet7645bd93_5153211.webp\"><\/p>\n<p><img decoding=\"async\" data-cke-saved-src=\"https:\/\/cdn.myikas.com\/images\/4b0890c4-46f7-49c5-9b0d-d8f3dae632d6\/fae87a03-701c-4bff-a408-dd180c905349\/image_1950.webp\" src=\"https:\/\/hepsicdn.com.tr\/static\/product_detail\/hbnet7645bd93_5153212.webp\"><\/p>\n<p><img decoding=\"async\" data-cke-saved-src=\"https:\/\/cdn.myikas.com\/images\/4b0890c4-46f7-49c5-9b0d-d8f3dae632d6\/e93c08c1-7ac6-449e-806b-e0dbdd87c0bd\/image_1950.webp\" src=\"https:\/\/hepsicdn.com.tr\/static\/product_detail\/hbnet7645bd93_5153213.webp\"><\/p>\n<p><img decoding=\"async\" data-cke-saved-src=\"https:\/\/cdn.myikas.com\/images\/4b0890c4-46f7-49c5-9b0d-d8f3dae632d6\/8e99ba6d-734e-40de-81e3-d38dc3672b92\/image_1950.webp\" src=\"https:\/\/hepsicdn.com.tr\/static\/product_detail\/hbnet7645bd93_5153214.webp\"><\/p>\n<p><img decoding=\"async\" data-cke-saved-src=\"https:\/\/cdn.myikas.com\/images\/4b0890c4-46f7-49c5-9b0d-d8f3dae632d6\/3bf4ae41-9a91-472f-9395-997ee0186f55\/image_1950.webp\" src=\"https:\/\/hepsicdn.com.tr\/static\/product_detail\/hbnet7645bd93_5153215.webp\"><\/p>\n<p><img decoding=\"async\" data-cke-saved-src=\"https:\/\/cdn.myikas.com\/images\/4b0890c4-46f7-49c5-9b0d-d8f3dae632d6\/6e348443-be14-48f4-9d28-752183a396dd\/image_1950.webp\" src=\"https:\/\/hepsicdn.com.tr\/static\/product_detail\/hbnet7645bd93_5153216.webp\"><\/p>\n<p><img decoding=\"async\" data-cke-saved-src=\"https:\/\/cdn.myikas.com\/images\/4b0890c4-46f7-49c5-9b0d-d8f3dae632d6\/32320b12-cc62-4cf2-8901-f995a0a7b2e1\/image_1950.webp\" src=\"https:\/\/hepsicdn.com.tr\/static\/product_detail\/hbnet7645bd93_5153217.webp\"><\/p>\n<p dir=\"ltr\" helvetica=\"\" line-height:=\"\" style=\"box-sizing: border-box; margin: 0pt 0px; font-size: 11px; color: rgb(73, 83, 94); text-align: center; font-family: \"><span id=\"docs-internal-guid-c14f7f34-7fff-2846-966a-40a1dc849e99\" style=\"box-sizing: border-box;\"><span style=\"box-sizing: border-box; font-size: 11pt; font-family: Arial; color: rgb(0, 0, 0); background-color: transparent; font-variant-numeric: normal; font-variant-east-asian: normal; vertical-align: baseline; white-space: pre-wrap;\">Tek elle kullan&#305;m i&ccedil;in idealdir<\/span><\/span><\/p>\n<p dir=\"ltr\" helvetica=\"\" line-height:=\"\" style=\"box-sizing: border-box; margin: 0pt 0px; font-size: 11px; color: rgb(73, 83, 94); text-align: center; font-family: \"><span id=\"docs-internal-guid-c14f7f34-7fff-2846-966a-40a1dc849e99\" style=\"box-sizing: border-box;\"><span style=\"box-sizing: border-box; font-size: 11pt; font-family: Arial; color: rgb(0, 0, 0); background-color: transparent; font-variant-numeric: normal; font-variant-east-asian: normal; vertical-align: baseline; white-space: pre-wrap;\">Cep telefonu kolayca d&ouml;nd&uuml;r&uuml;lebilir<\/span><\/span><\/p>\n<p dir=\"ltr\" helvetica=\"\" line-height:=\"\" style=\"box-sizing: border-box; margin: 0pt 0px; font-size: 11px; color: rgb(73, 83, 94); text-align: center; font-family: \"><span id=\"docs-internal-guid-c14f7f34-7fff-2846-966a-40a1dc849e99\" style=\"box-sizing: border-box;\"><span style=\"box-sizing: border-box; font-size: 11pt; font-family: Arial; color: rgb(0, 0, 0); background-color: transparent; font-variant-numeric: normal; font-variant-east-asian: normal; vertical-align: baseline; white-space: pre-wrap;\">Dayan&#305;kl&#305; ve uzun &ouml;m&uuml;rl&uuml;d&uuml;r<\/span><\/span><\/p>\n<p dir=\"ltr\" helvetica=\"\" line-height:=\"\" style=\"box-sizing: border-box; margin: 0pt 0px; font-size: 11px; color: rgb(73, 83, 94); text-align: center; font-family: \"><span id=\"docs-internal-guid-c14f7f34-7fff-2846-966a-40a1dc849e99\" style=\"box-sizing: border-box;\"><span style=\"box-sizing: border-box; font-size: 11pt; font-family: Arial; color: rgb(0, 0, 0); background-color: transparent; font-variant-numeric: normal; font-variant-east-asian: normal; vertical-align: baseline; white-space: pre-wrap;\">360&deg; d&ouml;nebilen tasar&#305;m&#305; sayesinde a&ccedil;&#305;y&#305; kendinize g&ouml;re ayarlayabilirsiniz<\/span><\/span><\/p>\n<p dir=\"ltr\" helvetica=\"\" line-height:=\"\" style=\"box-sizing: border-box; margin: 0pt 0px; font-size: 11px; color: rgb(73, 83, 94); text-align: center; font-family: \"><span id=\"docs-internal-guid-c14f7f34-7fff-2846-966a-40a1dc849e99\" style=\"box-sizing: border-box;\"><span style=\"box-sizing: border-box; font-size: 11pt; font-family: Arial; color: rgb(0, 0, 0); background-color: transparent; font-variant-numeric: normal; font-variant-east-asian: normal; vertical-align: baseline; white-space: pre-wrap;\">G&uuml;&ccedil;l&uuml; m&#305;knat&#305;slar&#305; sayesinde cep telefonunuzu kolayca sabitleyebilirsiniz<\/span><\/span><\/p>\n<p dir=\"ltr\" helvetica=\"\" line-height:=\"\" style=\"box-sizing: border-box; margin: 0pt 0px; font-size: 11px; color: rgb(73, 83, 94); text-align: center; font-family: \"><span id=\"docs-internal-guid-c14f7f34-7fff-2846-966a-40a1dc849e99\" style=\"box-sizing: border-box;\"><span style=\"box-sizing: border-box; font-size: 11pt; font-family: Arial; color: rgb(0, 0, 0); background-color: transparent; font-variant-numeric: normal; font-variant-east-asian: normal; vertical-align: baseline; white-space: pre-wrap;\">G&uuml;&ccedil;lendirilmi&#351; m&#305;knat&#305;s, engebeli yollarda dahi telefonunuzun titremesini veya d&uuml;&#351;mesini engeller<\/span><\/span><\/p>\n<p dir=\"ltr\" helvetica=\"\" line-height:=\"\" style=\"box-sizing: border-box; margin: 0pt 0px; font-size: 11px; color: rgb(73, 83, 94); text-align: center; font-family: \"><span id=\"docs-internal-guid-c14f7f34-7fff-2846-966a-40a1dc849e99\" style=\"box-sizing: border-box;\"><span style=\"box-sizing: border-box; font-size: 11pt; font-family: Arial; color: rgb(0, 0, 0); background-color: transparent; font-variant-numeric: normal; font-variant-east-asian: normal; vertical-align: baseline; white-space: pre-wrap;\">A&#351;&#305;nmaya kar&#351;&#305; dayan&#305;kl&#305;d&#305;r<\/span><\/span><\/p>\n<p dir=\"ltr\" helvetica=\"\" line-height:=\"\" style=\"box-sizing: border-box; margin: 0pt 0px; font-size: 11px; color: rgb(73, 83, 94); text-align: center; font-family: \"><span id=\"docs-internal-guid-c14f7f34-7fff-2846-966a-40a1dc849e99\" style=\"box-sizing: border-box;\"><span style=\"box-sizing: border-box; font-size: 11pt; font-family: Arial; color: rgb(0, 0, 0); background-color: transparent; font-variant-numeric: normal; font-variant-east-asian: normal; vertical-align: baseline; white-space: pre-wrap;\">Kurulum i&ccedil;in diledi&#287;iniz konumu se&ccedil;ilebilirsiniz<\/span><\/span><\/p>\n<p dir=\"ltr\" helvetica=\"\" line-height:=\"\" style=\"box-sizing: border-box; margin: 0pt 0px; font-size: 11px; color: rgb(73, 83, 94); text-align: center; font-family: \"><span id=\"docs-internal-guid-c14f7f34-7fff-2846-966a-40a1dc849e99\" style=\"box-sizing: border-box;\"><span style=\"box-sizing: border-box; font-size: 11pt; font-family: Arial; color: rgb(0, 0, 0); background-color: transparent; font-variant-numeric: normal; font-variant-east-asian: normal; vertical-align: baseline; white-space: pre-wrap;\">Saniyeler i&ccedil;inde montaj&#305;n&#305; yap&#305;p kullanmaya ba&#351;layabilirsiniz<\/span><\/span><\/p>\n<p dir=\"ltr\" helvetica=\"\" line-height:=\"\" style=\"box-sizing: border-box; margin: 0pt 0px; font-size: 11px; color: rgb(73, 83, 94); text-align: center; font-family: \"><span id=\"docs-internal-guid-c14f7f34-7fff-2846-966a-40a1dc849e99\" style=\"box-sizing: border-box;\"><span style=\"box-sizing: border-box; font-size: 11pt; font-family: Arial; color: rgb(0, 0, 0); background-color: transparent; font-variant-numeric: normal; font-variant-east-asian: normal; vertical-align: baseline; white-space: pre-wrap;\">1- Yap&#305;&#351;kan ka&#287;&#305;d&#305; &ccedil;&#305;kar&#305;n<\/span><\/span><\/p>\n<p dir=\"ltr\" helvetica=\"\" line-height:=\"\" style=\"box-sizing: border-box; margin: 0pt 0px; font-size: 11px; color: rgb(73, 83, 94); text-align: center; font-family: \"><span id=\"docs-internal-guid-c14f7f34-7fff-2846-966a-40a1dc849e99\" style=\"box-sizing: border-box;\"><span style=\"box-sizing: border-box; font-size: 11pt; font-family: Arial; color: rgb(0, 0, 0); background-color: transparent; font-variant-numeric: normal; font-variant-east-asian: normal; vertical-align: baseline; white-space: pre-wrap;\">2- Kurulacak konuma hizalay&#305;n<\/span><\/span><\/p>\n<p dir=\"ltr\" helvetica=\"\" line-height:=\"\" style=\"box-sizing: border-box; margin: 0pt 0px; font-size: 11px; color: rgb(73, 83, 94); text-align: center; font-family: \"><span id=\"docs-internal-guid-c14f7f34-7fff-2846-966a-40a1dc849e99\" style=\"box-sizing: border-box;\"><span style=\"box-sizing: border-box; font-size: 11pt; font-family: Arial; color: rgb(0, 0, 0); background-color: transparent; font-variant-numeric: normal; font-variant-east-asian: normal; vertical-align: baseline; white-space: pre-wrap;\">3- Bast&#305;r&#305;n ve sabitleyin<\/span><\/span><\/p>\n<p dir=\"ltr\" helvetica=\"\" line-height:=\"\" style=\"box-sizing: border-box; margin: 0pt 0px; font-size: 11px; color: rgb(73, 83, 94); text-align: center; font-family: \"><span id=\"docs-internal-guid-c14f7f34-7fff-2846-966a-40a1dc849e99\" style=\"box-sizing: border-box;\"><span style=\"box-sizing: border-box; font-size: 11pt; font-family: Arial; color: rgb(0, 0, 0); background-color: transparent; font-variant-numeric: normal; font-variant-east-asian: normal; vertical-align: baseline; white-space: pre-wrap;\">4- &#350;effaf &ccedil;&#305;kartmay&#305; y&#305;rt&#305;n<\/span><\/span><\/p>\n<p dir=\"ltr\" helvetica=\"\" line-height:=\"\" style=\"box-sizing: border-box; margin: 0pt 0px; font-size: 11px; color: rgb(73, 83, 94); text-align: center; font-family: \"><span id=\"docs-internal-guid-c14f7f34-7fff-2846-966a-40a1dc849e99\" style=\"box-sizing: border-box;\"><span style=\"box-sizing: border-box; font-size: 11pt; font-family: Arial; color: rgb(0, 0, 0); background-color: transparent; font-variant-numeric: normal; font-variant-east-asian: normal; vertical-align: baseline; white-space: pre-wrap;\">5- M&#305;knat&#305;s tabakas&#305;n&#305; &#351;effaf &ccedil;&#305;kartman&#305;n &uuml;zerine yap&#305;&#351;t&#305;r&#305;n<\/span><\/span><\/p>\n<p dir=\"ltr\" helvetica=\"\" line-height:=\"\" style=\"box-sizing: border-box; margin: 0pt 0px; font-size: 11px; color: rgb(73, 83, 94); text-align: center; font-family: \"><span id=\"docs-internal-guid-c14f7f34-7fff-2846-966a-40a1dc849e99\" style=\"box-sizing: border-box;\">&lt;span style=&#8221;box-sizing: border-box; font-size: 11pt; font-family: Arial; color<\/span><\/p>\n","protected":false},"excerpt":{"rendered":"<p>Floveme M&#305;knat&#305;sl&#305; 360 Derece Donerli Ara&ccedil; &Uuml;st&uuml; Tutucu Tek elle kullan&#305;m i&ccedil;in idealdir Cep telefonu kolayca d&ouml;nd&uuml;r&uuml;lebilir Dayan&#305;kl&#305; ve uzun &ouml;m&uuml;rl&uuml;d&uuml;r 360&deg; d&ouml;nebilen tasar&#305;m&#305; sayesinde a&ccedil;&#305;y&#305; kendinize g&ouml;re ayarlayabilirsiniz G&uuml;&ccedil;l&uuml; m&#305;knat&#305;slar&#305; sayesinde cep telefonunuzu kolayca sabitleyebilirsiniz G&uuml;&ccedil;lendirilmi&#351; m&#305;knat&#305;s, engebeli yollarda dahi telefonunuzun titremesini veya d&uuml;&#351;mesini engeller A&#351;&#305;nmaya kar&#351;&#305; dayan&#305;kl&#305;d&#305;r Kurulum i&ccedil;in diledi&#287;iniz konumu se&ccedil;ilebilirsiniz Saniyeler&#8230;<\/p>\n","protected":false},"featured_media":106265,"comment_status":"open","ping_status":"closed","template":"","meta":{"_kad_post_transparent":"","_kad_post_title":"","_kad_post_layout":"","_kad_post_sidebar_id":"","_kad_post_content_style":"","_kad_post_vertical_padding":"","_kad_post_feature":"","_kad_post_feature_position":"","_kad_post_header":false,"_kad_post_footer":false,"_kad_post_classname":""},"product_brand":[],"product_cat":[7872],"product_tag":[],"class_list":{"0":"post-106266","1":"product","2":"type-product","3":"status-publish","4":"has-post-thumbnail","6":"product_cat-arac-ici-telefon-tutucular-oto-aksesuarlari-cep-telefonu-elektronik-arac-ici-telefon-tutucular","8":"first","9":"instock","10":"purchasable","11":"product-type-simple","12":"entry","13":"content-bg","14":"loop-entry"},"_links":{"self":[{"href":"https:\/\/www.hediyepazar.com\/index.php?rest_route=\/wp\/v2\/product\/106266","targetHints":{"allow":["GET"]}}],"collection":[{"href":"https:\/\/www.hediyepazar.com\/index.php?rest_route=\/wp\/v2\/product"}],"about":[{"href":"https:\/\/www.hediyepazar.com\/index.php?rest_route=\/wp\/v2\/types\/product"}],"replies":[{"embeddable":true,"href":"https:\/\/www.hediyepazar.com\/index.php?rest_route=%2Fwp%2Fv2%2Fcomments&post=106266"}],"wp:featuredmedia":[{"embeddable":true,"href":"https:\/\/www.hediyepazar.com\/index.php?rest_route=\/wp\/v2\/media\/106265"}],"wp:attachment":[{"href":"https:\/\/www.hediyepazar.com\/index.php?rest_route=%2Fwp%2Fv2%2Fmedia&parent=106266"}],"wp:term":[{"taxonomy":"product_brand","embeddable":true,"href":"https:\/\/www.hediyepazar.com\/index.php?rest_route=%2Fwp%2Fv2%2Fproduct_brand&post=106266"},{"taxonomy":"product_cat","embeddable":true,"href":"https:\/\/www.hediyepazar.com\/index.php?rest_route=%2Fwp%2Fv2%2Fproduct_cat&post=106266"},{"taxonomy":"product_tag","embeddable":true,"href":"https:\/\/www.hediyepazar.com\/index.php?rest_route=%2Fwp%2Fv2%2Fproduct_tag&post=106266"}],"curies":[{"name":"wp","href":"https:\/\/api.w.org\/{rel}","templated":true}]}}