{"id":106338,"date":"2026-05-04T16:26:10","date_gmt":"2026-05-04T19:26:10","guid":{"rendered":"https:\/\/www.hediyepazar.com\/?product=baseus-lovely-bluetooth-selfie-ozcekim-tripod-cubugu-monopod-5775"},"modified":"2026-05-04T16:26:10","modified_gmt":"2026-05-04T19:26:10","slug":"baseus-lovely-bluetooth-selfie-ozcekim-tripod-cubugu-monopod-5775","status":"publish","type":"product","link":"https:\/\/www.hediyepazar.com\/?product=baseus-lovely-bluetooth-selfie-ozcekim-tripod-cubugu-monopod-5775","title":{"rendered":"Baseus Lovely Bluetooth Selfie-\u00d6z\u00e7ekim Tripod \u00c7ubu\u011fu Monopod-(5775)"},"content":{"rendered":"<p><strong>Baseus Lovely Bluetooth Selfie-&Ouml;z&ccedil;ekim Tripod &Ccedil;ubu&#287;u Monopod<\/strong><\/p>\n<p><img decoding=\"async\" alt=\"\" data-cke-saved-src=\"https:\/\/cdn.myikas.com\/images\/4b0890c4-46f7-49c5-9b0d-d8f3dae632d6\/12cf679f-7815-4926-a4d8-2037388aa3e9\/image_1950.webp\" src=\"https:\/\/cdn.myikas.com\/images\/4b0890c4-46f7-49c5-9b0d-d8f3dae632d6\/12cf679f-7815-4926-a4d8-2037388aa3e9\/image_1950.webp\"\/><\/p>\n<p><img decoding=\"async\" data-cke-saved-src=\"https:\/\/cdn.myikas.com\/images\/4b0890c4-46f7-49c5-9b0d-d8f3dae632d6\/9e15c681-6030-400d-ac5c-b7a08fc0cca5\/image_1950.webp\" src=\"https:\/\/hepsicdn.com.tr\/static\/product_detail\/hbnet4a852e7a_5159111.webp\"><\/p>\n<p><img decoding=\"async\" data-cke-saved-src=\"https:\/\/cdn.myikas.com\/images\/4b0890c4-46f7-49c5-9b0d-d8f3dae632d6\/89d06201-1138-4bb1-8ee5-d44145aa9101\/image_1950.webp\" src=\"https:\/\/hepsicdn.com.tr\/static\/product_detail\/hbnet4a852e7a_5159112.webp\"><\/p>\n<p><img decoding=\"async\" data-cke-saved-src=\"https:\/\/cdn.myikas.com\/images\/4b0890c4-46f7-49c5-9b0d-d8f3dae632d6\/f1f517b8-1b81-44d9-806d-1b2c9aa25906\/image_1950.webp\" src=\"https:\/\/hepsicdn.com.tr\/static\/product_detail\/hbnet4a852e7a_5159113.webp\"><\/p>\n<p><img decoding=\"async\" data-cke-saved-src=\"https:\/\/cdn.myikas.com\/images\/4b0890c4-46f7-49c5-9b0d-d8f3dae632d6\/b0d7d7d3-79e2-4f38-b3e4-c3bc6907f85c\/image_1950.webp\" src=\"https:\/\/hepsicdn.com.tr\/static\/product_detail\/hbnet4a852e7a_5159114.webp\"><\/p>\n<p><img decoding=\"async\" data-cke-saved-src=\"https:\/\/cdn.myikas.com\/images\/4b0890c4-46f7-49c5-9b0d-d8f3dae632d6\/c0ff1fc6-7c17-435e-9d40-d38ba3a1e609\/image_1950.webp\" src=\"https:\/\/hepsicdn.com.tr\/static\/product_detail\/hbnet4a852e7a_5159115.webp\"><\/p>\n<p><img decoding=\"async\" data-cke-saved-src=\"https:\/\/cdn.myikas.com\/images\/4b0890c4-46f7-49c5-9b0d-d8f3dae632d6\/22fb9288-667f-4fe4-a6da-d328c99243fe\/image_1950.webp\" src=\"https:\/\/hepsicdn.com.tr\/static\/product_detail\/hbnet4a852e7a_5159116.webp\"><\/p>\n<p><img decoding=\"async\" data-cke-saved-src=\"https:\/\/cdn.myikas.com\/images\/4b0890c4-46f7-49c5-9b0d-d8f3dae632d6\/3c06bcd5-64de-4f3d-bd4d-d79fb036eae4\/image_1950.webp\" src=\"https:\/\/hepsicdn.com.tr\/static\/product_detail\/hbnet4a852e7a_5159117.webp\"><\/p>\n<\/p>\n<\/p>\n<p>&#8203;<\/p>\n<p dir=\"ltr\" style=\"line-height:1.2;margin-top:0pt;margin-bottom:0pt;\"><span id=\"docs-internal-guid-ea07551e-7fff-e8ef-148e-ac54c8ab3825\"><span style=\"font-size: 11pt; font-family: Arial; color: rgb(0, 0, 0); background-color: transparent; font-variant-numeric: normal; font-variant-east-asian: normal; vertical-align: baseline; white-space: pre-wrap;\">Harika videolar i&ccedil;in Baseus Lovely Bluetooth Selfie-&Ouml;z&ccedil;ekim Tripod &Ccedil;ubu&#287;u Monopod<\/span><\/span><\/p>\n<p dir=\"ltr\" style=\"line-height:1.2;margin-top:0pt;margin-bottom:0pt;\"><span id=\"docs-internal-guid-ea07551e-7fff-e8ef-148e-ac54c8ab3825\"><span style=\"font-size: 11pt; font-family: Arial; color: rgb(0, 0, 0); background-color: transparent; font-variant-numeric: normal; font-variant-east-asian: normal; vertical-align: baseline; white-space: pre-wrap;\">Ak&#305;ll&#305; titreme &ouml;nleme teknolojisi sayesinde hareket halindeyken de unutulmaz anlar&#305; yakalayabilirsiniz<\/span><\/span><\/p>\n<p dir=\"ltr\" style=\"line-height:1.2;margin-top:0pt;margin-bottom:0pt;\"><span id=\"docs-internal-guid-ea07551e-7fff-e8ef-148e-ac54c8ab3825\"><span style=\"font-size: 11pt; font-family: Arial; color: rgb(0, 0, 0); background-color: transparent; font-variant-numeric: normal; font-variant-east-asian: normal; vertical-align: baseline; white-space: pre-wrap;\">8 saate kadar kesintisiz &ccedil;ekime kadar izin verir<\/span><\/span><\/p>\n<p dir=\"ltr\" style=\"line-height:1.2;margin-top:0pt;margin-bottom:0pt;\"><span id=\"docs-internal-guid-ea07551e-7fff-e8ef-148e-ac54c8ab3825\"><span style=\"font-size: 11pt; font-family: Arial; color: rgb(0, 0, 0); background-color: transparent; font-variant-numeric: normal; font-variant-east-asian: normal; vertical-align: baseline; white-space: pre-wrap;\">Silikon dirsek pedi sayesinde konforlu &ccedil;ekim sunar<\/span><\/span><\/p>\n<p dir=\"ltr\" style=\"line-height:1.2;margin-top:0pt;margin-bottom:0pt;\"><span id=\"docs-internal-guid-ea07551e-7fff-e8ef-148e-ac54c8ab3825\"><span style=\"font-size: 11pt; font-family: Arial; color: rgb(0, 0, 0); background-color: transparent; font-variant-numeric: normal; font-variant-east-asian: normal; vertical-align: baseline; white-space: pre-wrap;\">K&uuml;&ccedil;&uuml;k ve katlanabilir tasar&#305;m<\/span><\/span><\/p>\n<p dir=\"ltr\" style=\"line-height:1.2;margin-top:0pt;margin-bottom:0pt;\"><span id=\"docs-internal-guid-ea07551e-7fff-e8ef-148e-ac54c8ab3825\"><span style=\"font-size: 11pt; font-family: Arial; color: rgb(0, 0, 0); background-color: transparent; font-variant-numeric: normal; font-variant-east-asian: normal; vertical-align: baseline; white-space: pre-wrap;\">Kolay kullan&#305;m<\/span><\/span><\/p>\n<p dir=\"ltr\" style=\"line-height:1.2;margin-top:0pt;margin-bottom:0pt;\"><span id=\"docs-internal-guid-ea07551e-7fff-e8ef-148e-ac54c8ab3825\"><span style=\"font-size: 11pt; font-family: Arial; color: rgb(0, 0, 0); background-color: transparent; font-variant-numeric: normal; font-variant-east-asian: normal; vertical-align: baseline; white-space: pre-wrap;\">&Uuml;&ccedil;l&uuml; ba&#287;lant&#305; deste&#287;i ile &ccedil;ekim s&#305;ras&#305;nda net g&ouml;r&uuml;nt&uuml; yakalaman&#305;za olanak sunar<\/span><\/span><\/p>\n<p dir=\"ltr\" style=\"line-height:1.2;margin-top:0pt;margin-bottom:0pt;\"><span id=\"docs-internal-guid-ea07551e-7fff-e8ef-148e-ac54c8ab3825\"><span style=\"font-size: 11pt; font-family: Arial; color: rgb(0, 0, 0); background-color: transparent; font-variant-numeric: normal; font-variant-east-asian: normal; vertical-align: baseline; white-space: pre-wrap;\">90&deg; serbest&ccedil;e hareket eder<\/span><\/span><\/p>\n<p dir=\"ltr\" style=\"line-height:1.2;margin-top:0pt;margin-bottom:0pt;\"><span id=\"docs-internal-guid-ea07551e-7fff-e8ef-148e-ac54c8ab3825\"><span style=\"font-size: 11pt; font-family: Arial; color: rgb(0, 0, 0); background-color: transparent; font-variant-numeric: normal; font-variant-east-asian: normal; vertical-align: baseline; white-space: pre-wrap;\">235 g a&#287;&#305;rl&#305;&#287;&#305;nda hafiftir tasar&#305;m&#305;yla her an sizinle beraber<\/span><\/span><\/p>\n<p dir=\"ltr\" style=\"line-height:1.2;margin-top:0pt;margin-bottom:0pt;\"><span id=\"docs-internal-guid-ea07551e-7fff-e8ef-148e-ac54c8ab3825\"><span style=\"font-size: 11pt; font-family: Arial; color: rgb(0, 0, 0); background-color: transparent; font-variant-numeric: normal; font-variant-east-asian: normal; vertical-align: baseline; white-space: pre-wrap;\">&#304;htiya&ccedil;lar&#305;n&#305;z&#305; kar&#351;&#305;lamak i&ccedil;in &uuml;&ccedil; &ccedil;ekim modu bulunmaktad&#305;r<\/span><\/span><\/p>\n<p dir=\"ltr\" style=\"line-height:1.2;margin-top:0pt;margin-bottom:0pt;\"><span id=\"docs-internal-guid-ea07551e-7fff-e8ef-148e-ac54c8ab3825\"><span style=\"font-size: 11pt; font-family: Arial; color: rgb(0, 0, 0); background-color: transparent; font-variant-numeric: normal; font-variant-east-asian: normal; vertical-align: baseline; white-space: pre-wrap;\">Tek t&#305;kla uzaktan anl&#305;k g&ouml;r&uuml;nt&uuml; m&uuml;mk&uuml;n<\/span><\/span><\/p>\n<p dir=\"ltr\" style=\"line-height:1.2;margin-top:0pt;margin-bottom:0pt;\"><span id=\"docs-internal-guid-ea07551e-7fff-e8ef-148e-ac54c8ab3825\"><span style=\"font-size: 11pt; font-family: Arial; color: rgb(0, 0, 0); background-color: transparent; font-variant-numeric: normal; font-variant-east-asian: normal; vertical-align: baseline; white-space: pre-wrap;\">Ak&#305;ll&#305; yak&#305;nla&#351;t&#305;rma ve uzakla&#351;t&#305;rma ile unutulmaz anlar&#305; yakalay&#305;n<\/span><\/span><\/p>\n<p dir=\"ltr\" style=\"line-height:1.2;margin-top:0pt;margin-bottom:0pt;\"><span id=\"docs-internal-guid-ea07551e-7fff-e8ef-148e-ac54c8ab3825\"><span style=\"font-size: 11pt; font-family: Arial; color: rgb(0, 0, 0); background-color: transparent; font-variant-numeric: normal; font-variant-east-asian: normal; vertical-align: baseline; white-space: pre-wrap;\">1-Telefon klipsini sabitleyin ve sabitleyiciye tak&#305;n<\/span><\/span><\/p>\n<p dir=\"ltr\" style=\"line-height:1.2;margin-top:0pt;margin-bottom:0pt;\"><span id=\"docs-internal-guid-ea07551e-7fff-e8ef-148e-ac54c8ab3825\"><span style=\"font-size: 11pt; font-family: Arial; color: rgb(0, 0, 0); background-color: transparent; font-variant-numeric: normal; font-variant-east-asian: normal; vertical-align: baseline; white-space: pre-wrap;\">2-A&ccedil;mak i&ccedil;in uzaktan kumandaya 3 saniye bas&#305;l&#305; tutun<\/span><\/span><\/p>\n<p dir=\"ltr\" style=\"line-height:1.2;margin-top:0pt;margin-bottom:0pt;\"><span id=\"docs-internal-guid-ea07551e-7fff-e8ef-148e-ac54c8ab3825\"><span style=\"font-size: 11pt; font-family: Arial; color: rgb(0, 0, 0); background-color: transparent; font-variant-numeric: normal; font-variant-east-asian: normal; vertical-align: baseline; white-space: pre-wrap;\">3-Cep telefonunu &#8220;Baseus WS-19017&#8221; kablosuz ba&#287;lant&#305;s&#305; ile e&#351;le&#351;tirin<\/span><\/span><\/p>\n<p dir=\"ltr\" style=\"line-height:1.2;margin-top:0pt;margin-bottom:0pt;\"><span id=\"docs-internal-guid-ea07551e-7fff-e8ef-148e-ac54c8ab3825\"><span style=\"font-size: 11pt; font-family: Arial; color: rgb(0, 0, 0); background-color: transparent; font-variant-numeric: normal; font-variant-east-asian: normal; vertical-align: baseline; white-space: pre-wrap;\">4-Mavi &#305;&#351;&#305;k sabitlendi&#287;inde kullan&#305;ma ba&#351;layabilirsiniz<\/span><\/span><\/p>\n<p dir=\"ltr\" style=\"line-height:1.2;margin-top:0pt;margin-bottom:0pt;\"><span id=\"docs-internal-guid-ea07551e-7fff-e8ef-148e-ac54c8ab3825\"><span style=\"font-size: 11pt; font-family: Arial; color: rgb(0, 0, 0); background-color: transparent; font-variant-numeric: normal; font-variant-east-asian: normal; vertical-align: baseline; white-space: pre-wrap;\">Malzeme: Al&uuml;minyum ala&#351;&#305;m + ABS + PC<\/span><\/span><\/p>\n<p>&lt;p dir=&#8221;ltr&#8221; style=&#8221;line-height:1.2;margin-top:0pt;margin-bottom:0pt<\/p>\n","protected":false},"excerpt":{"rendered":"<p>Baseus Lovely Bluetooth Selfie-&Ouml;z&ccedil;ekim Tripod &Ccedil;ubu&#287;u Monopod &#8203; Harika videolar i&ccedil;in Baseus Lovely Bluetooth Selfie-&Ouml;z&ccedil;ekim Tripod &Ccedil;ubu&#287;u Monopod Ak&#305;ll&#305; titreme &ouml;nleme teknolojisi sayesinde hareket halindeyken de unutulmaz anlar&#305; yakalayabilirsiniz 8 saate kadar kesintisiz &ccedil;ekime kadar izin verir Silikon dirsek pedi sayesinde konforlu &ccedil;ekim sunar K&uuml;&ccedil;&uuml;k ve katlanabilir tasar&#305;m Kolay kullan&#305;m &Uuml;&ccedil;l&uuml; ba&#287;lant&#305; deste&#287;i ile &ccedil;ekim&#8230;<\/p>\n","protected":false},"featured_media":106337,"comment_status":"open","ping_status":"closed","template":"","meta":{"_kad_post_transparent":"","_kad_post_title":"","_kad_post_layout":"","_kad_post_sidebar_id":"","_kad_post_content_style":"","_kad_post_vertical_padding":"","_kad_post_feature":"","_kad_post_feature_position":"","_kad_post_header":false,"_kad_post_footer":false,"_kad_post_classname":""},"product_brand":[],"product_cat":[14537],"product_tag":[],"class_list":{"0":"post-106338","1":"product","2":"type-product","3":"status-publish","4":"has-post-thumbnail","6":"product_cat-selfie-cubugu-cep-telefonu-aksesuarlari-cep-telefonu-elektronik-selfie-cubugu","8":"first","9":"instock","10":"purchasable","11":"product-type-simple","12":"entry","13":"content-bg","14":"loop-entry"},"_links":{"self":[{"href":"https:\/\/www.hediyepazar.com\/index.php?rest_route=\/wp\/v2\/product\/106338","targetHints":{"allow":["GET"]}}],"collection":[{"href":"https:\/\/www.hediyepazar.com\/index.php?rest_route=\/wp\/v2\/product"}],"about":[{"href":"https:\/\/www.hediyepazar.com\/index.php?rest_route=\/wp\/v2\/types\/product"}],"replies":[{"embeddable":true,"href":"https:\/\/www.hediyepazar.com\/index.php?rest_route=%2Fwp%2Fv2%2Fcomments&post=106338"}],"wp:featuredmedia":[{"embeddable":true,"href":"https:\/\/www.hediyepazar.com\/index.php?rest_route=\/wp\/v2\/media\/106337"}],"wp:attachment":[{"href":"https:\/\/www.hediyepazar.com\/index.php?rest_route=%2Fwp%2Fv2%2Fmedia&parent=106338"}],"wp:term":[{"taxonomy":"product_brand","embeddable":true,"href":"https:\/\/www.hediyepazar.com\/index.php?rest_route=%2Fwp%2Fv2%2Fproduct_brand&post=106338"},{"taxonomy":"product_cat","embeddable":true,"href":"https:\/\/www.hediyepazar.com\/index.php?rest_route=%2Fwp%2Fv2%2Fproduct_cat&post=106338"},{"taxonomy":"product_tag","embeddable":true,"href":"https:\/\/www.hediyepazar.com\/index.php?rest_route=%2Fwp%2Fv2%2Fproduct_tag&post=106338"}],"curies":[{"name":"wp","href":"https:\/\/api.w.org\/{rel}","templated":true}]}}