{"id":106726,"date":"2026-05-04T17:10:10","date_gmt":"2026-05-04T20:10:10","guid":{"rendered":"https:\/\/www.hediyepazar.com\/?product=ally-1080p-scart-hdmi-donusturucu-ses-video-adaptoru-siyah-5775"},"modified":"2026-05-04T17:10:10","modified_gmt":"2026-05-04T20:10:10","slug":"ally-1080p-scart-hdmi-donusturucu-ses-video-adaptoru-siyah-5775","status":"publish","type":"product","link":"https:\/\/www.hediyepazar.com\/?product=ally-1080p-scart-hdmi-donusturucu-ses-video-adaptoru-siyah-5775","title":{"rendered":"Ally 1080P Scart HDMI D\u00f6n\u00fc\u015ft\u00fcr\u00fcc\u00fc Ses Video Adapt\u00f6r\u00fc-S\u0130YAH-(5775)"},"content":{"rendered":"<p><strong>Ally 1080P Scart HDMI D&ouml;n&uuml;&#351;t&uuml;r&uuml;c&uuml; Ses Video Adapt&ouml;r&uuml;<\/strong><\/p>\n<p><img decoding=\"async\" data-cke-saved-src=\"https:\/\/cdn.myikas.com\/images\/4b0890c4-46f7-49c5-9b0d-d8f3dae632d6\/94d8b28e-da97-4357-a7fc-d573e6f82b05\/image_1950.webp\" src=\"https:\/\/hepsicdn.com.tr\/static\/product_detail\/hbnet76477a95_5196411.webp\"><\/p>\n<p><img decoding=\"async\" data-cke-saved-src=\"https:\/\/cdn.myikas.com\/images\/4b0890c4-46f7-49c5-9b0d-d8f3dae632d6\/451b88ca-d25f-4835-988f-f95a10d99714\/image_1950.webp\" src=\"https:\/\/hepsicdn.com.tr\/static\/product_detail\/hbnet76477a95_5196412.webp\"><\/p>\n<p><img decoding=\"async\" data-cke-saved-src=\"https:\/\/cdn.myikas.com\/images\/4b0890c4-46f7-49c5-9b0d-d8f3dae632d6\/9cf61ea7-5896-42d7-83a1-1ab70f555a20\/image_1950.webp\" src=\"https:\/\/hepsicdn.com.tr\/static\/product_detail\/hbnet76477a95_5196413.webp\"><\/p>\n<p><strong>Ally 1080P Scart HDMI D&ouml;n&uuml;&#351;t&uuml;r&uuml;c&uuml; Ses Video Adapt&ouml;r&uuml;<\/strong><\/p>\n<p>1. Scart kompozit analog sinyalini HDMI dijital sinyaline d&ouml;n&uuml;&#351;t&uuml;r&uuml;n.<\/p>\n<p>2. Destek PAL, NTSC3.58. NTSC4.43, SECAM, PAL\/M, PAL\/N standart TV formatlar&#305; giri&#351;i.<\/p>\n<p>3. HDMI1.4 ile uyumlu, destek 720 p\/1080 p &ccedil;&#305;k&#305;&#351;&#305;.<\/p>\n<p>4. Ak&#305;ll&#305; telefon foto&#287;raflar&#305;n&#305;z&#305;, m&uuml;zi&#287;inizi ve filmlerinizi hdtv&#8217;de payla&#351;&#305;n.<\/p>\n<p>5. Tak ve &ccedil;al&#305;&#351;t&#305;r, s&uuml;r&uuml;c&uuml;ye gerek yok.<\/p>\n<p>6. Mini boyutu ve hafif, ta&#351;&#305;mak ve kullanmak i&ccedil;in uygun.<\/p>\n<p>&Ouml;zellikler:<\/p>\n<p>Renk: siyah<\/p>\n<p>Giri&#351; portu: 1 x SCART<\/p>\n<p>&Ccedil;&#305;k&#305;&#351; portu: 1 x HDMI<\/p>\n<p>Boyut: 9&#215;5.8&#215;2.5 cm\/3.54&#215;2.28&#215;0.98 in&ccedil;<\/p>\n<p>A&#287;&#305;rl&#305;k: yakla&#351;&#305;k 70g<\/p>\n<p>Scart CVBS giri&#351;i: PAL, NTSC3.58, NTSC4.43, SECAM, PAL\/M, PAL\/N.<\/p>\n<p>HDMI &ccedil;&#305;k&#305;&#351; &ccedil;&ouml;z&uuml;n&uuml;rl&uuml;kleri: 720 p\/60Hz, 1080 p\/60Hz.<\/p>\n<p>G&uuml;&ccedil; t&uuml;ketimi (Max): 3 W<\/p>\n<p>&Ouml;n Panel, arka Panel (nas&#305;l ba&#287;lan&#305;r):<\/p>\n<p>SCART giri&#351;: bir Scart hdmi kablosu ba&#287;lamak i&ccedil;in sizin SCART cihaz&#305; bu d&ouml;n&uuml;&#351;t&uuml;r&uuml;c&uuml;. DVD, g&ouml;ky&uuml;z&uuml; kutusu, STB vb.<\/p>\n<p>G&uuml;&ccedil;: d&ouml;n&uuml;&#351;t&uuml;r&uuml;c&uuml;y&uuml; ba&#287;lamak i&ccedil;in l&uuml;tfen g&uuml;&ccedil; adapt&ouml;r&uuml;n&uuml; kullan&#305;n<\/p>\n<p>LED g&ouml;stergesi: DC5V g&uuml;c&uuml; a&ccedil;&#305;ld&#305;&#287;&#305;nda, g&ouml;sterge yanar.<\/p>\n<p>HDMI &ccedil;&#305;k&#305;&#351;&#305;: bu d&ouml;n&uuml;&#351;t&uuml;r&uuml;c&uuml;y&uuml; HDMI giri&#351; portuna sahip tv&#8217;nize ba&#287;lamak i&ccedil;in bir &#8221;HDMI to HDMI kablosu&#8221; kullan&#305;n.<\/p>\n<p>NOT: bu tek y&ouml;nl&uuml; d&ouml;n&uuml;&#351;t&uuml;r&uuml;c&uuml;, sadece SCART HDMI gelen sinyal ak&#305;&#351;&#305;, HDMI SCART i&ccedil;in olamaz.<\/p>\n<p>HDMI SCART<\/p>\n<p>A&ccedil;&#305;klama:<\/p>\n<p>Bu hdmi skart d&ouml;n&uuml;&#351;t&uuml;r&uuml;c&uuml; d&ouml;n&uuml;&#351;t&uuml;r&uuml;c&uuml; i&ccedil;in tasarlanm&#305;&#351;t&#305;rHDMI SCART. HDMI giri&#351;ini desteklemeyen eski SCART TV veya projekt&ouml;rde y&uuml;ksek &ccedil;&ouml;z&uuml;n&uuml;rl&uuml;kl&uuml; filmlerin ve oyunlar&#305;n keyfini &ccedil;&#305;karman&#305;z&#305; sa&#287;lar. HDMI giri&#351;i, Scart &ccedil;&#305;k&#305;&#351;&#305; hem video hem de ses ayn&#305; anda.<br \/>&nbsp;<br \/>&Ouml;zellikler:<br \/>1. S&uuml;r&uuml;c&uuml;leri y&uuml;klemeye gerek yok, ta&#351;&#305;nabilir, esnek, tak ve &ccedil;al&#305;&#351;t&#305;r<br \/>2. Giri&#351; &ccedil;&ouml;z&uuml;n&uuml;rl&uuml;kleri i&ccedil;in y&uuml;ksek kaliteli &ouml;l&ccedil;ekleme teknolojisi.<br \/>3. Destek NTSC ve PAL iki standart TV formatlar&#305; &ccedil;&#305;k&#305;&#351;&#305;<br \/>4. HDMI1.3 ile uyumlu<br \/>5. Ak&#305;ll&#305; telefon foto&#287;raflar&#305;n&#305;z&#305;, m&uuml;ziklerinizi ve filmlerinizi tv&#8217;de payla&#351;&#305;n<br \/>&nbsp;<br \/>&Ouml;zellikler<br \/>Giri&#351; portlar&#305; 1xHDMI.<br \/>&Ccedil;&#305;k&#305;&#351; portlar&#305; 1 xSCART<br \/>Boyutlar (mm) 88 (D) x58 (W) x26 (H)<br \/>Wight (g) 45<br \/>Giri&#351; &ccedil;&ouml;z&uuml;n&uuml;rl&uuml;&#287;&uuml;<br \/>640&#215;480 @ 60Hz, 800800@ 60Hz,<br \/>1024&#215;768 @ 60Hz, 1280&#215;720 @ 60Hz,<br \/>1280&#215;1024 @ 60Hz, 1360&#215;768 @ 60Hz,<\/p>\n","protected":false},"excerpt":{"rendered":"<p>Ally 1080P Scart HDMI D&ouml;n&uuml;&#351;t&uuml;r&uuml;c&uuml; Ses Video Adapt&ouml;r&uuml; Ally 1080P Scart HDMI D&ouml;n&uuml;&#351;t&uuml;r&uuml;c&uuml; Ses Video Adapt&ouml;r&uuml; 1. Scart kompozit analog sinyalini HDMI dijital sinyaline d&ouml;n&uuml;&#351;t&uuml;r&uuml;n. 2. Destek PAL, NTSC3.58. NTSC4.43, SECAM, PAL\/M, PAL\/N standart TV formatlar&#305; giri&#351;i. 3. HDMI1.4 ile uyumlu, destek 720 p\/1080 p &ccedil;&#305;k&#305;&#351;&#305;. 4. Ak&#305;ll&#305; telefon foto&#287;raflar&#305;n&#305;z&#305;, m&uuml;zi&#287;inizi ve filmlerinizi hdtv&#8217;de payla&#351;&#305;n&#8230;.<\/p>\n","protected":false},"featured_media":106725,"comment_status":"open","ping_status":"closed","template":"","meta":{"_kad_post_transparent":"","_kad_post_title":"","_kad_post_layout":"","_kad_post_sidebar_id":"","_kad_post_content_style":"","_kad_post_vertical_padding":"","_kad_post_feature":"","_kad_post_feature_position":"","_kad_post_header":false,"_kad_post_footer":false,"_kad_post_classname":""},"product_brand":[],"product_cat":[14496],"product_tag":[],"class_list":{"0":"post-106726","1":"product","2":"type-product","3":"status-publish","4":"has-post-thumbnail","6":"product_cat-sarj-cihazlarikablolari-cep-telefonu-aksesuarlari-cep-telefonu-elektronik-sarj-cihazlarikablolari","8":"first","9":"instock","10":"purchasable","11":"product-type-simple","12":"entry","13":"content-bg","14":"loop-entry"},"_links":{"self":[{"href":"https:\/\/www.hediyepazar.com\/index.php?rest_route=\/wp\/v2\/product\/106726","targetHints":{"allow":["GET"]}}],"collection":[{"href":"https:\/\/www.hediyepazar.com\/index.php?rest_route=\/wp\/v2\/product"}],"about":[{"href":"https:\/\/www.hediyepazar.com\/index.php?rest_route=\/wp\/v2\/types\/product"}],"replies":[{"embeddable":true,"href":"https:\/\/www.hediyepazar.com\/index.php?rest_route=%2Fwp%2Fv2%2Fcomments&post=106726"}],"wp:featuredmedia":[{"embeddable":true,"href":"https:\/\/www.hediyepazar.com\/index.php?rest_route=\/wp\/v2\/media\/106725"}],"wp:attachment":[{"href":"https:\/\/www.hediyepazar.com\/index.php?rest_route=%2Fwp%2Fv2%2Fmedia&parent=106726"}],"wp:term":[{"taxonomy":"product_brand","embeddable":true,"href":"https:\/\/www.hediyepazar.com\/index.php?rest_route=%2Fwp%2Fv2%2Fproduct_brand&post=106726"},{"taxonomy":"product_cat","embeddable":true,"href":"https:\/\/www.hediyepazar.com\/index.php?rest_route=%2Fwp%2Fv2%2Fproduct_cat&post=106726"},{"taxonomy":"product_tag","embeddable":true,"href":"https:\/\/www.hediyepazar.com\/index.php?rest_route=%2Fwp%2Fv2%2Fproduct_tag&post=106726"}],"curies":[{"name":"wp","href":"https:\/\/api.w.org\/{rel}","templated":true}]}}