{"id":106776,"date":"2026-05-04T17:14:57","date_gmt":"2026-05-04T20:14:57","guid":{"rendered":"https:\/\/www.hediyepazar.com\/?product=baseus-woven-label-hook-airpods-1-2-koruma-kilifanahtarlik-5775"},"modified":"2026-05-04T17:14:57","modified_gmt":"2026-05-04T20:14:57","slug":"baseus-woven-label-hook-airpods-1-2-koruma-kilifanahtarlik-5775","status":"publish","type":"product","link":"https:\/\/www.hediyepazar.com\/?product=baseus-woven-label-hook-airpods-1-2-koruma-kilifanahtarlik-5775","title":{"rendered":"Baseus Woven Label Hook AirPods 1\/2 Koruma k\u0131l\u0131f+Anahtarl\u0131k-(5775)"},"content":{"rendered":"<p><strong>Baseus Woven Label Hook AirPods 1\/2 Koruma Silikon k&#305;l&#305;f+Anahtarl&#305;k<\/strong><\/p>\n<p><img decoding=\"async\" data-cke-saved-src=\"https:\/\/cdn.myikas.com\/images\/4b0890c4-46f7-49c5-9b0d-d8f3dae632d6\/56a77fe5-c8e5-4759-9c41-e09191d50aff\/image_1950.webp\" src=\"https:\/\/hepsicdn.com.tr\/static\/product_detail\/hbnet953ee855_5200811.webp\"><\/p>\n<p><img decoding=\"async\" data-cke-saved-src=\"https:\/\/cdn.myikas.com\/images\/4b0890c4-46f7-49c5-9b0d-d8f3dae632d6\/6c0c31d6-ba40-440e-87d8-830b4aa60d18\/image_1950.webp\" src=\"https:\/\/hepsicdn.com.tr\/static\/product_detail\/hbnet953ee855_5200812.webp\"><\/p>\n<p><img decoding=\"async\" data-cke-saved-src=\"https:\/\/cdn.myikas.com\/images\/4b0890c4-46f7-49c5-9b0d-d8f3dae632d6\/16c8fff0-da0a-4327-a33e-86354cb249fe\/image_1950.webp\" src=\"https:\/\/hepsicdn.com.tr\/static\/product_detail\/hbnet953ee855_5200813.webp\"><\/p>\n<p><img decoding=\"async\" data-cke-saved-src=\"https:\/\/cdn.myikas.com\/images\/4b0890c4-46f7-49c5-9b0d-d8f3dae632d6\/efc071ad-5368-4ed2-a6c5-02753b83c024\/image_1950.webp\" src=\"https:\/\/hepsicdn.com.tr\/static\/product_detail\/hbnet953ee855_5200814.webp\"><\/p>\n<p><img decoding=\"async\" data-cke-saved-src=\"https:\/\/cdn.myikas.com\/images\/4b0890c4-46f7-49c5-9b0d-d8f3dae632d6\/4c8a5add-f85d-4fc3-bd36-660c62d5876d\/image_1950.webp\" src=\"https:\/\/hepsicdn.com.tr\/static\/product_detail\/hbnet953ee855_5200815.webp\">&#8203;<\/p>\n<p><img decoding=\"async\" data-cke-saved-src=\"https:\/\/cdn.myikas.com\/images\/4b0890c4-46f7-49c5-9b0d-d8f3dae632d6\/c72725a1-a62b-42fb-b754-692ca8a0e21c\/image_1950.webp\" src=\"https:\/\/hepsicdn.com.tr\/static\/product_detail\/hbnet953ee855_5200816.webp\"><\/p>\n<p><img decoding=\"async\" data-cke-saved-src=\"https:\/\/cdn.myikas.com\/images\/4b0890c4-46f7-49c5-9b0d-d8f3dae632d6\/8c97bebf-0667-4ef3-9048-b2781c3d874c\/image_1950.webp\" src=\"https:\/\/hepsicdn.com.tr\/static\/product_detail\/hbnet953ee855_5200817.webp\">&#8203;<\/p>\n<p><\/p>\n<p><strong>Baseus Woven Label Hook AirPods 1\/2 Koruma Silikon k&#305;l&#305;f+Anahtarl&#305;k<\/strong><\/p>\n<p><strong>Orjinal Baseus &Uuml;r&uuml;n&uuml;d&uuml;r<\/strong><\/p>\n<p>Uzun s&uuml;re kullan&#305;m i&ccedil;in dayan&#305;kl&#305;, kaliteli silikondan yap&#305;lm&#305;&#351;<\/p>\n<p>D&uuml;&#351;meye kar&#351;&#305; diren&ccedil;li tasar&#305;m<\/p>\n<p>Cihazlar&#305;n&#305;z&#305; d&uuml;&#351;me, &ccedil;izilme ve kirden korur<\/p>\n<p>Rahat el hissi, &#351;&#305;k tasar&#305;m<\/p>\n<p><strong>&#304;le uyumlu:<\/strong><\/p>\n<p>&#350;arj K&#305;l&#305;fl&#305; Apple AirPod&#8217;lar (2019)<\/p>\n<p>Kablosuz &#350;arj Kasal&#305; Apple AirPods (2019)<\/p>\n<p>&#350;arj K&#305;l&#305;fl&#305; Apple AirPods (2016)<\/p>\n<p><strong>Renkler:<\/strong><\/p>\n<p>Beyaz WIAPPOD-C24<\/p>\n<p>F&uuml;me WIAPPOD-CGY<\/p>\n","protected":false},"excerpt":{"rendered":"<p>Baseus Woven Label Hook AirPods 1\/2 Koruma Silikon k&#305;l&#305;f+Anahtarl&#305;k &#8203; &#8203; Baseus Woven Label Hook AirPods 1\/2 Koruma Silikon k&#305;l&#305;f+Anahtarl&#305;k Orjinal Baseus &Uuml;r&uuml;n&uuml;d&uuml;r Uzun s&uuml;re kullan&#305;m i&ccedil;in dayan&#305;kl&#305;, kaliteli silikondan yap&#305;lm&#305;&#351; D&uuml;&#351;meye kar&#351;&#305; diren&ccedil;li tasar&#305;m Cihazlar&#305;n&#305;z&#305; d&uuml;&#351;me, &ccedil;izilme ve kirden korur Rahat el hissi, &#351;&#305;k tasar&#305;m &#304;le uyumlu: &#350;arj K&#305;l&#305;fl&#305; Apple AirPod&#8217;lar (2019) Kablosuz &#350;arj&#8230;<\/p>\n","protected":false},"featured_media":106775,"comment_status":"open","ping_status":"closed","template":"","meta":{"_kad_post_transparent":"","_kad_post_title":"","_kad_post_layout":"","_kad_post_sidebar_id":"","_kad_post_content_style":"","_kad_post_vertical_padding":"","_kad_post_feature":"","_kad_post_feature_position":"","_kad_post_header":false,"_kad_post_footer":false,"_kad_post_classname":""},"product_brand":[],"product_cat":[14565],"product_tag":[],"class_list":{"0":"post-106776","1":"product","2":"type-product","3":"status-publish","4":"has-post-thumbnail","6":"product_cat-airpods-aksesuarlar-giyilebilir-teknoloji-elektronik-airpods-aksesuarlar","8":"first","9":"instock","10":"purchasable","11":"product-type-simple","12":"entry","13":"content-bg","14":"loop-entry"},"_links":{"self":[{"href":"https:\/\/www.hediyepazar.com\/index.php?rest_route=\/wp\/v2\/product\/106776","targetHints":{"allow":["GET"]}}],"collection":[{"href":"https:\/\/www.hediyepazar.com\/index.php?rest_route=\/wp\/v2\/product"}],"about":[{"href":"https:\/\/www.hediyepazar.com\/index.php?rest_route=\/wp\/v2\/types\/product"}],"replies":[{"embeddable":true,"href":"https:\/\/www.hediyepazar.com\/index.php?rest_route=%2Fwp%2Fv2%2Fcomments&post=106776"}],"wp:featuredmedia":[{"embeddable":true,"href":"https:\/\/www.hediyepazar.com\/index.php?rest_route=\/wp\/v2\/media\/106775"}],"wp:attachment":[{"href":"https:\/\/www.hediyepazar.com\/index.php?rest_route=%2Fwp%2Fv2%2Fmedia&parent=106776"}],"wp:term":[{"taxonomy":"product_brand","embeddable":true,"href":"https:\/\/www.hediyepazar.com\/index.php?rest_route=%2Fwp%2Fv2%2Fproduct_brand&post=106776"},{"taxonomy":"product_cat","embeddable":true,"href":"https:\/\/www.hediyepazar.com\/index.php?rest_route=%2Fwp%2Fv2%2Fproduct_cat&post=106776"},{"taxonomy":"product_tag","embeddable":true,"href":"https:\/\/www.hediyepazar.com\/index.php?rest_route=%2Fwp%2Fv2%2Fproduct_tag&post=106776"}],"curies":[{"name":"wp","href":"https:\/\/api.w.org\/{rel}","templated":true}]}}