{"id":106820,"date":"2026-05-04T17:21:31","date_gmt":"2026-05-04T20:21:31","guid":{"rendered":"https:\/\/www.hediyepazar.com\/?product=ally-lw-919-arac-direksiyon-gobegi-ortasi-tutucu-5775"},"modified":"2026-05-04T17:21:31","modified_gmt":"2026-05-04T20:21:31","slug":"ally-lw-919-arac-direksiyon-gobegi-ortasi-tutucu-5775","status":"publish","type":"product","link":"https:\/\/www.hediyepazar.com\/?product=ally-lw-919-arac-direksiyon-gobegi-ortasi-tutucu-5775","title":{"rendered":"Ally LW-919 Ara\u00e7 Direksiyon G\u00f6be\u011fi Ortas\u0131 Tutucu-(5775)"},"content":{"rendered":"<p><iframe allow=\"accelerometer; autoplay; encrypted-media; gyroscope; picture-in-picture\" allowfullscreen=\"\" frameborder=\"0\" height=\"315\" src=\"https:\/\/www.youtube.com\/embed\/GmZ5ST84zak\" width=\"560\"><\/iframe><\/p>\n<p><strong>Ally LW-919 Ara&ccedil; Direksiyon G&ouml;be&#287;i Ortas&#305; Tutucu<\/strong><\/p>\n<p><img decoding=\"async\" data-cke-saved-src=\"https:\/\/cdn.myikas.com\/images\/4b0890c4-46f7-49c5-9b0d-d8f3dae632d6\/b6e20d6d-06aa-4a0a-99e4-9024bb45f84b\/image_1950.webp\" src=\"https:\/\/hepsicdn.com.tr\/static\/product_detail\/hbnetb063132b_5205611.webp\"><\/p>\n<p><img decoding=\"async\" data-cke-saved-src=\"https:\/\/cdn.myikas.com\/images\/4b0890c4-46f7-49c5-9b0d-d8f3dae632d6\/10bff7e2-3029-4777-8ec0-e5b7d5c6817e\/image_1950.webp\" src=\"https:\/\/hepsicdn.com.tr\/static\/product_detail\/hbnetb063132b_5205612.webp\"><\/p>\n<p><img decoding=\"async\" data-cke-saved-src=\"https:\/\/cdn.myikas.com\/images\/4b0890c4-46f7-49c5-9b0d-d8f3dae632d6\/b3ae7d3d-4ddd-4e60-82ea-08870f5f83e5\/image_1950.webp\" src=\"https:\/\/hepsicdn.com.tr\/static\/product_detail\/hbnetb063132b_5205613.webp\"><\/p>\n<p><img decoding=\"async\" data-cke-saved-src=\"https:\/\/cdn.myikas.com\/images\/4b0890c4-46f7-49c5-9b0d-d8f3dae632d6\/7ff55151-21de-4a1b-85e3-f8c2e472641b\/image_1950.webp\" src=\"https:\/\/hepsicdn.com.tr\/static\/product_detail\/hbnetb063132b_5205614.webp\"><\/p>\n<p><img decoding=\"async\" data-cke-saved-src=\"https:\/\/cdn.myikas.com\/images\/4b0890c4-46f7-49c5-9b0d-d8f3dae632d6\/33794988-78f7-4d6b-8e28-697649f9a816\/image_1950.webp\" src=\"https:\/\/hepsicdn.com.tr\/static\/product_detail\/hbnetb063132b_5205615.webp\"><\/p>\n<p><img decoding=\"async\" data-cke-saved-src=\"https:\/\/cdn.myikas.com\/images\/4b0890c4-46f7-49c5-9b0d-d8f3dae632d6\/8d021984-8b60-4813-8bf5-0f6e37153ee7\/image_1950.webp\" src=\"https:\/\/hepsicdn.com.tr\/static\/product_detail\/hbnetb063132b_5205616.webp\"><\/p>\n<p><img decoding=\"async\" data-cke-saved-src=\"https:\/\/cdn.myikas.com\/images\/4b0890c4-46f7-49c5-9b0d-d8f3dae632d6\/f6ef326e-e64b-4970-930c-a2a295dcbeaf\/image_1950.webp\" src=\"https:\/\/hepsicdn.com.tr\/static\/product_detail\/hbnetb063132b_5205617.webp\">&#8203;<\/p>\n<p><strong>Ally LW-919 Ara&ccedil; Direksiyon G&ouml;be&#287;i Ortas&#305; Tutucu<\/strong><\/p>\n<p>&#304;&ccedil;erisindeki m&#305;knat&#305;s sayesinde cihaz tutu&#351;u sa&#287;lamd&#305;r.<\/p>\n<p>Sinyal seviyesini d&uuml;&#351;&uuml;rmez<\/p>\n<p>&#350;&#305;k, ince ve modern tasar&#305;m<\/p>\n<p>Kolay uygulama<\/p>\n<p>Uzun kullan&#305;m &ouml;mr&uuml;<\/p>\n","protected":false},"excerpt":{"rendered":"<p>Ally LW-919 Ara&ccedil; Direksiyon G&ouml;be&#287;i Ortas&#305; Tutucu &#8203; Ally LW-919 Ara&ccedil; Direksiyon G&ouml;be&#287;i Ortas&#305; Tutucu &#304;&ccedil;erisindeki m&#305;knat&#305;s sayesinde cihaz tutu&#351;u sa&#287;lamd&#305;r. Sinyal seviyesini d&uuml;&#351;&uuml;rmez &#350;&#305;k, ince ve modern tasar&#305;m Kolay uygulama Uzun kullan&#305;m &ouml;mr&uuml;<\/p>\n","protected":false},"featured_media":106819,"comment_status":"open","ping_status":"closed","template":"","meta":{"_kad_post_transparent":"","_kad_post_title":"","_kad_post_layout":"","_kad_post_sidebar_id":"","_kad_post_content_style":"","_kad_post_vertical_padding":"","_kad_post_feature":"","_kad_post_feature_position":"","_kad_post_header":false,"_kad_post_footer":false,"_kad_post_classname":""},"product_brand":[],"product_cat":[14532],"product_tag":[],"class_list":{"0":"post-106820","1":"product","2":"type-product","3":"status-publish","4":"has-post-thumbnail","6":"product_cat-oto-aksesuarlari-cep-telefonu-elektronik-oto-aksesuarlari","8":"first","9":"instock","10":"purchasable","11":"product-type-simple","12":"entry","13":"content-bg","14":"loop-entry"},"_links":{"self":[{"href":"https:\/\/www.hediyepazar.com\/index.php?rest_route=\/wp\/v2\/product\/106820","targetHints":{"allow":["GET"]}}],"collection":[{"href":"https:\/\/www.hediyepazar.com\/index.php?rest_route=\/wp\/v2\/product"}],"about":[{"href":"https:\/\/www.hediyepazar.com\/index.php?rest_route=\/wp\/v2\/types\/product"}],"replies":[{"embeddable":true,"href":"https:\/\/www.hediyepazar.com\/index.php?rest_route=%2Fwp%2Fv2%2Fcomments&post=106820"}],"wp:featuredmedia":[{"embeddable":true,"href":"https:\/\/www.hediyepazar.com\/index.php?rest_route=\/wp\/v2\/media\/106819"}],"wp:attachment":[{"href":"https:\/\/www.hediyepazar.com\/index.php?rest_route=%2Fwp%2Fv2%2Fmedia&parent=106820"}],"wp:term":[{"taxonomy":"product_brand","embeddable":true,"href":"https:\/\/www.hediyepazar.com\/index.php?rest_route=%2Fwp%2Fv2%2Fproduct_brand&post=106820"},{"taxonomy":"product_cat","embeddable":true,"href":"https:\/\/www.hediyepazar.com\/index.php?rest_route=%2Fwp%2Fv2%2Fproduct_cat&post=106820"},{"taxonomy":"product_tag","embeddable":true,"href":"https:\/\/www.hediyepazar.com\/index.php?rest_route=%2Fwp%2Fv2%2Fproduct_tag&post=106820"}],"curies":[{"name":"wp","href":"https:\/\/api.w.org\/{rel}","templated":true}]}}