{"id":106832,"date":"2026-05-04T17:22:58","date_gmt":"2026-05-04T20:22:58","guid":{"rendered":"https:\/\/www.hediyepazar.com\/?product=ally-2in1-apple-watch-sarj-iphone-usb-sarj-kablosu-5775"},"modified":"2026-05-04T17:22:58","modified_gmt":"2026-05-04T20:22:58","slug":"ally-2in1-apple-watch-sarj-iphone-usb-sarj-kablosu-5775","status":"publish","type":"product","link":"https:\/\/www.hediyepazar.com\/?product=ally-2in1-apple-watch-sarj-iphone-usb-sarj-kablosu-5775","title":{"rendered":"Ally 2in1 Apple Watch \u015earj- \u0130Phone Usb \u015earj Kablosu-(5775)"},"content":{"rendered":"<p><strong>Ally 2in1 &#304;watch 1-2-3-4 Wireless &#350;arj- &#304;Phone Usb &#350;arj Kablosu<\/strong><\/p>\n<p><img decoding=\"async\" data-cke-saved-src=\"https:\/\/cdn.myikas.com\/images\/4b0890c4-46f7-49c5-9b0d-d8f3dae632d6\/746d1296-143b-4daf-b786-54e76ea07752\/image_1950.webp\" src=\"https:\/\/hepsicdn.com.tr\/static\/product_detail\/hbnetaafab8cd_5207411.webp\"><\/p>\n<p><img decoding=\"async\" data-cke-saved-src=\"https:\/\/cdn.myikas.com\/images\/4b0890c4-46f7-49c5-9b0d-d8f3dae632d6\/dda334ab-1e45-45c3-8d58-cf2c0903eef9\/image_1950.webp\" src=\"https:\/\/hepsicdn.com.tr\/static\/product_detail\/hbnetaafab8cd_5207412.webp\"><\/p>\n<p><img decoding=\"async\" data-cke-saved-src=\"https:\/\/cdn.myikas.com\/images\/4b0890c4-46f7-49c5-9b0d-d8f3dae632d6\/ebbef2f4-ba25-4946-b4a2-b46ef0373194\/image_1950.webp\" src=\"https:\/\/hepsicdn.com.tr\/static\/product_detail\/hbnetaafab8cd_5207413.webp\"><\/p>\n<p><img decoding=\"async\" data-cke-saved-src=\"https:\/\/cdn.myikas.com\/images\/4b0890c4-46f7-49c5-9b0d-d8f3dae632d6\/9ea88ccf-acbf-4178-b114-d1c8b2ceb718\/image_1950.webp\" src=\"https:\/\/hepsicdn.com.tr\/static\/product_detail\/hbnetaafab8cd_5207414.webp\"><\/p>\n<p><img decoding=\"async\" data-cke-saved-src=\"https:\/\/cdn.myikas.com\/images\/4b0890c4-46f7-49c5-9b0d-d8f3dae632d6\/be025a0f-b6ec-45d1-8895-a55abb29f533\/image_1950.webp\" src=\"https:\/\/hepsicdn.com.tr\/static\/product_detail\/hbnetaafab8cd_5207415.webp\"><\/p>\n<p><img decoding=\"async\" data-cke-saved-src=\"https:\/\/cdn.myikas.com\/images\/4b0890c4-46f7-49c5-9b0d-d8f3dae632d6\/841a52b0-5938-4797-9f6b-f8278914cd13\/image_1950.webp\" src=\"https:\/\/hepsicdn.com.tr\/static\/product_detail\/hbnetaafab8cd_5207416.webp\"><\/p>\n<p><img decoding=\"async\" data-cke-saved-src=\"https:\/\/cdn.myikas.com\/images\/4b0890c4-46f7-49c5-9b0d-d8f3dae632d6\/e3981e5a-0ade-4eb5-8ec7-0a6d7d0f87aa\/image_1950.webp\" src=\"https:\/\/hepsicdn.com.tr\/static\/product_detail\/hbnetaafab8cd_5207417.webp\"><\/p>\n<p><strong>Ally 2in1 &#304;watch 1-2-3-4 Wireless &#350;arj- &#304;Phone Usb &#350;arj Kablosu<\/strong><\/p>\n<p>2 IN 1 &#8203;&#8203;Apple saatinizi ve iPhone \/ iPad&#8217;inizi ayn&#305; anda g&uuml;venle &#351;arj edin.&nbsp;&#350;&#305;k tasar&#305;m, kordonun kilidini a&ccedil;madan do&#287;rudan saati &#351;arj etmenizi sa&#287;lar.<\/p>\n<p>iWatch ve Telefon i&ccedil;in ayn&#305; anda &#351;arj olan bu &#351;arj kablosu 5.5 saat s&uuml;rer, ancak Telefon i&ccedil;in &#351;arj sadece 3 saat gerekir.<\/p>\n<p>Uzunluk: 1 Metre<\/p>\n","protected":false},"excerpt":{"rendered":"<p>Ally 2in1 &#304;watch 1-2-3-4 Wireless &#350;arj- &#304;Phone Usb &#350;arj Kablosu Ally 2in1 &#304;watch 1-2-3-4 Wireless &#350;arj- &#304;Phone Usb &#350;arj Kablosu 2 IN 1 &#8203;&#8203;Apple saatinizi ve iPhone \/ iPad&#8217;inizi ayn&#305; anda g&uuml;venle &#351;arj edin.&nbsp;&#350;&#305;k tasar&#305;m, kordonun kilidini a&ccedil;madan do&#287;rudan saati &#351;arj etmenizi sa&#287;lar. iWatch ve Telefon i&ccedil;in ayn&#305; anda &#351;arj olan bu &#351;arj kablosu 5.5&#8230;<\/p>\n","protected":false},"featured_media":106831,"comment_status":"open","ping_status":"closed","template":"","meta":{"_kad_post_transparent":"","_kad_post_title":"","_kad_post_layout":"","_kad_post_sidebar_id":"","_kad_post_content_style":"","_kad_post_vertical_padding":"","_kad_post_feature":"","_kad_post_feature_position":"","_kad_post_header":false,"_kad_post_footer":false,"_kad_post_classname":""},"product_brand":[],"product_cat":[14583],"product_tag":[],"class_list":{"0":"post-106832","1":"product","2":"type-product","3":"status-publish","4":"has-post-thumbnail","6":"product_cat-akilli-saat-sarj-kablosu-giyilebilir-teknoloji-elektronik-akilli-saat-sarj-kablosu","8":"first","9":"instock","10":"purchasable","11":"product-type-simple","12":"entry","13":"content-bg","14":"loop-entry"},"_links":{"self":[{"href":"https:\/\/www.hediyepazar.com\/index.php?rest_route=\/wp\/v2\/product\/106832","targetHints":{"allow":["GET"]}}],"collection":[{"href":"https:\/\/www.hediyepazar.com\/index.php?rest_route=\/wp\/v2\/product"}],"about":[{"href":"https:\/\/www.hediyepazar.com\/index.php?rest_route=\/wp\/v2\/types\/product"}],"replies":[{"embeddable":true,"href":"https:\/\/www.hediyepazar.com\/index.php?rest_route=%2Fwp%2Fv2%2Fcomments&post=106832"}],"wp:featuredmedia":[{"embeddable":true,"href":"https:\/\/www.hediyepazar.com\/index.php?rest_route=\/wp\/v2\/media\/106831"}],"wp:attachment":[{"href":"https:\/\/www.hediyepazar.com\/index.php?rest_route=%2Fwp%2Fv2%2Fmedia&parent=106832"}],"wp:term":[{"taxonomy":"product_brand","embeddable":true,"href":"https:\/\/www.hediyepazar.com\/index.php?rest_route=%2Fwp%2Fv2%2Fproduct_brand&post=106832"},{"taxonomy":"product_cat","embeddable":true,"href":"https:\/\/www.hediyepazar.com\/index.php?rest_route=%2Fwp%2Fv2%2Fproduct_cat&post=106832"},{"taxonomy":"product_tag","embeddable":true,"href":"https:\/\/www.hediyepazar.com\/index.php?rest_route=%2Fwp%2Fv2%2Fproduct_tag&post=106832"}],"curies":[{"name":"wp","href":"https:\/\/api.w.org\/{rel}","templated":true}]}}