{"id":106986,"date":"2026-05-04T17:41:44","date_gmt":"2026-05-04T20:41:44","guid":{"rendered":"https:\/\/www.hediyepazar.com\/?product=ally-hdmi140-repeater-hdmi-tekrarlayici-4k-2k-adaptor-5775"},"modified":"2026-05-04T17:41:44","modified_gmt":"2026-05-04T20:41:44","slug":"ally-hdmi140-repeater-hdmi-tekrarlayici-4k-2k-adaptor-5775","status":"publish","type":"product","link":"https:\/\/www.hediyepazar.com\/?product=ally-hdmi140-repeater-hdmi-tekrarlayici-4k-2k-adaptor-5775","title":{"rendered":"Ally Hdmi140 Repeater Hdmi Tekrarlay\u0131c\u0131 4k-2k Adapt\u00f6r-(5775)"},"content":{"rendered":"<p><strong>ALLY HDM&#304;140 REPEATER HDM&#304; TEKRARLAYICI 4K-2K ADEPT&Ouml;R<\/strong><\/p>\n<p><img decoding=\"async\" data-cke-saved-src=\"https:\/\/cdn.myikas.com\/images\/4b0890c4-46f7-49c5-9b0d-d8f3dae632d6\/113bed76-52e0-4fcb-afc8-4114379205d5\/image_1950.webp\" src=\"https:\/\/hepsicdn.com.tr\/static\/product_detail\/hbnet9e8acae5_5230811.webp\"><\/p>\n<p><img decoding=\"async\" data-cke-saved-src=\"https:\/\/cdn.myikas.com\/images\/4b0890c4-46f7-49c5-9b0d-d8f3dae632d6\/35e94c0a-1c46-4e16-87d3-f7dd7057b334\/image_1950.webp\" src=\"https:\/\/hepsicdn.com.tr\/static\/product_detail\/hbnet9e8acae5_5230812.webp\"><\/p>\n<p><img decoding=\"async\" data-cke-saved-src=\"https:\/\/cdn.myikas.com\/images\/4b0890c4-46f7-49c5-9b0d-d8f3dae632d6\/b5186d2b-72b5-428a-846a-5373dcf93477\/image_1950.webp\" src=\"https:\/\/hepsicdn.com.tr\/static\/product_detail\/hbnet9e8acae5_5230813.webp\"><\/p>\n<p><img decoding=\"async\" data-cke-saved-src=\"https:\/\/cdn.myikas.com\/images\/4b0890c4-46f7-49c5-9b0d-d8f3dae632d6\/1ae7cdf8-afb5-4bd5-a7a1-51c19f62d417\/image_1950.webp\" src=\"https:\/\/hepsicdn.com.tr\/static\/product_detail\/hbnet9e8acae5_5230814.webp\"><\/p>\n<p><img decoding=\"async\" data-cke-saved-src=\"https:\/\/cdn.myikas.com\/images\/4b0890c4-46f7-49c5-9b0d-d8f3dae632d6\/6fd2519b-16b8-4db1-98fa-bd26cfd49514\/image_1950.webp\" src=\"https:\/\/hepsicdn.com.tr\/static\/product_detail\/hbnet9e8acae5_5230815.webp\"><\/p>\n<p><img decoding=\"async\" data-cke-saved-src=\"https:\/\/cdn.myikas.com\/images\/4b0890c4-46f7-49c5-9b0d-d8f3dae632d6\/ef094aac-29b9-4e95-a2e2-42255e08be43\/image_1950.webp\" src=\"https:\/\/hepsicdn.com.tr\/static\/product_detail\/hbnet9e8acae5_5230816.webp\"><\/p>\n<p><img decoding=\"async\" data-cke-saved-src=\"https:\/\/cdn.myikas.com\/images\/4b0890c4-46f7-49c5-9b0d-d8f3dae632d6\/cee02be4-c5ca-407e-b144-d69f34242b8c\/image_1950.webp\" src=\"https:\/\/hepsicdn.com.tr\/static\/product_detail\/hbnet9e8acae5_5230817.webp\"><\/p>\n<p><\/p>\n<p><\/p>\n<p><\/p>\n<p><strong>ALLY HDM&#304;140 REPEATER HDM&#304; TEKRARLAYICI 4K-2K ADEPT&Ouml;R<br \/>Bu HDMI tekrarlay&#305;c&#305;, HDMI difransiyel sinyalini g&uuml;&ccedil;lendirerek HDMI sinyalini uzun iletim mesafesini desteklemek i&ccedil;in kullan&#305;l&#305;r. Cihazlar alan ve g&uuml;venlik endi&#351;eleri veri merkezi kontrol&uuml;, bilgi da&#287;&#305;t&#305;m&#305;, konferans salonu sunumu, okul ve Kurumsal e&#287;itim ortamlar&#305;nda kullan&#305;labilir.<br \/>&Ouml;zellikler:<br \/>. Sinyali tamponlayabilir ve y&uuml;kseltebilir<br \/>. 40 M<br \/>. Video giri&#351;i deste&#287;i: 24\/50\/60fs\/1080 p\/1080i\/720 p\/576 p\/576i\/480 p\/480i<br \/>. Video &ccedil;&#305;k&#305;&#351; deste&#287;i: 24\/50\/60fs\/1080 p\/1080i\/720 p\/576 p\/ i\/480 p\/480i<br \/>. Sinyal kalitesi kayb&#305; yok<br \/>. Kolay Kullan&#305;m<br \/>. HDMI konekt&ouml;r&uuml;: tip A 19 Pins di&#351;i<br \/>. Maksimum iletim h&#305;z&#305;: 165 MHz<br \/>. Maksimum iletim bant geni&#351;li&#287;i: 4.95 Gbps<br \/>. Giri&#351; Video sinyali: 1.2 volt p-p<br \/>. &Ccedil;&#305;k&#305;&#351; DDC sinyali: 5 volt p-p (TTL)<br \/>. &Ccedil;al&#305;&#351;ma s&#305;cakl&#305;&#287;&#305; aral&#305;&#287;&#305;: (-15 ila + 55)<\/strong><\/p>\n<p><\/p>\n","protected":false},"excerpt":{"rendered":"<p>ALLY HDM&#304;140 REPEATER HDM&#304; TEKRARLAYICI 4K-2K ADEPT&Ouml;R ALLY HDM&#304;140 REPEATER HDM&#304; TEKRARLAYICI 4K-2K ADEPT&Ouml;RBu HDMI tekrarlay&#305;c&#305;, HDMI difransiyel sinyalini g&uuml;&ccedil;lendirerek HDMI sinyalini uzun iletim mesafesini desteklemek i&ccedil;in kullan&#305;l&#305;r. Cihazlar alan ve g&uuml;venlik endi&#351;eleri veri merkezi kontrol&uuml;, bilgi da&#287;&#305;t&#305;m&#305;, konferans salonu sunumu, okul ve Kurumsal e&#287;itim ortamlar&#305;nda kullan&#305;labilir.&Ouml;zellikler:. Sinyali tamponlayabilir ve y&uuml;kseltebilir. 40 M. Video giri&#351;i&#8230;<\/p>\n","protected":false},"featured_media":106985,"comment_status":"open","ping_status":"closed","template":"","meta":{"_kad_post_transparent":"","_kad_post_title":"","_kad_post_layout":"","_kad_post_sidebar_id":"","_kad_post_content_style":"","_kad_post_vertical_padding":"","_kad_post_feature":"","_kad_post_feature_position":"","_kad_post_header":false,"_kad_post_footer":false,"_kad_post_classname":""},"product_brand":[],"product_cat":[14603],"product_tag":[],"class_list":{"0":"post-106986","1":"product","2":"type-product","3":"status-publish","4":"has-post-thumbnail","6":"product_cat-ag-urunleri-bilgisayar-tablet-elektronik-ag-urunleri","8":"first","9":"instock","10":"purchasable","11":"product-type-simple","12":"entry","13":"content-bg","14":"loop-entry"},"_links":{"self":[{"href":"https:\/\/www.hediyepazar.com\/index.php?rest_route=\/wp\/v2\/product\/106986","targetHints":{"allow":["GET"]}}],"collection":[{"href":"https:\/\/www.hediyepazar.com\/index.php?rest_route=\/wp\/v2\/product"}],"about":[{"href":"https:\/\/www.hediyepazar.com\/index.php?rest_route=\/wp\/v2\/types\/product"}],"replies":[{"embeddable":true,"href":"https:\/\/www.hediyepazar.com\/index.php?rest_route=%2Fwp%2Fv2%2Fcomments&post=106986"}],"wp:featuredmedia":[{"embeddable":true,"href":"https:\/\/www.hediyepazar.com\/index.php?rest_route=\/wp\/v2\/media\/106985"}],"wp:attachment":[{"href":"https:\/\/www.hediyepazar.com\/index.php?rest_route=%2Fwp%2Fv2%2Fmedia&parent=106986"}],"wp:term":[{"taxonomy":"product_brand","embeddable":true,"href":"https:\/\/www.hediyepazar.com\/index.php?rest_route=%2Fwp%2Fv2%2Fproduct_brand&post=106986"},{"taxonomy":"product_cat","embeddable":true,"href":"https:\/\/www.hediyepazar.com\/index.php?rest_route=%2Fwp%2Fv2%2Fproduct_cat&post=106986"},{"taxonomy":"product_tag","embeddable":true,"href":"https:\/\/www.hediyepazar.com\/index.php?rest_route=%2Fwp%2Fv2%2Fproduct_tag&post=106986"}],"curies":[{"name":"wp","href":"https:\/\/api.w.org\/{rel}","templated":true}]}}