{"id":107344,"date":"2026-05-04T18:41:00","date_gmt":"2026-05-04T21:41:00","guid":{"rendered":"https:\/\/www.hediyepazar.com\/?product=benks-iphone-66plus-6s6s-plus77plus-88plus-touch-id-tusu-5775"},"modified":"2026-05-04T18:41:00","modified_gmt":"2026-05-04T21:41:00","slug":"benks-iphone-66plus-6s6s-plus77plus-88plus-touch-id-tusu-5775","status":"publish","type":"product","link":"https:\/\/www.hediyepazar.com\/?product=benks-iphone-66plus-6s6s-plus77plus-88plus-touch-id-tusu-5775","title":{"rendered":"Benks \u0130Phone 66plus 6s6s Plus77plus 88plus Touch \u0130d Tu\u015fu-(5775)"},"content":{"rendered":"<p>BENKS &#304;PHONE 5S TOUCH &#304;D TU&#350;U &Ccedil;ER&Ccedil;EVE<\/p>\n<p>BENKS &#304;PHONE 6 TOUCH &#304;D TU&#350;U &Ccedil;ER&Ccedil;EVE<\/p>\n<p>BENKS &#304;PHONE 6 PLUS TOUCH &#304;D TU&#350;U &Ccedil;ER&Ccedil;EVE<\/p>\n<p>BENKS &#304;PHONE 6S TOUCH &#304;D TU&#350;U &Ccedil;ER&Ccedil;EVE<\/p>\n<p>BENKS &#304;PHONE 6S PLUS TOUCH &#304;D TU&#350;U &Ccedil;ER&Ccedil;EVE<\/p>\n<p>BENKS &#304;PHONE 7 TOUCH &#304;D TU&#350;U &Ccedil;ER&Ccedil;EVE<\/p>\n<p>BENKS &#304;PHONE 7 PLUS TOUCH &#304;D TU&#350;U &Ccedil;ER&Ccedil;EVE<\/p>\n<p>BENKS &#304;PHONE 8 TOUCH &#304;D TU&#350;U &Ccedil;ER&Ccedil;EVE<\/p>\n<p>BENKS &#304;PHONE 8 PLUS TOUCH &#304;D TU&#350;U &Ccedil;ER&Ccedil;EVE<\/p>\n<p><\/p>\n<p><img decoding=\"async\" data-cke-saved-src=\"https:\/\/cdn.myikas.com\/images\/4b0890c4-46f7-49c5-9b0d-d8f3dae632d6\/155971ad-d87a-4a93-961d-e774d51ffe4f\/image_1950.webp\" src=\"https:\/\/hepsicdn.com.tr\/static\/product_detail\/hbnet5ba2fa44_5305411.webp\"><img decoding=\"async\" data-cke-saved-src=\"https:\/\/cdn.myikas.com\/images\/4b0890c4-46f7-49c5-9b0d-d8f3dae632d6\/af1cda71-e1e1-4bb0-8ed6-a30ca947cdbe\/image_1950.webp\" src=\"https:\/\/hepsicdn.com.tr\/static\/product_detail\/hbnet5ba2fa44_5305412.webp\"><img decoding=\"async\" data-cke-saved-src=\"https:\/\/cdn.myikas.com\/images\/4b0890c4-46f7-49c5-9b0d-d8f3dae632d6\/4245b82b-098a-449e-b548-60bcbcbaba74\/image_1950.webp\" src=\"https:\/\/hepsicdn.com.tr\/static\/product_detail\/hbnet5ba2fa44_5305413.webp\"><img decoding=\"async\" data-cke-saved-src=\"https:\/\/cdn.myikas.com\/images\/4b0890c4-46f7-49c5-9b0d-d8f3dae632d6\/e53098da-71cf-45dd-9699-eb80a7e4f21b\/image_1950.webp\" src=\"https:\/\/hepsicdn.com.tr\/static\/product_detail\/hbnet5ba2fa44_5305414.webp\"><img decoding=\"async\" data-cke-saved-src=\"https:\/\/cdn.myikas.com\/images\/4b0890c4-46f7-49c5-9b0d-d8f3dae632d6\/f8c99e3a-abdf-4be6-9486-940ef8b62246\/image_1950.webp\" src=\"https:\/\/hepsicdn.com.tr\/static\/product_detail\/hbnet5ba2fa44_5305415.webp\"><img decoding=\"async\" data-cke-saved-src=\"https:\/\/cdn.myikas.com\/images\/4b0890c4-46f7-49c5-9b0d-d8f3dae632d6\/364c1996-ae8c-4f4c-9cf9-7faaa5d146cd\/image_1950.webp\" src=\"https:\/\/hepsicdn.com.tr\/static\/product_detail\/hbnet5ba2fa44_5305416.webp\"><img decoding=\"async\" data-cke-saved-src=\"https:\/\/cdn.myikas.com\/images\/4b0890c4-46f7-49c5-9b0d-d8f3dae632d6\/174d1b9a-9708-40f1-b5b4-760a8a06539f\/image_1950.webp\" src=\"https:\/\/hepsicdn.com.tr\/static\/product_detail\/hbnet5ba2fa44_5305417.webp\"><img decoding=\"async\" data-cke-saved-src=\"https:\/\/cdn.myikas.com\/images\/4b0890c4-46f7-49c5-9b0d-d8f3dae632d6\/832fd55e-ece4-465b-9477-595d2504775b\/image_1950.webp\" src=\"https:\/\/hepsicdn.com.tr\/static\/product_detail\/hbnet5ba2fa44_5305418.webp\">&#8203;<\/p>\n","protected":false},"excerpt":{"rendered":"<p>BENKS &#304;PHONE 5S TOUCH &#304;D TU&#350;U &Ccedil;ER&Ccedil;EVE BENKS &#304;PHONE 6 TOUCH &#304;D TU&#350;U &Ccedil;ER&Ccedil;EVE BENKS &#304;PHONE 6 PLUS TOUCH &#304;D TU&#350;U &Ccedil;ER&Ccedil;EVE BENKS &#304;PHONE 6S TOUCH &#304;D TU&#350;U &Ccedil;ER&Ccedil;EVE BENKS &#304;PHONE 6S PLUS TOUCH &#304;D TU&#350;U &Ccedil;ER&Ccedil;EVE BENKS &#304;PHONE 7 TOUCH &#304;D TU&#350;U &Ccedil;ER&Ccedil;EVE BENKS &#304;PHONE 7 PLUS TOUCH &#304;D TU&#350;U &Ccedil;ER&Ccedil;EVE BENKS &#304;PHONE 8&#8230;<\/p>\n","protected":false},"featured_media":107343,"comment_status":"open","ping_status":"closed","template":"","meta":{"_kad_post_transparent":"","_kad_post_title":"","_kad_post_layout":"","_kad_post_sidebar_id":"","_kad_post_content_style":"","_kad_post_vertical_padding":"","_kad_post_feature":"","_kad_post_feature_position":"","_kad_post_header":false,"_kad_post_footer":false,"_kad_post_classname":""},"product_brand":[],"product_cat":[14769],"product_tag":[],"class_list":{"0":"post-107344","1":"product","2":"type-product","3":"status-publish","4":"has-post-thumbnail","6":"product_cat-joystick-touchpad-cep-telefonu-yedek-parcalari-cep-telefonu-elektronik-joystick-touchpad","8":"first","9":"instock","10":"purchasable","11":"product-type-simple","12":"entry","13":"content-bg","14":"loop-entry"},"_links":{"self":[{"href":"https:\/\/www.hediyepazar.com\/index.php?rest_route=\/wp\/v2\/product\/107344","targetHints":{"allow":["GET"]}}],"collection":[{"href":"https:\/\/www.hediyepazar.com\/index.php?rest_route=\/wp\/v2\/product"}],"about":[{"href":"https:\/\/www.hediyepazar.com\/index.php?rest_route=\/wp\/v2\/types\/product"}],"replies":[{"embeddable":true,"href":"https:\/\/www.hediyepazar.com\/index.php?rest_route=%2Fwp%2Fv2%2Fcomments&post=107344"}],"wp:featuredmedia":[{"embeddable":true,"href":"https:\/\/www.hediyepazar.com\/index.php?rest_route=\/wp\/v2\/media\/107343"}],"wp:attachment":[{"href":"https:\/\/www.hediyepazar.com\/index.php?rest_route=%2Fwp%2Fv2%2Fmedia&parent=107344"}],"wp:term":[{"taxonomy":"product_brand","embeddable":true,"href":"https:\/\/www.hediyepazar.com\/index.php?rest_route=%2Fwp%2Fv2%2Fproduct_brand&post=107344"},{"taxonomy":"product_cat","embeddable":true,"href":"https:\/\/www.hediyepazar.com\/index.php?rest_route=%2Fwp%2Fv2%2Fproduct_cat&post=107344"},{"taxonomy":"product_tag","embeddable":true,"href":"https:\/\/www.hediyepazar.com\/index.php?rest_route=%2Fwp%2Fv2%2Fproduct_tag&post=107344"}],"curies":[{"name":"wp","href":"https:\/\/api.w.org\/{rel}","templated":true}]}}