{"id":107368,"date":"2026-05-04T18:45:04","date_gmt":"2026-05-04T21:45:04","guid":{"rendered":"https:\/\/www.hediyepazar.com\/?product=iphone-icin-bga-havya-plastik-lehim-pedi-5775"},"modified":"2026-05-04T18:45:04","modified_gmt":"2026-05-04T21:45:04","slug":"iphone-icin-bga-havya-plastik-lehim-pedi-5775","status":"publish","type":"product","link":"https:\/\/www.hediyepazar.com\/?product=iphone-icin-bga-havya-plastik-lehim-pedi-5775","title":{"rendered":"\u0130Phone \u0130\u00e7in Bga Havya Plastik Lehim Pedi-(5775)"},"content":{"rendered":"<p><strong><span segoe=\"\" style=\"color: rgb(85, 85, 85); font-family: \">Ye&#351;il BGA ya&#287; net UV kaynak ak&#305; &#304;PHONE&nbsp;&nbsp;i&ccedil;in plastik net levha &nbsp;BGA CHIP Scratch<\/span><\/strong><\/p>\n<p><span segoe=\"\" style=\"color: rgb(85, 85, 85); font-family: \">-Ye&#351;il ya&#287; net ye&#351;il UV kaynak ak&#305; ya&#287; plastik net sac i&ccedil;in iPhone BGA &ccedil;ip boya tamir, onar&#305;m iPhone BGA &ccedil;ip Scratch,<\/span><\/p>\n<p>-for iphone 5\/5s\/6\/6p\/6s\/6sp\/7\/7p NAND, WIFI, Baseband, A6\/A7\/A8\/A9\/A10 BGA CHIP&nbsp; Paint Repairing net.<\/p>\n<p><span segoe=\"\" style=\"color: rgb(85, 85, 85); font-family: \">-WL BGA yongalar&#305; i&ccedil;in lehim maskesi m&uuml;rekkebi-BGA &ccedil;ip &uuml;zerinde d&ouml;k&uuml;lme, onar&#305;m iPhone iPad NAND Flash Power Touch baseband CPU &ccedil;ip IC lojik Board izolasyon katman&#305;<\/span><\/p>\n<p><span segoe=\"\" style=\"color: rgb(85, 85, 85); font-family: \">-&Ccedil;ip veya mant&#305;k kurulu hasarl&#305; izolasyon tabakas&#305; i&ccedil;in, &ouml;zellikle b&uuml;y&uuml;k alan i&ccedil;in, bu ba&#351;ar&#305; oran&#305;n&#305; art&#305;rabilir ve zamandan tasarruf sorunu gidermek i&ccedil;in h&#305;zl&#305; ve kolay bir &ccedil;&ouml;z&uuml;md&uuml;r.<\/span><\/p>\n<p><font color=\"#555555\" face=\"Segoe UI, Tahoma, Helvetica, sans-serif\">&#8211;<\/font><span segoe=\"\" style=\"color: rgb(85, 85, 85); font-family: \">A6\/A7 A8 A9 A10 BGA &ccedil;ip WL ye&#351;il ya&#287; plastik net<\/span><\/p>\n","protected":false},"excerpt":{"rendered":"<p>Ye&#351;il BGA ya&#287; net UV kaynak ak&#305; &#304;PHONE&nbsp;&nbsp;i&ccedil;in plastik net levha &nbsp;BGA CHIP Scratch -Ye&#351;il ya&#287; net ye&#351;il UV kaynak ak&#305; ya&#287; plastik net sac i&ccedil;in iPhone BGA &ccedil;ip boya tamir, onar&#305;m iPhone BGA &ccedil;ip Scratch, -for iphone 5\/5s\/6\/6p\/6s\/6sp\/7\/7p NAND, WIFI, Baseband, A6\/A7\/A8\/A9\/A10 BGA CHIP&nbsp; Paint Repairing net. -WL BGA yongalar&#305; i&ccedil;in lehim maskesi m&uuml;rekkebi-BGA&#8230;<\/p>\n","protected":false},"featured_media":107367,"comment_status":"open","ping_status":"closed","template":"","meta":{"_kad_post_transparent":"","_kad_post_title":"","_kad_post_layout":"","_kad_post_sidebar_id":"","_kad_post_content_style":"","_kad_post_vertical_padding":"","_kad_post_feature":"","_kad_post_feature_position":"","_kad_post_header":false,"_kad_post_footer":false,"_kad_post_classname":""},"product_brand":[],"product_cat":[14575],"product_tag":[],"class_list":{"0":"post-107368","1":"product","2":"type-product","3":"status-publish","4":"has-post-thumbnail","6":"product_cat-tamir-seti-tamir-malzemeleri-elektronik-tamir-seti","8":"first","9":"instock","10":"purchasable","11":"product-type-simple","12":"entry","13":"content-bg","14":"loop-entry"},"_links":{"self":[{"href":"https:\/\/www.hediyepazar.com\/index.php?rest_route=\/wp\/v2\/product\/107368","targetHints":{"allow":["GET"]}}],"collection":[{"href":"https:\/\/www.hediyepazar.com\/index.php?rest_route=\/wp\/v2\/product"}],"about":[{"href":"https:\/\/www.hediyepazar.com\/index.php?rest_route=\/wp\/v2\/types\/product"}],"replies":[{"embeddable":true,"href":"https:\/\/www.hediyepazar.com\/index.php?rest_route=%2Fwp%2Fv2%2Fcomments&post=107368"}],"wp:featuredmedia":[{"embeddable":true,"href":"https:\/\/www.hediyepazar.com\/index.php?rest_route=\/wp\/v2\/media\/107367"}],"wp:attachment":[{"href":"https:\/\/www.hediyepazar.com\/index.php?rest_route=%2Fwp%2Fv2%2Fmedia&parent=107368"}],"wp:term":[{"taxonomy":"product_brand","embeddable":true,"href":"https:\/\/www.hediyepazar.com\/index.php?rest_route=%2Fwp%2Fv2%2Fproduct_brand&post=107368"},{"taxonomy":"product_cat","embeddable":true,"href":"https:\/\/www.hediyepazar.com\/index.php?rest_route=%2Fwp%2Fv2%2Fproduct_cat&post=107368"},{"taxonomy":"product_tag","embeddable":true,"href":"https:\/\/www.hediyepazar.com\/index.php?rest_route=%2Fwp%2Fv2%2Fproduct_tag&post=107368"}],"curies":[{"name":"wp","href":"https:\/\/api.w.org\/{rel}","templated":true}]}}