{"id":107496,"date":"2026-05-04T19:02:03","date_gmt":"2026-05-04T22:02:03","guid":{"rendered":"https:\/\/www.hediyepazar.com\/?product=ally-galaxy-note-8-darbeya-dayanikli-seffaf-silikon-kilif-5775"},"modified":"2026-05-04T19:02:03","modified_gmt":"2026-05-04T22:02:03","slug":"ally-galaxy-note-8-darbeya-dayanikli-seffaf-silikon-kilif-5775","status":"publish","type":"product","link":"https:\/\/www.hediyepazar.com\/?product=ally-galaxy-note-8-darbeya-dayanikli-seffaf-silikon-kilif-5775","title":{"rendered":"Ally Galaxy Note 8 Darbeya Dayan\u0131kl\u0131 \u015eeffaf Silikon K\u0131l\u0131f-(5775)"},"content":{"rendered":"<p><strong>Ally Galaxy Note 8 <ins>Darbe Emici Silikon k&#305;l&#305;f<\/ins><\/strong><br \/>5 Farkl&#305; Renk ile Telefonunuza Renk kat&#305;n<strong> Tarz&#305;n&#305;za Tarz Kat&#305;n!<\/strong><\/p>\n<p><strong>*Beyaz<br \/>*Siyah<br \/>*Mavi<br \/>*K&#305;rm&#305;z&#305;<br \/>*Pembe<\/strong><\/p>\n<p>&nbsp;K&#305;l&#305;f&#305;n Alt,&Uuml;st,Yan k&#305;s&#305;mlar&#305;nda bulunan<strong> Silikon Darbe emici<\/strong> k&#305;s&#305;mlar&#305; telefonun &Ccedil;izilmesine,k&#305;r&#305;lmas&#305;na kar&#351;&#305; <strong>El Koyar!<\/strong><br \/>&#350;effaf Arka Y&uuml;zeyinde transparent g&ouml;r&uuml;n&uuml;m&uuml; ile &#350;&#305;k Telefonunuzun Tasar&#305;m&#305;n&#305; Saklam&#305;cak! ve Tarz&#305; g&ouml;r&uuml;n&uuml;ml&uuml; Lens &nbsp;pil &nbsp;kapa&#287;&#305;n&#305; &Ccedil;izimlere kar&#351;&#305; <strong>koruyacakt&#305;r.<\/strong><br \/>Telefonunuzun<strong> Ses<\/strong> A&ccedil;ma Kapama tu&#351;lar&#305;n&#305; ve<strong> G&uuml;&ccedil;<\/strong> Tu&#351;unu Zarif , Hafif bir &#351;ekilde sizlere sunmaktad&#305;r.&nbsp;<br \/><strong>&#350;arj k&#305;sm&#305;, Hoparl&ouml;r k&#305;sm&#305;, Mikrafon k&#305;sm&#305;, Kulakl&#305;k Jak Giri&#351; k&#305;sm&#305;na<\/strong> g&ouml;re Dizayn Edilmi&#351; bu k&#305;l&#305;f Hi&ccedil;bir <strong>Tak&#305;lma B&uuml;k&uuml;lme&nbsp;ve Parmak izi<\/strong> B&#305;rakmayacakt&#305;r.<\/p>\n<p><img decoding=\"async\" data-cke-saved-src=\"https:\/\/cdn.myikas.com\/images\/4b0890c4-46f7-49c5-9b0d-d8f3dae632d6\/1cc3e940-df90-43f7-addf-361b9b01cd24\/image_1950.webp\" src=\"https:\/\/hepsicdn.com.tr\/static\/product_detail\/hbnet063ecb5e_5337111.webp\"><img decoding=\"async\" data-cke-saved-src=\"https:\/\/cdn.myikas.com\/images\/4b0890c4-46f7-49c5-9b0d-d8f3dae632d6\/7ff92112-dbc1-4743-9377-02a6c159a51c\/image_1950.webp\" src=\"https:\/\/hepsicdn.com.tr\/static\/product_detail\/hbnet063ecb5e_5337112.webp\"><img decoding=\"async\" data-cke-saved-src=\"https:\/\/cdn.myikas.com\/images\/4b0890c4-46f7-49c5-9b0d-d8f3dae632d6\/850210e3-a868-4ec2-9290-6b47859a3c63\/image_1950.webp\" src=\"https:\/\/hepsicdn.com.tr\/static\/product_detail\/hbnet063ecb5e_5337113.webp\">&#8203;<img decoding=\"async\" data-cke-saved-src=\"https:\/\/cdn.myikas.com\/images\/4b0890c4-46f7-49c5-9b0d-d8f3dae632d6\/d92566d4-f8fd-4cbe-8610-6428085c153b\/image_1950.webp\" src=\"https:\/\/hepsicdn.com.tr\/static\/product_detail\/hbnet063ecb5e_5337114.webp\"><\/p>\n<p><img decoding=\"async\" data-cke-saved-src=\"https:\/\/cdn.myikas.com\/images\/4b0890c4-46f7-49c5-9b0d-d8f3dae632d6\/04722b05-b55c-4530-9a15-176b868ad910\/image_1950.webp\" src=\"https:\/\/hepsicdn.com.tr\/static\/product_detail\/hbnet063ecb5e_5337115.webp\"><\/p>\n<p><img decoding=\"async\" data-cke-saved-src=\"https:\/\/cdn.myikas.com\/images\/4b0890c4-46f7-49c5-9b0d-d8f3dae632d6\/ae0728c5-b9b3-45e0-b72d-e59c188c0f86\/image_1950.webp\" src=\"https:\/\/hepsicdn.com.tr\/static\/product_detail\/hbnet063ecb5e_5337116.webp\"><\/p>\n<p><\/p>\n<p><img decoding=\"async\" data-cke-saved-src=\"https:\/\/cdn.myikas.com\/images\/4b0890c4-46f7-49c5-9b0d-d8f3dae632d6\/8eb8a68b-2890-418f-ad35-e0fef50f6075\/image_1950.webp\" src=\"https:\/\/hepsicdn.com.tr\/static\/product_detail\/hbnet063ecb5e_5337117.webp\"><\/p>\n<p><img decoding=\"async\" data-cke-saved-src=\"https:\/\/cdn.myikas.com\/images\/4b0890c4-46f7-49c5-9b0d-d8f3dae632d6\/2315ea6f-2a00-44ce-a416-18a2ece3ba19\/image_1950.webp\" src=\"https:\/\/hepsicdn.com.tr\/static\/product_detail\/hbnet063ecb5e_5337118.webp\"><\/p>\n<p><img decoding=\"async\" data-cke-saved-src=\"https:\/\/cdn.myikas.com\/images\/4b0890c4-46f7-49c5-9b0d-d8f3dae632d6\/cd8615a5-59b7-4b2f-beaa-a9915ea8745c\/image_1950.webp\" src=\"https:\/\/hepsicdn.com.tr\/static\/product_detail\/hbnet063ecb5e_5337119.webp\"><\/p>\n<p><\/p>\n<p><\/p>\n<p><\/p>\n<p><\/p>\n<p><\/p>\n<p><\/p>\n<p><\/p>\n","protected":false},"excerpt":{"rendered":"<p>Ally Galaxy Note 8 Darbe Emici Silikon k&#305;l&#305;f5 Farkl&#305; Renk ile Telefonunuza Renk kat&#305;n Tarz&#305;n&#305;za Tarz Kat&#305;n! *Beyaz*Siyah*Mavi*K&#305;rm&#305;z&#305;*Pembe &nbsp;K&#305;l&#305;f&#305;n Alt,&Uuml;st,Yan k&#305;s&#305;mlar&#305;nda bulunan Silikon Darbe emici k&#305;s&#305;mlar&#305; telefonun &Ccedil;izilmesine,k&#305;r&#305;lmas&#305;na kar&#351;&#305; El Koyar!&#350;effaf Arka Y&uuml;zeyinde transparent g&ouml;r&uuml;n&uuml;m&uuml; ile &#350;&#305;k Telefonunuzun Tasar&#305;m&#305;n&#305; Saklam&#305;cak! ve Tarz&#305; g&ouml;r&uuml;n&uuml;ml&uuml; Lens &nbsp;pil &nbsp;kapa&#287;&#305;n&#305; &Ccedil;izimlere kar&#351;&#305; koruyacakt&#305;r.Telefonunuzun Ses A&ccedil;ma Kapama tu&#351;lar&#305;n&#305; ve G&uuml;&ccedil;&#8230;<\/p>\n","protected":false},"featured_media":107495,"comment_status":"open","ping_status":"closed","template":"","meta":{"_kad_post_transparent":"","_kad_post_title":"","_kad_post_layout":"","_kad_post_sidebar_id":"","_kad_post_content_style":"","_kad_post_vertical_padding":"","_kad_post_feature":"","_kad_post_feature_position":"","_kad_post_header":false,"_kad_post_footer":false,"_kad_post_classname":""},"product_brand":[],"product_cat":[14520],"product_tag":[],"class_list":{"0":"post-107496","1":"product","2":"type-product","3":"status-publish","4":"has-post-thumbnail","6":"product_cat-telefon-kilifi-cep-telefonu-aksesuarlari-cep-telefonu-elektronik-telefon-kilifi","8":"first","9":"instock","10":"purchasable","11":"product-type-simple","12":"entry","13":"content-bg","14":"loop-entry"},"_links":{"self":[{"href":"https:\/\/www.hediyepazar.com\/index.php?rest_route=\/wp\/v2\/product\/107496","targetHints":{"allow":["GET"]}}],"collection":[{"href":"https:\/\/www.hediyepazar.com\/index.php?rest_route=\/wp\/v2\/product"}],"about":[{"href":"https:\/\/www.hediyepazar.com\/index.php?rest_route=\/wp\/v2\/types\/product"}],"replies":[{"embeddable":true,"href":"https:\/\/www.hediyepazar.com\/index.php?rest_route=%2Fwp%2Fv2%2Fcomments&post=107496"}],"wp:featuredmedia":[{"embeddable":true,"href":"https:\/\/www.hediyepazar.com\/index.php?rest_route=\/wp\/v2\/media\/107495"}],"wp:attachment":[{"href":"https:\/\/www.hediyepazar.com\/index.php?rest_route=%2Fwp%2Fv2%2Fmedia&parent=107496"}],"wp:term":[{"taxonomy":"product_brand","embeddable":true,"href":"https:\/\/www.hediyepazar.com\/index.php?rest_route=%2Fwp%2Fv2%2Fproduct_brand&post=107496"},{"taxonomy":"product_cat","embeddable":true,"href":"https:\/\/www.hediyepazar.com\/index.php?rest_route=%2Fwp%2Fv2%2Fproduct_cat&post=107496"},{"taxonomy":"product_tag","embeddable":true,"href":"https:\/\/www.hediyepazar.com\/index.php?rest_route=%2Fwp%2Fv2%2Fproduct_tag&post=107496"}],"curies":[{"name":"wp","href":"https:\/\/api.w.org\/{rel}","templated":true}]}}