{"id":107636,"date":"2026-05-04T19:24:06","date_gmt":"2026-05-04T22:24:06","guid":{"rendered":"https:\/\/www.hediyepazar.com\/?product=ally-ligtining-donusturucu-micro-usb-adaptor-5775"},"modified":"2026-05-04T19:24:06","modified_gmt":"2026-05-04T22:24:06","slug":"ally-ligtining-donusturucu-micro-usb-adaptor-5775","status":"publish","type":"product","link":"https:\/\/www.hediyepazar.com\/?product=ally-ligtining-donusturucu-micro-usb-adaptor-5775","title":{"rendered":"Ally Ligtining D\u00f6n\u00fc\u015ft\u00fcr\u00fcc\u00fc Micro Usb Adaptor-(5775)"},"content":{"rendered":"<p style=\"margin: 0cm 0cm 0.0001pt; padding: 0px; border: 0px; outline: 0px; font-size: 12px; color: rgb(102, 102, 102); font-family: Tahoma, Geneva, sans-serif; line-height: 15pt; vertical-align: baseline; background-image: initial; background-attachment: initial; background-size: initial; background-origin: initial; background-clip: initial; background-position: initial; background-repeat: initial;\"><span style=\"margin: 0px; padding: 0px; border: 0px; outline: 0px; font-weight: 700;\">Marka<\/span><span style=\"margin: 0px; padding: 0px; border: 0px; outline: 0px; font-size: 9pt; font-family: rn;\">: Ally<\/span><\/p>\n<p style=\"margin: 0cm 0cm 0.0001pt; padding: 0px; border: 0px; outline: 0px; font-size: 12px; color: rgb(102, 102, 102); font-family: Tahoma, Geneva, sans-serif; line-height: 15pt; vertical-align: baseline; background-image: initial; background-attachment: initial; background-size: initial; background-origin: initial; background-clip: initial; background-position: initial; background-repeat: initial;\"><span style=\"margin: 0px; padding: 0px; border: 0px; outline: 0px; font-size: 9pt;\"><o:p><\/o:p><\/span><\/p>\n<p style=\"margin: 0cm 0cm 0.0001pt; padding: 0px; border: 0px; outline: 0px; font-size: 12px; color: rgb(102, 102, 102); font-family: Tahoma, Geneva, sans-serif; line-height: 15pt; vertical-align: baseline; background-image: initial; background-attachment: initial; background-size: initial; background-origin: initial; background-clip: initial; background-position: initial; background-repeat: initial;\"><span style=\"margin: 0px; padding: 0px; border: 0px; outline: 0px; font-weight: 700;\">&Uuml;r&uuml;n A&ccedil;&#305;klamas&#305;<\/span><span style=\"margin: 0px; padding: 0px; border: 0px; outline: 0px; font-size: 9pt;\"><o:p><\/o:p><\/span><\/p>\n<p style=\"margin: 0cm 0cm 0.0001pt; padding: 0px; border: 0px; outline: 0px; font-size: 12px; color: rgb(102, 102, 102); font-family: Tahoma, Geneva, sans-serif; line-height: 15pt; vertical-align: baseline; background-image: initial; background-attachment: initial; background-size: initial; background-origin: initial; background-clip: initial; background-position: initial; background-repeat: initial;\"><span style=\"color: rgb(57, 57, 57); font-family: Arial, Helvetica, sans-serif; font-size: 14px;\">Normal USB kablonuzu bu adapt&ouml;r sayesinde lightning giri&#351;ine d&ouml;n&uuml;&#351;t&uuml;rebilir telefonunuzu &#351;arj edebilirsiniz. Ally&nbsp;Lightning D&ouml;n&uuml;&#351;t&uuml;r&uuml;c&uuml; Micro USB Adapt&ouml;r ile iPhone, iPad ve iPod&#8217;unuzu micro usb kablosuna ba&#287;layabilirsiniz. Cihaz&#305;n&#305;z&#305; &#351;arj etmek i&ccedil;in kullanabilir veya e&#351;zamanlama yapabilirsiniz.<\/span><span style=\"margin: 0px; padding: 0px; border: 0px; outline: 0px; font-size: 9pt;\"><span style=\"margin: 0px; padding: 0px; border: 0px; outline: 0px; font-weight: 700;\"><o:p><\/o:p><\/span><\/span><\/p>\n<p style=\"margin: 0cm 0cm 0.0001pt; padding: 0px; border: 0px; outline: 0px; font-size: 12px; color: rgb(102, 102, 102); font-family: Tahoma, Geneva, sans-serif; line-height: 15pt; vertical-align: baseline; background-image: initial; background-attachment: initial; background-size: initial; background-origin: initial; background-clip: initial; background-position: initial; background-repeat: initial;\"><\/p>\n","protected":false},"excerpt":{"rendered":"<p>Marka: Ally &Uuml;r&uuml;n A&ccedil;&#305;klamas&#305; Normal USB kablonuzu bu adapt&ouml;r sayesinde lightning giri&#351;ine d&ouml;n&uuml;&#351;t&uuml;rebilir telefonunuzu &#351;arj edebilirsiniz. Ally&nbsp;Lightning D&ouml;n&uuml;&#351;t&uuml;r&uuml;c&uuml; Micro USB Adapt&ouml;r ile iPhone, iPad ve iPod&#8217;unuzu micro usb kablosuna ba&#287;layabilirsiniz. Cihaz&#305;n&#305;z&#305; &#351;arj etmek i&ccedil;in kullanabilir veya e&#351;zamanlama yapabilirsiniz.<\/p>\n","protected":false},"featured_media":107635,"comment_status":"open","ping_status":"closed","template":"","meta":{"_kad_post_transparent":"","_kad_post_title":"","_kad_post_layout":"","_kad_post_sidebar_id":"","_kad_post_content_style":"","_kad_post_vertical_padding":"","_kad_post_feature":"","_kad_post_feature_position":"","_kad_post_header":false,"_kad_post_footer":false,"_kad_post_classname":""},"product_brand":[],"product_cat":[14496],"product_tag":[],"class_list":{"0":"post-107636","1":"product","2":"type-product","3":"status-publish","4":"has-post-thumbnail","6":"product_cat-sarj-cihazlarikablolari-cep-telefonu-aksesuarlari-cep-telefonu-elektronik-sarj-cihazlarikablolari","8":"first","9":"instock","10":"purchasable","11":"product-type-simple","12":"entry","13":"content-bg","14":"loop-entry"},"_links":{"self":[{"href":"https:\/\/www.hediyepazar.com\/index.php?rest_route=\/wp\/v2\/product\/107636","targetHints":{"allow":["GET"]}}],"collection":[{"href":"https:\/\/www.hediyepazar.com\/index.php?rest_route=\/wp\/v2\/product"}],"about":[{"href":"https:\/\/www.hediyepazar.com\/index.php?rest_route=\/wp\/v2\/types\/product"}],"replies":[{"embeddable":true,"href":"https:\/\/www.hediyepazar.com\/index.php?rest_route=%2Fwp%2Fv2%2Fcomments&post=107636"}],"wp:featuredmedia":[{"embeddable":true,"href":"https:\/\/www.hediyepazar.com\/index.php?rest_route=\/wp\/v2\/media\/107635"}],"wp:attachment":[{"href":"https:\/\/www.hediyepazar.com\/index.php?rest_route=%2Fwp%2Fv2%2Fmedia&parent=107636"}],"wp:term":[{"taxonomy":"product_brand","embeddable":true,"href":"https:\/\/www.hediyepazar.com\/index.php?rest_route=%2Fwp%2Fv2%2Fproduct_brand&post=107636"},{"taxonomy":"product_cat","embeddable":true,"href":"https:\/\/www.hediyepazar.com\/index.php?rest_route=%2Fwp%2Fv2%2Fproduct_cat&post=107636"},{"taxonomy":"product_tag","embeddable":true,"href":"https:\/\/www.hediyepazar.com\/index.php?rest_route=%2Fwp%2Fv2%2Fproduct_tag&post=107636"}],"curies":[{"name":"wp","href":"https:\/\/api.w.org\/{rel}","templated":true}]}}