{"id":107676,"date":"2026-05-04T19:27:46","date_gmt":"2026-05-04T22:27:46","guid":{"rendered":"https:\/\/www.hediyepazar.com\/?product=ally-ml-217-arac-ici-havalandirma-telefon-tutucu-5775"},"modified":"2026-05-04T19:27:46","modified_gmt":"2026-05-04T22:27:46","slug":"ally-ml-217-arac-ici-havalandirma-telefon-tutucu-5775","status":"publish","type":"product","link":"https:\/\/www.hediyepazar.com\/?product=ally-ml-217-arac-ici-havalandirma-telefon-tutucu-5775","title":{"rendered":"ALLY ML-217 Ara\u00e7 \u0130\u00e7i Havaland\u0131rma Telefon Tutucu-(5775)"},"content":{"rendered":"<p><strong>ALLY ML-217 Ara&ccedil; &#304;&ccedil;i Havaland&#305;rma Telefon Tutucu<\/strong><br \/><img decoding=\"async\" data-cke-saved-src=\"https:\/\/cdn.myikas.com\/images\/4b0890c4-46f7-49c5-9b0d-d8f3dae632d6\/19b526ef-ab11-4cc6-a14a-3aa602ad809a\/image_1950.webp\" src=\"https:\/\/hepsicdn.com.tr\/static\/product_detail\/hbnet104ebd07_5397511.webp\"><br \/><img decoding=\"async\" data-cke-saved-src=\"https:\/\/cdn.myikas.com\/images\/4b0890c4-46f7-49c5-9b0d-d8f3dae632d6\/5ee3937d-4f95-452b-979c-060ea888f40b\/image_1950.webp\" src=\"https:\/\/hepsicdn.com.tr\/static\/product_detail\/hbnet104ebd07_5397512.webp\"><br \/><img decoding=\"async\" data-cke-saved-src=\"https:\/\/cdn.myikas.com\/images\/4b0890c4-46f7-49c5-9b0d-d8f3dae632d6\/c880d91d-6563-4823-bbda-36242d2890e5\/image_1950.webp\" src=\"https:\/\/hepsicdn.com.tr\/static\/product_detail\/hbnet104ebd07_5397513.webp\"><br \/><img decoding=\"async\" data-cke-saved-src=\"https:\/\/cdn.myikas.com\/images\/4b0890c4-46f7-49c5-9b0d-d8f3dae632d6\/d0d0349a-24b7-40d8-8f15-bdf6a7d0368f\/image_1950.webp\" src=\"https:\/\/hepsicdn.com.tr\/static\/product_detail\/hbnet104ebd07_5397514.webp\"><br \/><img decoding=\"async\" data-cke-saved-src=\"https:\/\/cdn.myikas.com\/images\/4b0890c4-46f7-49c5-9b0d-d8f3dae632d6\/06efc268-c29f-4eb6-bd5c-98fe8494607a\/image_1950.webp\" src=\"https:\/\/hepsicdn.com.tr\/static\/product_detail\/hbnet104ebd07_5397515.webp\"><br \/><img decoding=\"async\" data-cke-saved-src=\"https:\/\/cdn.myikas.com\/images\/4b0890c4-46f7-49c5-9b0d-d8f3dae632d6\/1a85b047-2952-4409-8b3e-702e85e857cc\/image_1950.webp\" src=\"https:\/\/hepsicdn.com.tr\/static\/product_detail\/hbnet104ebd07_5397516.webp\">&#8203;<strong>ALLY ML-217 Ara&ccedil; &#304;&ccedil;i Havaland&#305;rma Telefon Tutucu<br \/><\/strong>&#350;effaf g&ouml;vdesi ile karakterize edilen benzersiz tasar&#305;m herkesin dikkatini &uuml;zerine &ccedil;ekecek ve arac&#305;n&#305;za karakter katacakt&#305;r.<br \/>Havaland&#305;rma &ccedil;&#305;k&#305;&#351;&#305;na sabitleyerek kullanabilirsiniz.<br \/>Herhangi bir alete ihtiya&ccedil; duymadan kolayca yerle&#351;tirebilirsiniz.<br \/>Klips i&ccedil;erisinde bulunan silikon yast&#305;klar telefonun &ccedil;izilmesini engeller.<br \/>Tek elle telefonunuzu tak&#305;p &ccedil;&#305;karabilirsiniz.<br \/>Minimalist ve &#351;&#305;k tasar&#305;ma sahiptir.<br \/>S&uuml;r&uuml;c&uuml;n&uuml;n g&ouml;r&uuml;&#351;&uuml;n&uuml; engellemeyerek g&uuml;venli s&uuml;r&uuml;&#351; sa&#287;lar.<br \/>360&deg; d&ouml;nebilir tasar&#305;ma sahiptir ve bu sayede cihaz&#305;n&#305;z&#305; istedi&#287;iniz a&ccedil;&#305;da kullanabilirsiniz.<br \/>&Ouml;zel mekanizmas&#305; sayesinde, telefon tutucu cihaz&#305;n&#305;za sessiz ve sorunsuz &#351;ekilde kenetlenir.<br \/>Kompakt boyutlar&#305; sayesinde kolayca ta&#351;&#305;nabilir.<\/p>\n","protected":false},"excerpt":{"rendered":"<p>ALLY ML-217 Ara&ccedil; &#304;&ccedil;i Havaland&#305;rma Telefon Tutucu&#8203;ALLY ML-217 Ara&ccedil; &#304;&ccedil;i Havaland&#305;rma Telefon Tutucu&#350;effaf g&ouml;vdesi ile karakterize edilen benzersiz tasar&#305;m herkesin dikkatini &uuml;zerine &ccedil;ekecek ve arac&#305;n&#305;za karakter katacakt&#305;r.Havaland&#305;rma &ccedil;&#305;k&#305;&#351;&#305;na sabitleyerek kullanabilirsiniz.Herhangi bir alete ihtiya&ccedil; duymadan kolayca yerle&#351;tirebilirsiniz.Klips i&ccedil;erisinde bulunan silikon yast&#305;klar telefonun &ccedil;izilmesini engeller.Tek elle telefonunuzu tak&#305;p &ccedil;&#305;karabilirsiniz.Minimalist ve &#351;&#305;k tasar&#305;ma sahiptir.S&uuml;r&uuml;c&uuml;n&uuml;n g&ouml;r&uuml;&#351;&uuml;n&uuml; engellemeyerek g&uuml;venli s&uuml;r&uuml;&#351;&#8230;<\/p>\n","protected":false},"featured_media":107675,"comment_status":"open","ping_status":"closed","template":"","meta":{"_kad_post_transparent":"","_kad_post_title":"","_kad_post_layout":"","_kad_post_sidebar_id":"","_kad_post_content_style":"","_kad_post_vertical_padding":"","_kad_post_feature":"","_kad_post_feature_position":"","_kad_post_header":false,"_kad_post_footer":false,"_kad_post_classname":""},"product_brand":[],"product_cat":[14532],"product_tag":[],"class_list":{"0":"post-107676","1":"product","2":"type-product","3":"status-publish","4":"has-post-thumbnail","6":"product_cat-oto-aksesuarlari-cep-telefonu-elektronik-oto-aksesuarlari","8":"first","9":"instock","10":"purchasable","11":"product-type-simple","12":"entry","13":"content-bg","14":"loop-entry"},"_links":{"self":[{"href":"https:\/\/www.hediyepazar.com\/index.php?rest_route=\/wp\/v2\/product\/107676","targetHints":{"allow":["GET"]}}],"collection":[{"href":"https:\/\/www.hediyepazar.com\/index.php?rest_route=\/wp\/v2\/product"}],"about":[{"href":"https:\/\/www.hediyepazar.com\/index.php?rest_route=\/wp\/v2\/types\/product"}],"replies":[{"embeddable":true,"href":"https:\/\/www.hediyepazar.com\/index.php?rest_route=%2Fwp%2Fv2%2Fcomments&post=107676"}],"wp:featuredmedia":[{"embeddable":true,"href":"https:\/\/www.hediyepazar.com\/index.php?rest_route=\/wp\/v2\/media\/107675"}],"wp:attachment":[{"href":"https:\/\/www.hediyepazar.com\/index.php?rest_route=%2Fwp%2Fv2%2Fmedia&parent=107676"}],"wp:term":[{"taxonomy":"product_brand","embeddable":true,"href":"https:\/\/www.hediyepazar.com\/index.php?rest_route=%2Fwp%2Fv2%2Fproduct_brand&post=107676"},{"taxonomy":"product_cat","embeddable":true,"href":"https:\/\/www.hediyepazar.com\/index.php?rest_route=%2Fwp%2Fv2%2Fproduct_cat&post=107676"},{"taxonomy":"product_tag","embeddable":true,"href":"https:\/\/www.hediyepazar.com\/index.php?rest_route=%2Fwp%2Fv2%2Fproduct_tag&post=107676"}],"curies":[{"name":"wp","href":"https:\/\/api.w.org\/{rel}","templated":true}]}}