{"id":107684,"date":"2026-05-04T19:28:12","date_gmt":"2026-05-04T22:28:12","guid":{"rendered":"https:\/\/www.hediyepazar.com\/?product=ally-360-donebilen-katlanir-masaustu-tablet-ve-telefon-tutucu-5775"},"modified":"2026-05-04T19:28:12","modified_gmt":"2026-05-04T22:28:12","slug":"ally-360-donebilen-katlanir-masaustu-tablet-ve-telefon-tutucu-5775","status":"publish","type":"product","link":"https:\/\/www.hediyepazar.com\/?product=ally-360-donebilen-katlanir-masaustu-tablet-ve-telefon-tutucu-5775","title":{"rendered":"ALLY 360\u00b0 D\u00f6nebilen Katlan\u0131r Masa\u00fcst\u00fc Tablet Ve Telefon Tutucu-(5775)"},"content":{"rendered":"<p>ALLY 360&deg; D&ouml;nebilen Katlan&#305;r Masa&uuml;st&uuml; Tablet Ve Telefon Tutucu<img decoding=\"async\" data-cke-saved-src=\"https:\/\/cdn.myikas.com\/images\/4b0890c4-46f7-49c5-9b0d-d8f3dae632d6\/e530acef-4ca5-47b2-be20-4723c7985542\/image_1950.webp\" src=\"https:\/\/hepsicdn.com.tr\/static\/product_detail\/hbnet613cd4ef_5426311.webp\"><img decoding=\"async\" data-cke-saved-src=\"https:\/\/cdn.myikas.com\/images\/4b0890c4-46f7-49c5-9b0d-d8f3dae632d6\/45b99630-20ed-45a5-8119-ed3d8f61755e\/image_1950.webp\" src=\"https:\/\/hepsicdn.com.tr\/static\/product_detail\/hbnet613cd4ef_5426312.webp\"><img decoding=\"async\" data-cke-saved-src=\"https:\/\/cdn.myikas.com\/images\/4b0890c4-46f7-49c5-9b0d-d8f3dae632d6\/b6093428-c7c1-4ab8-99f8-84aeca3c4a0b\/image_1950.webp\" src=\"https:\/\/hepsicdn.com.tr\/static\/product_detail\/hbnet613cd4ef_5426313.webp\"><img decoding=\"async\" data-cke-saved-src=\"https:\/\/cdn.myikas.com\/images\/4b0890c4-46f7-49c5-9b0d-d8f3dae632d6\/f05decd3-e9c1-448d-86b6-a724fe86736d\/image_1950.webp\" src=\"https:\/\/hepsicdn.com.tr\/static\/product_detail\/hbnet613cd4ef_5426314.webp\"><img decoding=\"async\" data-cke-saved-src=\"https:\/\/cdn.myikas.com\/images\/4b0890c4-46f7-49c5-9b0d-d8f3dae632d6\/33b3fd8c-2ab8-4a1a-90e8-6e8cc201cbda\/image_1950.webp\" src=\"https:\/\/hepsicdn.com.tr\/static\/product_detail\/hbnet613cd4ef_5426315.webp\"><img decoding=\"async\" data-cke-saved-src=\"https:\/\/cdn.myikas.com\/images\/4b0890c4-46f7-49c5-9b0d-d8f3dae632d6\/891b891b-d607-41bd-a464-5e4c43bf03a1\/image_1950.webp\" src=\"https:\/\/hepsicdn.com.tr\/static\/product_detail\/hbnet613cd4ef_5426316.webp\">&#8203;ALLY 360&deg; D&ouml;nebilen Katlan&#305;r Masa&uuml;st&uuml; Tablet Ve Telefon TutucuG&uuml;&ccedil;l&uuml; Kavrama&nbsp;Darbeye dayan&#305;kl&#305;&nbsp;ve Titre&#351;im &Ouml;nleyiciSpiral Kilitleme Yap&#305;s&#305;&nbsp;Geli&#351;mi&#351; G&uuml;venlik i&ccedil;in G&uuml;venli S&#305;kma&Ouml;zel &#8216;Klips veya Yerle&#351;tiri Kelep&ccedil;esi&nbsp;T&uuml;m Ak&#305;ll&#305; Telefonlar ve Tabletler i&ccedil;in UyumludurMetal malzemeTamam&#305; al&uuml;minyum ala&#351;&#305;m&nbsp;Daha istikrarl&#305; Kullan&#305;m<\/p>\n","protected":false},"excerpt":{"rendered":"<p>ALLY 360&deg; D&ouml;nebilen Katlan&#305;r Masa&uuml;st&uuml; Tablet Ve Telefon Tutucu&#8203;ALLY 360&deg; D&ouml;nebilen Katlan&#305;r Masa&uuml;st&uuml; Tablet Ve Telefon TutucuG&uuml;&ccedil;l&uuml; Kavrama&nbsp;Darbeye dayan&#305;kl&#305;&nbsp;ve Titre&#351;im &Ouml;nleyiciSpiral Kilitleme Yap&#305;s&#305;&nbsp;Geli&#351;mi&#351; G&uuml;venlik i&ccedil;in G&uuml;venli S&#305;kma&Ouml;zel &#8216;Klips veya Yerle&#351;tiri Kelep&ccedil;esi&nbsp;T&uuml;m Ak&#305;ll&#305; Telefonlar ve Tabletler i&ccedil;in UyumludurMetal malzemeTamam&#305; al&uuml;minyum ala&#351;&#305;m&nbsp;Daha istikrarl&#305; Kullan&#305;m<\/p>\n","protected":false},"featured_media":107683,"comment_status":"open","ping_status":"closed","template":"","meta":{"_kad_post_transparent":"","_kad_post_title":"","_kad_post_layout":"","_kad_post_sidebar_id":"","_kad_post_content_style":"","_kad_post_vertical_padding":"","_kad_post_feature":"","_kad_post_feature_position":"","_kad_post_header":false,"_kad_post_footer":false,"_kad_post_classname":""},"product_brand":[],"product_cat":[14486],"product_tag":[],"class_list":{"0":"post-107684","1":"product","2":"type-product","3":"status-publish","4":"has-post-thumbnail","6":"product_cat-telefon-standi-cep-telefonu-aksesuarlari-cep-telefonu-elektronik-telefon-standi","8":"first","9":"instock","10":"purchasable","11":"product-type-simple","12":"entry","13":"content-bg","14":"loop-entry"},"_links":{"self":[{"href":"https:\/\/www.hediyepazar.com\/index.php?rest_route=\/wp\/v2\/product\/107684","targetHints":{"allow":["GET"]}}],"collection":[{"href":"https:\/\/www.hediyepazar.com\/index.php?rest_route=\/wp\/v2\/product"}],"about":[{"href":"https:\/\/www.hediyepazar.com\/index.php?rest_route=\/wp\/v2\/types\/product"}],"replies":[{"embeddable":true,"href":"https:\/\/www.hediyepazar.com\/index.php?rest_route=%2Fwp%2Fv2%2Fcomments&post=107684"}],"wp:featuredmedia":[{"embeddable":true,"href":"https:\/\/www.hediyepazar.com\/index.php?rest_route=\/wp\/v2\/media\/107683"}],"wp:attachment":[{"href":"https:\/\/www.hediyepazar.com\/index.php?rest_route=%2Fwp%2Fv2%2Fmedia&parent=107684"}],"wp:term":[{"taxonomy":"product_brand","embeddable":true,"href":"https:\/\/www.hediyepazar.com\/index.php?rest_route=%2Fwp%2Fv2%2Fproduct_brand&post=107684"},{"taxonomy":"product_cat","embeddable":true,"href":"https:\/\/www.hediyepazar.com\/index.php?rest_route=%2Fwp%2Fv2%2Fproduct_cat&post=107684"},{"taxonomy":"product_tag","embeddable":true,"href":"https:\/\/www.hediyepazar.com\/index.php?rest_route=%2Fwp%2Fv2%2Fproduct_tag&post=107684"}],"curies":[{"name":"wp","href":"https:\/\/api.w.org\/{rel}","templated":true}]}}