{"id":107924,"date":"2026-05-04T20:19:09","date_gmt":"2026-05-04T23:19:09","guid":{"rendered":"https:\/\/www.hediyepazar.com\/?product=turk-tezgah-mermer-fayans-harc-kazima-jileti-2"},"modified":"2026-05-04T20:19:09","modified_gmt":"2026-05-04T23:19:09","slug":"turk-tezgah-mermer-fayans-harc-kazima-jileti-2","status":"publish","type":"product","link":"https:\/\/www.hediyepazar.com\/?product=turk-tezgah-mermer-fayans-harc-kazima-jileti-2","title":{"rendered":"Turk Tezgah Mermer Fayans Har\u00e7 Kaz\u0131ma Jileti"},"content":{"rendered":"<p>\t<strong>\u00dcr\u00fcn \u00d6zellikleri : <\/strong><\/p>\n<p>\t<strong>Materyal : ABS Plastik\u00a0<\/strong><\/p>\n<p>\t<strong>Adet\u00a0 \u00a0Tasar\u0131m : <\/strong> 3 Adet, Turk olarak tasarlad\u0131\u011f\u0131m\u0131z, resimde yer alan modeli , s\u00fcrpriz ya\u015famaman\u0131z i\u00e7in birebir g\u00f6nderiyoruz<\/p>\n<p>\tCam, mermer, fayans, tezgahkar vb sert y\u00fczeylerdeki kal\u0131nt\u0131lar\u0131 s\u00f6kmenize yarayan ergonomik kullan\u0131ma sahip aparatt\u0131r.<\/p>\n<p>\t\u0130\u00e7erisindeki kal\u0131n jilet le temizlik yapar.\u00a0\u00a0<\/p>\n<p>\tYEDEK J\u0130LET \u0130\u00c7\u0130N\u00a0 Hal\u0131 Fal\u00e7atas\u0131 Katlanabilir Maket B\u0131\u00e7a\u011f\u0131 10 lu Yedek 716299 \u0130S\u0130ML\u0130 \u00dcR\u00dcNE BAKAB\u0130L\u0130RS\u0130N\u0130Z.<\/p>\n<p>\t<strong>M\u00dcKEMMEL SATI\u015e SONRASI H\u0130ZMET : <\/strong>Turk \/ Turk olarak m\u00fc\u015fterilerimize en iyi hizmeti sunmay\u0131 ama\u00e7l\u0131yor, g\u00fcvenle sat\u0131n alabilmeniz i\u00e7in, ambalaj kalitemize g\u00fcveniyor, her \u00fcr\u00fcn sorunsuz teslimat i\u00e7in \u00f6zenle paketliyor ve resimde belirtilen renk, ebat, \u00f6zelikte \u00fcr\u00fcn g\u00f6ndermeyi taahh\u00fct ediyoruz. Hasarl\u0131 \u00fcr\u00fcn ald\u0131ysan\u0131z veya di\u011fer \u00fcr\u00fcn ve paket teslimat sorunlar\u0131 oldu\u011funda bizimle ileti\u015fime ge\u00e7mekten \u00e7ekinmeyin.<\/p>\n","protected":false},"excerpt":{"rendered":"<p>\u00dcr\u00fcn \u00d6zellikleri : Materyal : ABS Plastik\u00a0 Adet\u00a0 \u00a0Tasar\u0131m : 3 Adet, Turk olarak tasarlad\u0131\u011f\u0131m\u0131z, resimde yer alan modeli , s\u00fcrpriz ya\u015famaman\u0131z i\u00e7in birebir g\u00f6nderiyoruz Cam, mermer, fayans, tezgahkar vb sert y\u00fczeylerdeki kal\u0131nt\u0131lar\u0131 s\u00f6kmenize yarayan ergonomik kullan\u0131ma sahip aparatt\u0131r. \u0130\u00e7erisindeki kal\u0131n jilet le temizlik yapar.\u00a0\u00a0 YEDEK J\u0130LET \u0130\u00c7\u0130N\u00a0 Hal\u0131 Fal\u00e7atas\u0131 Katlanabilir Maket B\u0131\u00e7a\u011f\u0131 10 lu&#8230;<\/p>\n","protected":false},"featured_media":102329,"comment_status":"open","ping_status":"closed","template":"","meta":{"_kad_post_transparent":"","_kad_post_title":"","_kad_post_layout":"","_kad_post_sidebar_id":"","_kad_post_content_style":"","_kad_post_vertical_padding":"","_kad_post_feature":"","_kad_post_feature_position":"","_kad_post_header":false,"_kad_post_footer":false,"_kad_post_classname":""},"product_brand":[],"product_cat":[14360],"product_tag":[],"class_list":{"0":"post-107924","1":"product","2":"type-product","3":"status-publish","4":"has-post-thumbnail","6":"product_cat-temizlik-gerecleri-ev-temizlik-supermarket-temizlik-gerecleri-ev-temizlik-supermarket","8":"first","9":"instock","10":"purchasable","11":"product-type-simple","12":"entry","13":"content-bg","14":"loop-entry"},"_links":{"self":[{"href":"https:\/\/www.hediyepazar.com\/index.php?rest_route=\/wp\/v2\/product\/107924","targetHints":{"allow":["GET"]}}],"collection":[{"href":"https:\/\/www.hediyepazar.com\/index.php?rest_route=\/wp\/v2\/product"}],"about":[{"href":"https:\/\/www.hediyepazar.com\/index.php?rest_route=\/wp\/v2\/types\/product"}],"replies":[{"embeddable":true,"href":"https:\/\/www.hediyepazar.com\/index.php?rest_route=%2Fwp%2Fv2%2Fcomments&post=107924"}],"wp:featuredmedia":[{"embeddable":true,"href":"https:\/\/www.hediyepazar.com\/index.php?rest_route=\/wp\/v2\/media\/102329"}],"wp:attachment":[{"href":"https:\/\/www.hediyepazar.com\/index.php?rest_route=%2Fwp%2Fv2%2Fmedia&parent=107924"}],"wp:term":[{"taxonomy":"product_brand","embeddable":true,"href":"https:\/\/www.hediyepazar.com\/index.php?rest_route=%2Fwp%2Fv2%2Fproduct_brand&post=107924"},{"taxonomy":"product_cat","embeddable":true,"href":"https:\/\/www.hediyepazar.com\/index.php?rest_route=%2Fwp%2Fv2%2Fproduct_cat&post=107924"},{"taxonomy":"product_tag","embeddable":true,"href":"https:\/\/www.hediyepazar.com\/index.php?rest_route=%2Fwp%2Fv2%2Fproduct_tag&post=107924"}],"curies":[{"name":"wp","href":"https:\/\/api.w.org\/{rel}","templated":true}]}}