{"id":108016,"date":"2026-05-04T21:06:49","date_gmt":"2026-05-05T00:06:49","guid":{"rendered":"https:\/\/www.hediyepazar.com\/?product=turk-leonida-2-boyutlu-makyaj-kalem-acacagi-2"},"modified":"2026-05-04T21:06:49","modified_gmt":"2026-05-05T00:06:49","slug":"turk-leonida-2-boyutlu-makyaj-kalem-acacagi-2","status":"publish","type":"product","link":"https:\/\/www.hediyepazar.com\/?product=turk-leonida-2-boyutlu-makyaj-kalem-acacagi-2","title":{"rendered":"Turk Leonida 2 Boyutlu Makyaj Kalem A\u00e7aca\u011f\u0131"},"content":{"rendered":"<p>\t<span style=\"color:#ff0000;\"><strong>Spesifikasyonlar;\u00a0\u00a0<\/strong><\/span><\/p>\n<p>\t3,6 cm x 2,8 cm x 2,5 cm \u00f6l\u00e7\u00fclerindedir.<\/p>\n<p>Y\u00fcksek kaliteli malzeme: pas ge\u00e7irmez metal kesici, \u00e7e\u015fitli kozmetik kalemleri hassas, p\u00fcr\u00fczs\u00fcz, d\u00fczg\u00fcn ve h\u0131zl\u0131 bir \u015fekilde keskinle\u015ftirebilen, kalemi yemeden veya k\u0131rmadan keskinle\u015ftirebilen \u00e7ok keskindir. <br \/>2. \u00c7ift delik: ay\u0131rma deli\u011fi boyutu (\u00e7ap) yakla\u015f\u0131k 11mm  K\u00fc\u00e7\u00fck boyut yakla\u015f\u0131k 8mm  Her t\u00fcrl\u00fc kozmetik kalem, kal\u0131nl\u0131k, b\u00fcy\u00fck, k\u00fc\u00e7\u00fck, b\u00fcy\u00fck ve s\u0131radan kalemler i\u00e7in uygundur. <br \/> B\u00fcy\u00fck kapasiteli: \u00e7\u0131kar\u0131labilir \u015feffaf bir kapak, d\u00fczenli tutmak i\u00e7in tala\u015f\u0131 toplar. B\u00fcy\u00fck kapasiteli ve kolay temizlenebilir t\u0131ra\u015f tepsisi.<\/p>\n<p>\tMakyaj kalemlerini\u00a0 dar veya geni\u015f a\u00e7mak i\u00e7in kullan\u0131l\u0131r<br \/>\tDar ve geni\u015f olarak 2 tane kesme yuvas\u0131 bulunur.<\/p>\n<p><\/p>\n","protected":false},"excerpt":{"rendered":"<p>Spesifikasyonlar;\u00a0\u00a0 3,6 cm x 2,8 cm x 2,5 cm \u00f6l\u00e7\u00fclerindedir. Y\u00fcksek kaliteli malzeme: pas ge\u00e7irmez metal kesici, \u00e7e\u015fitli kozmetik kalemleri hassas, p\u00fcr\u00fczs\u00fcz, d\u00fczg\u00fcn ve h\u0131zl\u0131 bir \u015fekilde keskinle\u015ftirebilen, kalemi yemeden veya k\u0131rmadan keskinle\u015ftirebilen \u00e7ok keskindir. 2. \u00c7ift delik: ay\u0131rma deli\u011fi boyutu (\u00e7ap) yakla\u015f\u0131k 11mm K\u00fc\u00e7\u00fck boyut yakla\u015f\u0131k 8mm Her t\u00fcrl\u00fc kozmetik kalem, kal\u0131nl\u0131k, b\u00fcy\u00fck, k\u00fc\u00e7\u00fck,&#8230;<\/p>\n","protected":false},"featured_media":102475,"comment_status":"open","ping_status":"closed","template":"","meta":{"_kad_post_transparent":"","_kad_post_title":"","_kad_post_layout":"","_kad_post_sidebar_id":"","_kad_post_content_style":"","_kad_post_vertical_padding":"","_kad_post_feature":"","_kad_post_feature_position":"","_kad_post_header":false,"_kad_post_footer":false,"_kad_post_classname":""},"product_brand":[],"product_cat":[14357],"product_tag":[],"class_list":{"0":"post-108016","1":"product","2":"type-product","3":"status-publish","4":"has-post-thumbnail","6":"product_cat-makyaj-organizeri-makyaj-kozmetik-makyaj-organizeri-makyaj-kozmetik","8":"first","9":"instock","10":"purchasable","11":"product-type-simple","12":"entry","13":"content-bg","14":"loop-entry"},"_links":{"self":[{"href":"https:\/\/www.hediyepazar.com\/index.php?rest_route=\/wp\/v2\/product\/108016","targetHints":{"allow":["GET"]}}],"collection":[{"href":"https:\/\/www.hediyepazar.com\/index.php?rest_route=\/wp\/v2\/product"}],"about":[{"href":"https:\/\/www.hediyepazar.com\/index.php?rest_route=\/wp\/v2\/types\/product"}],"replies":[{"embeddable":true,"href":"https:\/\/www.hediyepazar.com\/index.php?rest_route=%2Fwp%2Fv2%2Fcomments&post=108016"}],"wp:featuredmedia":[{"embeddable":true,"href":"https:\/\/www.hediyepazar.com\/index.php?rest_route=\/wp\/v2\/media\/102475"}],"wp:attachment":[{"href":"https:\/\/www.hediyepazar.com\/index.php?rest_route=%2Fwp%2Fv2%2Fmedia&parent=108016"}],"wp:term":[{"taxonomy":"product_brand","embeddable":true,"href":"https:\/\/www.hediyepazar.com\/index.php?rest_route=%2Fwp%2Fv2%2Fproduct_brand&post=108016"},{"taxonomy":"product_cat","embeddable":true,"href":"https:\/\/www.hediyepazar.com\/index.php?rest_route=%2Fwp%2Fv2%2Fproduct_cat&post=108016"},{"taxonomy":"product_tag","embeddable":true,"href":"https:\/\/www.hediyepazar.com\/index.php?rest_route=%2Fwp%2Fv2%2Fproduct_tag&post=108016"}],"curies":[{"name":"wp","href":"https:\/\/api.w.org\/{rel}","templated":true}]}}