{"id":108076,"date":"2026-05-04T21:26:12","date_gmt":"2026-05-05T00:26:12","guid":{"rendered":"https:\/\/www.hediyepazar.com\/?product=turk-mutfak-firca-seti-3-degisik-uclu-2"},"modified":"2026-05-04T21:26:12","modified_gmt":"2026-05-05T00:26:12","slug":"turk-mutfak-firca-seti-3-degisik-uclu-2","status":"publish","type":"product","link":"https:\/\/www.hediyepazar.com\/?product=turk-mutfak-firca-seti-3-degisik-uclu-2","title":{"rendered":"Turk Mutfak F\u0131r\u00e7a Seti 3 De\u011fi\u015fik U\u00e7lu"},"content":{"rendered":"<p>\t<strong>\u00dcr\u00fcn \u00d6zellikleri : <\/strong><\/p>\n<p>\t<strong>Adet \/ Renk \/ Tasar\u0131m : <\/strong> 3 Adet, Turk olarak tasarlad\u0131\u011f\u0131m\u0131z \u00fcr\u00fcn\u00fc birebir g\u00f6nderiyoruz<\/p>\n<p>\t<strong>\u00d6l\u00e7\u00fcler : <\/strong>17 cm &#8211; 4 cm f\u0131r\u00e7a uzunlu\u011fu<\/p>\n<p>\t6 Mini tel f\u0131r\u00e7a, k\u00fc\u00e7\u00fck i\u015fler ve dar alanlar i\u00e7in \u00fcretilmi\u015ftir ve \u015funlar\u0131 i\u00e7erir: (2) Naylon tel f\u0131r\u00e7a, (2) Pirin\u00e7 tel f\u0131r\u00e7a, (2) Paslanmaz \u00e7elik tel f\u0131r\u00e7a.<br \/>\tA\u00e7\u0131kl\u0131kta kalan kiri ve tozu temizlemek i\u00e7in naylon k\u0131ll\u0131 f\u0131r\u00e7a.<br \/>\tKirle t\u0131kanm\u0131\u015f bir gaz sobas\u0131n\u0131 temizlemek i\u00e7in pirin\u00e7 k\u0131ll\u0131 f\u0131r\u00e7a.<br \/>\tPas \u00e7\u0131karmak i\u00e7in paslanmaz \u00e7elik k\u0131ll\u0131 f\u0131r\u00e7a.<\/p>\n<p>\tLeke \u00e7\u0131karma tel f\u0131r\u00e7a seti g\u00fc\u00e7l\u00fc leke \u00e7\u0131karma pencere e\u015fi\u011fi \u00e7atlaklar\u0131, lavabo kenar\u0131, Mutfak, banyo, do\u011falgaz ocaklar\u0131, musluklar ve di\u011fer k\u00f6\u015feler i\u00e7in uygundur<\/p>\n<p>\t<strong>M\u00dcKEMMEL SATI\u015e SONRASI H\u0130ZMET : <\/strong>Turk \/ Turk olarak m\u00fc\u015fterilerimize en iyi hizmeti sunmay\u0131 ama\u00e7l\u0131yor, g\u00fcvenle sat\u0131n alabilmeniz i\u00e7in, ambalaj kalitemize g\u00fcveniyor, her \u00fcr\u00fcn sorunsuz teslimat i\u00e7in \u00f6zenle paketliyor ve resimde belirtilen renk, ebat, \u00f6zelikte \u00fcr\u00fcn g\u00f6ndermeyi taahh\u00fct ediyoruz. Hasarl\u0131 \u00fcr\u00fcn ald\u0131ysan\u0131z veya di\u011fer \u00fcr\u00fcn ve paket teslimat sorunlar\u0131 oldu\u011funda bizimle ileti\u015fime ge\u00e7mekten \u00e7ekinmeyin.<\/p>\n<p>\t<strong>Detayl\u0131 bilgi i\u00e7in ek resimleri inceleyebilirsiniz<\/strong><\/p>\n<p><\/p>\n<p>\t<strong><strong> <\/strong><\/strong><\/p>\n<p>\t\u00a0<\/p>\n","protected":false},"excerpt":{"rendered":"<p>\u00dcr\u00fcn \u00d6zellikleri : Adet \/ Renk \/ Tasar\u0131m : 3 Adet, Turk olarak tasarlad\u0131\u011f\u0131m\u0131z \u00fcr\u00fcn\u00fc birebir g\u00f6nderiyoruz \u00d6l\u00e7\u00fcler : 17 cm &#8211; 4 cm f\u0131r\u00e7a uzunlu\u011fu 6 Mini tel f\u0131r\u00e7a, k\u00fc\u00e7\u00fck i\u015fler ve dar alanlar i\u00e7in \u00fcretilmi\u015ftir ve \u015funlar\u0131 i\u00e7erir: (2) Naylon tel f\u0131r\u00e7a, (2) Pirin\u00e7 tel f\u0131r\u00e7a, (2) Paslanmaz \u00e7elik tel f\u0131r\u00e7a. A\u00e7\u0131kl\u0131kta kalan&#8230;<\/p>\n","protected":false},"featured_media":102594,"comment_status":"open","ping_status":"closed","template":"","meta":{"_kad_post_transparent":"","_kad_post_title":"","_kad_post_layout":"","_kad_post_sidebar_id":"","_kad_post_content_style":"","_kad_post_vertical_padding":"","_kad_post_feature":"","_kad_post_feature_position":"","_kad_post_header":false,"_kad_post_footer":false,"_kad_post_classname":""},"product_brand":[],"product_cat":[14282],"product_tag":[],"class_list":{"0":"post-108076","1":"product","2":"type-product","3":"status-publish","4":"has-post-thumbnail","6":"product_cat-pratik-mutfak-gerecleri-yemek-hazirlik-sofra-mutfak-ev-yasam-pratik-mutfak-gerecleri","8":"first","9":"instock","10":"purchasable","11":"product-type-simple","12":"entry","13":"content-bg","14":"loop-entry"},"_links":{"self":[{"href":"https:\/\/www.hediyepazar.com\/index.php?rest_route=\/wp\/v2\/product\/108076","targetHints":{"allow":["GET"]}}],"collection":[{"href":"https:\/\/www.hediyepazar.com\/index.php?rest_route=\/wp\/v2\/product"}],"about":[{"href":"https:\/\/www.hediyepazar.com\/index.php?rest_route=\/wp\/v2\/types\/product"}],"replies":[{"embeddable":true,"href":"https:\/\/www.hediyepazar.com\/index.php?rest_route=%2Fwp%2Fv2%2Fcomments&post=108076"}],"wp:featuredmedia":[{"embeddable":true,"href":"https:\/\/www.hediyepazar.com\/index.php?rest_route=\/wp\/v2\/media\/102594"}],"wp:attachment":[{"href":"https:\/\/www.hediyepazar.com\/index.php?rest_route=%2Fwp%2Fv2%2Fmedia&parent=108076"}],"wp:term":[{"taxonomy":"product_brand","embeddable":true,"href":"https:\/\/www.hediyepazar.com\/index.php?rest_route=%2Fwp%2Fv2%2Fproduct_brand&post=108076"},{"taxonomy":"product_cat","embeddable":true,"href":"https:\/\/www.hediyepazar.com\/index.php?rest_route=%2Fwp%2Fv2%2Fproduct_cat&post=108076"},{"taxonomy":"product_tag","embeddable":true,"href":"https:\/\/www.hediyepazar.com\/index.php?rest_route=%2Fwp%2Fv2%2Fproduct_tag&post=108076"}],"curies":[{"name":"wp","href":"https:\/\/api.w.org\/{rel}","templated":true}]}}