{"id":108119,"date":"2026-05-04T21:42:21","date_gmt":"2026-05-05T00:42:21","guid":{"rendered":"https:\/\/www.hediyepazar.com\/?product=turk-arac-gozluk-tutucu-guneslige-uygun-mini-2-adet-2"},"modified":"2026-05-04T21:42:21","modified_gmt":"2026-05-05T00:42:21","slug":"turk-arac-gozluk-tutucu-guneslige-uygun-mini-2-adet-2","status":"publish","type":"product","link":"https:\/\/www.hediyepazar.com\/?product=turk-arac-gozluk-tutucu-guneslige-uygun-mini-2-adet-2","title":{"rendered":"Turk Ara\u00e7 G\u00f6zl\u00fck Tutucu G\u00fcne\u015fli\u011fe Uygun Mini 2 ADET"},"content":{"rendered":"<p>\t<strong>\u00dcr\u00fcn \u00d6zellikleri : <\/strong><\/p>\n<p>\t<strong>Materyal : <\/strong>ABS Plastik\u00a0<\/p>\n<p>\t<strong>Adet \/ Renk \/ Tasar\u0131m : <\/strong> 2 Adet, Turk Radis Design olarak tasarlad\u0131\u011f\u0131m\u0131z, resimde yer alan S\u0130YAH rengi, s\u00fcrpriz ya\u015famaman\u0131z i\u00e7in birebir g\u00f6nderiyoruz<\/p>\n<p>\t<strong>\u00d6l\u00e7\u00fcler : <\/strong>6,5 cm x 2,5 cm x 1,8 cm<\/p>\n<p>\t<span style=\"color:#008000;\">GEN\u0130\u015e KULLANIM ALANI : G\u00f6zl\u00fck, kart, Fatura, bilet vb. tutabilir. <\/span><\/p>\n<p>\t<span style=\"color:#008000;\">\u00d6NE \u00c7IKAN \u00d6ZELL\u0130K : CAMLARA VE G\u00dcNE\u015eL\u0130KLERE ZARAR VERMEZ: Yumu\u015fak malzeme g\u00f6zl\u00fck ve g\u00fcne\u015f g\u00f6zl\u00fcklerinin kollar\u0131na zarar vermez. G\u00f6zl\u00fcklerinizi d\u00fc\u015fmekten, \u00e7izilmekten, kaybolmaktan uzak tutun, daha g\u00fcvenli hale getirin. <\/span><\/p>\n<p>\t<strong>FONKS\u0130YON:<\/strong> G\u00f6zl\u00fck, kart, Fatura, bilet vb. tutabilir. G\u00f6zl\u00fcklerinizi d\u00fc\u015fmekten, \u00e7izilmekten, kaybolmaktan uzak tutun, daha g\u00fcvenli hale getirin.<\/p>\n<p>\t<strong>G\u00d6R\u00dcNT\u00dcLEME ETK\u0130S\u0130 YOK<\/strong>: G\u00fcne\u015fli\u011fe g\u00fcvenli bir \u015fekilde tak\u0131l\u0131r, s\u00fcr\u00fcc\u00fcn\u00fcn g\u00f6r\u00fc\u015f\u00fcn\u00fc engellemez. G\u00fcne\u015fli\u011fe tak\u0131l\u0131 g\u00f6zl\u00fck tutucusu, s\u00fcr\u00fc\u015f s\u0131ras\u0131nda g\u00fcvenli\u011fi ve cam\u0131n\u0131za kolay eri\u015fim sa\u011flayarak yolda net bir g\u00f6r\u00fc\u015f sa\u011flayarak s\u00fcr\u00fcc\u00fcn\u00fcn g\u00f6r\u00fc\u015f\u00fcn\u00fc asla engellemez.<\/p>\n<p>\t<strong>ESNEK: <\/strong>180 derece d\u00f6nebilir, bu sayede g\u00f6zl\u00fc\u011f\u00fc dikey veya yatay olarak ayarlayabilirsiniz.<\/p>\n<p>\t<strong>UYUMLULUK: <\/strong>T\u00fcm g\u00f6zl\u00fck ve g\u00fcne\u015f g\u00f6zl\u00fcklerine, \u00f6zellikle daha kal\u0131n olanlara uyar.<\/p>\n<p>\t<strong>CAMLARA VE G\u00dcNE\u015eL\u0130KLERE ZARAR VERMEZ: <\/strong>Yumu\u015fak malzeme g\u00f6zl\u00fck ve g\u00fcne\u015f g\u00f6zl\u00fcklerinin kollar\u0131na zarar vermez. G\u00f6zl\u00fcklerinizi d\u00fc\u015fmekten, \u00e7izilmekten, kaybolmaktan uzak tutun, daha g\u00fcvenli hale getirin.<\/p>\n<p>\t<strong>M\u00dcKEMMEL SATI\u015e SONRASI H\u0130ZMET : <\/strong>Turk \/ Turk olarak m\u00fc\u015fterilerimize en iyi hizmeti sunmay\u0131 ama\u00e7l\u0131yor, g\u00fcvenle sat\u0131n alabilmeniz i\u00e7in, ambalaj kalitemize g\u00fcveniyor, her \u00fcr\u00fcn sorunsuz teslimat i\u00e7in \u00f6zenle paketliyor ve resimde belirtilen renk, ebat, \u00f6zelikte \u00fcr\u00fcn g\u00f6ndermeyi taahh\u00fct ediyoruz. Hasarl\u0131 \u00fcr\u00fcn ald\u0131ysan\u0131z veya di\u011fer \u00fcr\u00fcn ve paket teslimat sorunlar\u0131 oldu\u011funda bizimle ileti\u015fime ge\u00e7mekten \u00e7ekinmeyin.<\/p>\n<p>\t<strong>Detayl\u0131 bilgi i\u00e7in ek resimleri inceleyebilirsiniz<\/strong><\/p>\n<p>\t<strong><\/strong><\/p>\n<p>\t\u00a0<\/p>\n","protected":false},"excerpt":{"rendered":"<p>\u00dcr\u00fcn \u00d6zellikleri : Materyal : ABS Plastik\u00a0 Adet \/ Renk \/ Tasar\u0131m : 2 Adet, Turk Radis Design olarak tasarlad\u0131\u011f\u0131m\u0131z, resimde yer alan S\u0130YAH rengi, s\u00fcrpriz ya\u015famaman\u0131z i\u00e7in birebir g\u00f6nderiyoruz \u00d6l\u00e7\u00fcler : 6,5 cm x 2,5 cm x 1,8 cm GEN\u0130\u015e KULLANIM ALANI : G\u00f6zl\u00fck, kart, Fatura, bilet vb. tutabilir. \u00d6NE \u00c7IKAN \u00d6ZELL\u0130K : CAMLARA&#8230;<\/p>\n","protected":false},"featured_media":0,"comment_status":"open","ping_status":"closed","template":"","meta":{"_kad_post_transparent":"","_kad_post_title":"","_kad_post_layout":"","_kad_post_sidebar_id":"","_kad_post_content_style":"","_kad_post_vertical_padding":"","_kad_post_feature":"","_kad_post_feature_position":"","_kad_post_header":false,"_kad_post_footer":false,"_kad_post_classname":""},"product_brand":[],"product_cat":[14413],"product_tag":[],"class_list":{"0":"post-108119","1":"product","2":"type-product","3":"status-publish","5":"product_cat-arac-ici-aksesuari-motosiklet-otomobil-motosiklet-yasam-arac-ici-aksesuari","7":"first","8":"instock","9":"purchasable","10":"product-type-simple","11":"entry","12":"content-bg","13":"loop-entry"},"_links":{"self":[{"href":"https:\/\/www.hediyepazar.com\/index.php?rest_route=\/wp\/v2\/product\/108119","targetHints":{"allow":["GET"]}}],"collection":[{"href":"https:\/\/www.hediyepazar.com\/index.php?rest_route=\/wp\/v2\/product"}],"about":[{"href":"https:\/\/www.hediyepazar.com\/index.php?rest_route=\/wp\/v2\/types\/product"}],"replies":[{"embeddable":true,"href":"https:\/\/www.hediyepazar.com\/index.php?rest_route=%2Fwp%2Fv2%2Fcomments&post=108119"}],"wp:attachment":[{"href":"https:\/\/www.hediyepazar.com\/index.php?rest_route=%2Fwp%2Fv2%2Fmedia&parent=108119"}],"wp:term":[{"taxonomy":"product_brand","embeddable":true,"href":"https:\/\/www.hediyepazar.com\/index.php?rest_route=%2Fwp%2Fv2%2Fproduct_brand&post=108119"},{"taxonomy":"product_cat","embeddable":true,"href":"https:\/\/www.hediyepazar.com\/index.php?rest_route=%2Fwp%2Fv2%2Fproduct_cat&post=108119"},{"taxonomy":"product_tag","embeddable":true,"href":"https:\/\/www.hediyepazar.com\/index.php?rest_route=%2Fwp%2Fv2%2Fproduct_tag&post=108119"}],"curies":[{"name":"wp","href":"https:\/\/api.w.org\/{rel}","templated":true}]}}