{"id":108123,"date":"2026-05-04T21:44:04","date_gmt":"2026-05-05T00:44:04","guid":{"rendered":"https:\/\/www.hediyepazar.com\/?product=turk-siyah-tampon-boyasi-2"},"modified":"2026-05-04T21:44:04","modified_gmt":"2026-05-05T00:44:04","slug":"turk-siyah-tampon-boyasi-2","status":"publish","type":"product","link":"https:\/\/www.hediyepazar.com\/?product=turk-siyah-tampon-boyasi-2","title":{"rendered":"Turk Siyah Tampon Boyas\u0131"},"content":{"rendered":"<p>\t<span style=\"color:#ff0000;\"><strong>Nerlerde Kullan\u0131r\u0131m ?<\/strong><\/span><strong>\u00a0<\/strong>Tampon ve pLastik y\u00fczeylerde,oto d\u0131\u015f\u0131 alanlarda<br \/>\tEskimi\u015f kau\u00e7uk fitil y\u00fczeyler<\/p>\n<p>\t<span style=\"color:#ff0000;\"><span style=\"color:#ff0000;\"><strong>\u00dcr\u00fcn \u00d6zellikleri :\u00a0<\/strong><\/span><\/span>D\u0131\u015f pLastik tampon ve pLastik aksamlar\u0131n\u0131n orijinal k\u00f6m\u00fcr gibi Siyah renge kavu\u015fmas\u0131n\u0131 sa\u011flar.<br \/>\tD\u0131\u015f koruma ve bak\u0131m sa\u011flar .<br \/>\tSiyah veya antrasit renkli d\u0131\u015f aksamlar\u0131n y\u00fczeylerini yeniler .<br \/>\tY\u00fczeyde s\u00fcrekli koruma ve bak\u0131m sa\u011flar<br \/>\t75 ml (\u00f6n ve arka tamponu ortalama 2 defa boyayabilir )<\/p>\n<p>\t<span style=\"color:#ff0000;\"><span style=\"color:#ff0000;\"><span style=\"color:#ff0000;\"><strong>Nas\u0131l Kullan\u0131r\u0131m ?\u00a0<\/strong><\/span><\/span><\/span>Uygulanacak yeri temizleyin<br \/>\tKullanmadan \u00f6nce sallay\u0131n\u0131z<br \/>\tE\u015fit \u015fekilde s\u00fcr\u00fcn<br \/>\tYak\u0131c\u0131 g\u00fcne\u015f alt\u0131nda uygulamay\u0131n<br \/>\tDonmaktan koruyunuz<br \/>\t\u00a0<\/p><\/p>\n","protected":false},"excerpt":{"rendered":"<p>Nerlerde Kullan\u0131r\u0131m ?\u00a0Tampon ve pLastik y\u00fczeylerde,oto d\u0131\u015f\u0131 alanlarda Eskimi\u015f kau\u00e7uk fitil y\u00fczeyler \u00dcr\u00fcn \u00d6zellikleri :\u00a0D\u0131\u015f pLastik tampon ve pLastik aksamlar\u0131n\u0131n orijinal k\u00f6m\u00fcr gibi Siyah renge kavu\u015fmas\u0131n\u0131 sa\u011flar. D\u0131\u015f koruma ve bak\u0131m sa\u011flar . Siyah veya antrasit renkli d\u0131\u015f aksamlar\u0131n y\u00fczeylerini yeniler . Y\u00fczeyde s\u00fcrekli koruma ve bak\u0131m sa\u011flar 75 ml (\u00f6n ve arka tamponu ortalama&#8230;<\/p>\n","protected":false},"featured_media":102674,"comment_status":"open","ping_status":"closed","template":"","meta":{"_kad_post_transparent":"","_kad_post_title":"","_kad_post_layout":"","_kad_post_sidebar_id":"","_kad_post_content_style":"","_kad_post_vertical_padding":"","_kad_post_feature":"","_kad_post_feature_position":"","_kad_post_header":false,"_kad_post_footer":false,"_kad_post_classname":""},"product_brand":[],"product_cat":[7878],"product_tag":[],"class_list":{"0":"post-108123","1":"product","2":"type-product","3":"status-publish","4":"has-post-thumbnail","6":"product_cat-oto-aksesuarlari-oto-aksesuarlari-cep-telefonu-elektronik-arac-disi-aksesuar","8":"first","9":"instock","10":"purchasable","11":"product-type-simple","12":"entry","13":"content-bg","14":"loop-entry"},"_links":{"self":[{"href":"https:\/\/www.hediyepazar.com\/index.php?rest_route=\/wp\/v2\/product\/108123","targetHints":{"allow":["GET"]}}],"collection":[{"href":"https:\/\/www.hediyepazar.com\/index.php?rest_route=\/wp\/v2\/product"}],"about":[{"href":"https:\/\/www.hediyepazar.com\/index.php?rest_route=\/wp\/v2\/types\/product"}],"replies":[{"embeddable":true,"href":"https:\/\/www.hediyepazar.com\/index.php?rest_route=%2Fwp%2Fv2%2Fcomments&post=108123"}],"wp:featuredmedia":[{"embeddable":true,"href":"https:\/\/www.hediyepazar.com\/index.php?rest_route=\/wp\/v2\/media\/102674"}],"wp:attachment":[{"href":"https:\/\/www.hediyepazar.com\/index.php?rest_route=%2Fwp%2Fv2%2Fmedia&parent=108123"}],"wp:term":[{"taxonomy":"product_brand","embeddable":true,"href":"https:\/\/www.hediyepazar.com\/index.php?rest_route=%2Fwp%2Fv2%2Fproduct_brand&post=108123"},{"taxonomy":"product_cat","embeddable":true,"href":"https:\/\/www.hediyepazar.com\/index.php?rest_route=%2Fwp%2Fv2%2Fproduct_cat&post=108123"},{"taxonomy":"product_tag","embeddable":true,"href":"https:\/\/www.hediyepazar.com\/index.php?rest_route=%2Fwp%2Fv2%2Fproduct_tag&post=108123"}],"curies":[{"name":"wp","href":"https:\/\/api.w.org\/{rel}","templated":true}]}}