{"id":108327,"date":"2026-05-04T23:29:17","date_gmt":"2026-05-05T02:29:17","guid":{"rendered":"https:\/\/www.hediyepazar.com\/?product=turk-absolute-celik-ustura-jilet-kutulu-set"},"modified":"2026-05-04T23:29:17","modified_gmt":"2026-05-05T02:29:17","slug":"turk-absolute-celik-ustura-jilet-kutulu-set","status":"publish","type":"product","link":"https:\/\/www.hediyepazar.com\/?product=turk-absolute-celik-ustura-jilet-kutulu-set","title":{"rendered":"Turk Absolute \u00c7elik Ustura Jilet Kutulu Set"},"content":{"rendered":"<p>\t<span style=\"color:#ff0000;\"><strong>Spesifikasyonlar : Turk Absolute \u00c7elik Ustura + Rapira 10 Adet T\u0131ra\u015f Jileti + 19,5 cm y\u00fckseklik x D\u0131\u015f \u00e7ap\u0131 6 cm, \u0130\u00e7 \u00e7ap\u0131 5,4 cm \u00f6l\u00e7\u00fclerinde, birbirine ge\u00e7erek kapanan, \u00e7ok ama\u00e7l\u0131 saklama, ta\u015f\u0131ma, birbirine ge\u00e7meli kapakl\u0131 kutu hediyesiyle g\u00f6nderilir.<\/strong><\/span><\/p>\n<p>\t<strong style=\"color: rgb(255, 0, 0);\">\u00d6l\u00e7\u00fcler : 14,5 cm uzunlu\u011fundad\u0131r<\/strong><\/p>\n<p>\t<span style=\"color:#ff0000;\"><strong>\u0130talya\u2019da \u00fcretilmektedir. <\/strong><\/span><\/p>\n<p>\t% 100 paslanmaz \u00e7elik materyaldir.<br \/>\tErgonomik uzun tutma b\u00f6lgesi.<\/p>\n<p>\tKrom renklidir.\t<\/p>\n","protected":false},"excerpt":{"rendered":"<p>Spesifikasyonlar : Turk Absolute \u00c7elik Ustura + Rapira 10 Adet T\u0131ra\u015f Jileti + 19,5 cm y\u00fckseklik x D\u0131\u015f \u00e7ap\u0131 6 cm, \u0130\u00e7 \u00e7ap\u0131 5,4 cm \u00f6l\u00e7\u00fclerinde, birbirine ge\u00e7erek kapanan, \u00e7ok ama\u00e7l\u0131 saklama, ta\u015f\u0131ma, birbirine ge\u00e7meli kapakl\u0131 kutu hediyesiyle g\u00f6nderilir. \u00d6l\u00e7\u00fcler : 14,5 cm uzunlu\u011fundad\u0131r \u0130talya\u2019da \u00fcretilmektedir. % 100 paslanmaz \u00e7elik materyaldir. Ergonomik uzun tutma b\u00f6lgesi&#8230;.<\/p>\n","protected":false},"featured_media":0,"comment_status":"open","ping_status":"closed","template":"","meta":{"_kad_post_transparent":"","_kad_post_title":"","_kad_post_layout":"","_kad_post_sidebar_id":"","_kad_post_content_style":"","_kad_post_vertical_padding":"","_kad_post_feature":"","_kad_post_feature_position":"","_kad_post_header":false,"_kad_post_footer":false,"_kad_post_classname":""},"product_brand":[],"product_cat":[14227],"product_tag":[],"class_list":{"0":"post-108327","1":"product","2":"type-product","3":"status-publish","5":"product_cat-kuafor-urunleri-erkek-kuafor-kuafor-urunleri","7":"first","8":"instock","9":"purchasable","10":"product-type-simple","11":"entry","12":"content-bg","13":"loop-entry"},"_links":{"self":[{"href":"https:\/\/www.hediyepazar.com\/index.php?rest_route=\/wp\/v2\/product\/108327","targetHints":{"allow":["GET"]}}],"collection":[{"href":"https:\/\/www.hediyepazar.com\/index.php?rest_route=\/wp\/v2\/product"}],"about":[{"href":"https:\/\/www.hediyepazar.com\/index.php?rest_route=\/wp\/v2\/types\/product"}],"replies":[{"embeddable":true,"href":"https:\/\/www.hediyepazar.com\/index.php?rest_route=%2Fwp%2Fv2%2Fcomments&post=108327"}],"wp:attachment":[{"href":"https:\/\/www.hediyepazar.com\/index.php?rest_route=%2Fwp%2Fv2%2Fmedia&parent=108327"}],"wp:term":[{"taxonomy":"product_brand","embeddable":true,"href":"https:\/\/www.hediyepazar.com\/index.php?rest_route=%2Fwp%2Fv2%2Fproduct_brand&post=108327"},{"taxonomy":"product_cat","embeddable":true,"href":"https:\/\/www.hediyepazar.com\/index.php?rest_route=%2Fwp%2Fv2%2Fproduct_cat&post=108327"},{"taxonomy":"product_tag","embeddable":true,"href":"https:\/\/www.hediyepazar.com\/index.php?rest_route=%2Fwp%2Fv2%2Fproduct_tag&post=108327"}],"curies":[{"name":"wp","href":"https:\/\/api.w.org\/{rel}","templated":true}]}}