{"id":108376,"date":"2026-05-04T23:51:02","date_gmt":"2026-05-05T02:51:02","guid":{"rendered":"https:\/\/www.hediyepazar.com\/?product=turk-sosis-latex-bigudi-11-mm-kalinlik-10-adet-2"},"modified":"2026-05-04T23:51:02","modified_gmt":"2026-05-05T02:51:02","slug":"turk-sosis-latex-bigudi-11-mm-kalinlik-10-adet-2","status":"publish","type":"product","link":"https:\/\/www.hediyepazar.com\/?product=turk-sosis-latex-bigudi-11-mm-kalinlik-10-adet-2","title":{"rendered":"Turk Sosis Latex Bigudi 11 mm Kal\u0131nl\u0131k 10 Adet"},"content":{"rendered":"<p>\t<strong>\u00dcr\u00fcn \u00d6zellikleri : <\/strong><\/p>\n<p>\t<strong>Materyal : K\u00f6p\u00fck i\u00e7erik \u00fczerine latex kaplama\u00a0<\/strong><\/p>\n<p>\t<strong>Adet \/ Renk \/ Tasar\u0131m : <\/strong> 10 Adet, Turk olarak tasarlad\u0131\u011f\u0131m\u0131z, resimde yer alan tasar\u0131m\u0131 , s\u00fcrpriz ya\u015famaman\u0131z i\u00e7in birebir g\u00f6nderiyoruz<\/p>\n<p>\t<strong>\u00d6l\u00e7\u00fcler : 24 cm uzunluk x 11 mm kal\u0131nl\u0131k<\/strong><\/p>\n<p>\tBu yumu\u015fak k\u00f6p\u00fck sa\u00e7 \u00e7ubuklar\u0131, sa\u00e7lar i\u00e7in esnek rulolar, esnek sa\u00e7 \u00e7ubuklar\u0131, b\u00fck\u00fcml\u00fc k\u00f6p\u00fck sa\u00e7 bukle ma\u015falar\u0131 uzun veya k\u0131sa, ince veya kal\u0131n \u00e7o\u011fu sa\u00e7 tipine uyacak ve en do\u011fal, dalgal\u0131, kabar\u0131k bukleleri olu\u015fturmak i\u00e7in do\u011fru boyuttad\u0131r. Uzun ya da k\u0131sa sa\u00e7lara y\u00f6nelik bu esnek \u00e7ubuklar\u0131 aileniz ve arkada\u015flar\u0131n\u0131zla da payla\u015fabilirsiniz.<\/p>\n<p>\tEsnek K\u00f6p\u00fck K\u0131v\u0131rma \u00c7ubuklar\u0131 G\u00fcvenilir Malzeme: Yumu\u015fak k\u00f6p\u00fckl\u00fc, \u0131s\u0131s\u0131z sa\u00e7 \u00e7ubuklar\u0131 silindirlerimiz, yumu\u015fak esnek \u00e7ubuklar\u0131m\u0131z, b\u00fck\u00fcm k\u00f6p\u00fckl\u00fc sa\u00e7 silindirlerimiz, hafif, g\u00fcvenilir, \u0131slak veya kuru t\u00fcm sa\u00e7 tipleri i\u00e7in bukleler olu\u015fturmas\u0131 kolay kaliteli kau\u00e7uktan yap\u0131lm\u0131\u015ft\u0131r. G\u00fczel ve esnek bukleler olu\u015fturmak i\u00e7in \u00e7ekmeden ve sa\u00e7\u0131n\u0131za zarar vermeden basit\u00e7e b\u00fck\u00fcn, \u00e7evirin ve yuvarlay\u0131n.<\/p>\n<p>\tUzun Sa\u00e7lar i\u00e7in Esnek Sa\u00e7 \u00c7ubuklar\u0131 Is\u0131s\u0131z ve Sa\u00e7\u0131n\u0131za Zarar Vermez: Bu \u0131s\u0131s\u0131z k\u0131v\u0131rma \u00e7ubuklar\u0131, \u0131s\u0131s\u0131z esnek bigudi bukle ma\u015falar\u0131, sa\u00e7 bukle ma\u015fas\u0131 esnek bukle \u00e7ubuklar\u0131 \u0131s\u0131ya dayan\u0131kl\u0131d\u0131r, sa\u00e7\u0131n\u0131z\u0131 \u0131s\u0131dan zarar g\u00f6rmeden k\u0131v\u0131rabilir ve yumu\u015fak k\u00f6p\u00fck y\u00fczeyi sa\u00e7\u0131n\u0131z\u0131 k\u0131r\u0131lmaya kar\u015f\u0131 koruyabilir . Uzun Sa\u00e7lar i\u00e7in Bu Bigudiler, \u0131s\u0131s\u0131z sa\u00e7 bukle ma\u015falar\u0131, sa\u00e7 b\u00fckme bukle ma\u015falar\u0131, sa\u00e7lar i\u00e7in k\u00f6p\u00fck rulolar, k\u00f6p\u00fckl\u00fc sa\u00e7 bukle ma\u015falar\u0131, e\u011fer sa\u00e7lar\u0131n\u0131z k\u0131r\u0131lgan veya p\u00fcr\u00fczl\u00fc ve d\u00fc\u011f\u00fcmlenmesi kolay ise sizin i\u00e7in iyi bir se\u00e7im olacakt\u0131r.<\/p>\n<p>\t<strong>M\u00dcKEMMEL SATI\u015e SONRASI H\u0130ZMET : <\/strong>Turk \/ Turk olarak m\u00fc\u015fterilerimize en iyi hizmeti sunmay\u0131 ama\u00e7l\u0131yor, g\u00fcvenle sat\u0131n alabilmeniz i\u00e7in, ambalaj kalitemize g\u00fcveniyor, her \u00fcr\u00fcn sorunsuz teslimat i\u00e7in \u00f6zenle paketliyor ve resimde belirtilen renk, ebat, \u00f6zelikte \u00fcr\u00fcn g\u00f6ndermeyi taahh\u00fct ediyoruz. Hasarl\u0131 \u00fcr\u00fcn ald\u0131ysan\u0131z veya di\u011fer \u00fcr\u00fcn ve paket teslimat sorunlar\u0131 oldu\u011funda bizimle ileti\u015fime ge\u00e7mekten \u00e7ekinmeyin.<\/p>\n<p>\t<strong>Detayl\u0131 bilgi i\u00e7in ek resimleri inceleyebilirsiniz<\/strong><\/p>\n<p><\/p>\n<p>\t<strong><strong> <\/strong><\/strong><\/p>\n<p>\t\u00a0<\/p>\n","protected":false},"excerpt":{"rendered":"<p>\u00dcr\u00fcn \u00d6zellikleri : Materyal : K\u00f6p\u00fck i\u00e7erik \u00fczerine latex kaplama\u00a0 Adet \/ Renk \/ Tasar\u0131m : 10 Adet, Turk olarak tasarlad\u0131\u011f\u0131m\u0131z, resimde yer alan tasar\u0131m\u0131 , s\u00fcrpriz ya\u015famaman\u0131z i\u00e7in birebir g\u00f6nderiyoruz \u00d6l\u00e7\u00fcler : 24 cm uzunluk x 11 mm kal\u0131nl\u0131k Bu yumu\u015fak k\u00f6p\u00fck sa\u00e7 \u00e7ubuklar\u0131, sa\u00e7lar i\u00e7in esnek rulolar, esnek sa\u00e7 \u00e7ubuklar\u0131, b\u00fck\u00fcml\u00fc k\u00f6p\u00fck sa\u00e7&#8230;<\/p>\n","protected":false},"featured_media":108375,"comment_status":"open","ping_status":"closed","template":"","meta":{"_kad_post_transparent":"","_kad_post_title":"","_kad_post_layout":"","_kad_post_sidebar_id":"","_kad_post_content_style":"","_kad_post_vertical_padding":"","_kad_post_feature":"","_kad_post_feature_position":"","_kad_post_header":false,"_kad_post_footer":false,"_kad_post_classname":""},"product_brand":[],"product_cat":[14264],"product_tag":[],"class_list":{"0":"post-108376","1":"product","2":"type-product","3":"status-publish","4":"has-post-thumbnail","6":"product_cat-rofle-perma-bigudi-kuafor-urunleri-erkek-kuafor-rofle-perma-bigudi","8":"first","9":"instock","10":"purchasable","11":"product-type-simple","12":"entry","13":"content-bg","14":"loop-entry"},"_links":{"self":[{"href":"https:\/\/www.hediyepazar.com\/index.php?rest_route=\/wp\/v2\/product\/108376","targetHints":{"allow":["GET"]}}],"collection":[{"href":"https:\/\/www.hediyepazar.com\/index.php?rest_route=\/wp\/v2\/product"}],"about":[{"href":"https:\/\/www.hediyepazar.com\/index.php?rest_route=\/wp\/v2\/types\/product"}],"replies":[{"embeddable":true,"href":"https:\/\/www.hediyepazar.com\/index.php?rest_route=%2Fwp%2Fv2%2Fcomments&post=108376"}],"wp:featuredmedia":[{"embeddable":true,"href":"https:\/\/www.hediyepazar.com\/index.php?rest_route=\/wp\/v2\/media\/108375"}],"wp:attachment":[{"href":"https:\/\/www.hediyepazar.com\/index.php?rest_route=%2Fwp%2Fv2%2Fmedia&parent=108376"}],"wp:term":[{"taxonomy":"product_brand","embeddable":true,"href":"https:\/\/www.hediyepazar.com\/index.php?rest_route=%2Fwp%2Fv2%2Fproduct_brand&post=108376"},{"taxonomy":"product_cat","embeddable":true,"href":"https:\/\/www.hediyepazar.com\/index.php?rest_route=%2Fwp%2Fv2%2Fproduct_cat&post=108376"},{"taxonomy":"product_tag","embeddable":true,"href":"https:\/\/www.hediyepazar.com\/index.php?rest_route=%2Fwp%2Fv2%2Fproduct_tag&post=108376"}],"curies":[{"name":"wp","href":"https:\/\/api.w.org\/{rel}","templated":true}]}}