{"id":108383,"date":"2026-05-04T23:57:21","date_gmt":"2026-05-05T02:57:21","guid":{"rendered":"https:\/\/www.hediyepazar.com\/?product=turk-dondurma-kasigi-dondurma-porsiyon-kasigi-kurabiye-kofte-helva-porsiyonlama"},"modified":"2026-05-04T23:57:21","modified_gmt":"2026-05-05T02:57:21","slug":"turk-dondurma-kasigi-dondurma-porsiyon-kasigi-kurabiye-kofte-helva-porsiyonlama","status":"publish","type":"product","link":"https:\/\/www.hediyepazar.com\/?product=turk-dondurma-kasigi-dondurma-porsiyon-kasigi-kurabiye-kofte-helva-porsiyonlama","title":{"rendered":"Turk Dondurma Ka\u015f\u0131\u011f\u0131 &#8211; Dondurma Porsiyon Ka\u015f\u0131\u011f\u0131 Kurabiye K\u00f6fte Helva Porsiyonlama"},"content":{"rendered":"<p><\/p>\n<p>\tMateryal: 304 Paslanmaz \u00c7elik<br \/>\t304 paslanmaz \u00e7elik nedir? Genel kullan\u0131m alanlar\u0131nda ve 50 y\u0131la kadar dayanabilen kullan\u0131m \u00f6mr\u00fcyle, 304 kalite paslanmaz \u00e7elik, korozyon dayan\u0131m\u0131, \u0131s\u0131 dayan\u0131m\u0131, mekanik \u00f6zellikleri, kaynak yap\u0131labilirli\u011fi, i\u015flenebilirli\u011fi ve d\u00f6v\u00fclebilmeye yatk\u0131nl\u0131\u011f\u0131 konular\u0131nda de\u011ferlendirilebilir. Korozyon Dayan\u0131m\u0131: 304 kalite paslanmaz \u00e7elik, di\u011fer paslanmaz \u00e7eliklere oranla \u00e7ok daha iyi korozyon dayan\u0131m\u0131na sahiptir.<br \/>\tStainless Steel Ice Cream Scoop &#8211; A\u011f\u0131r Hizmet Tipi, Kaymaz Sapl\u0131, Kolay B\u0131rakma Mekanizmal\u0131<br \/>\tBu 304 paslanmaz \u00e7elikten \u00fcretilmi\u015f profesyonel dondurma ka\u015f\u0131\u011f\u0131, a\u011f\u0131r hizmet tipi tasar\u0131m\u0131 ve kaymaz sap\u0131 sayesinde rahat kullan\u0131m sunar. Kolay b\u0131rakma mekanizmas\u0131, dondurma veya kurabiye hamurunu zahmetsizce b\u0131rakman\u0131za yard\u0131mc\u0131 olur. Dayan\u0131kl\u0131 \u00e7elik g\u00f6vde, uzun \u00f6m\u00fcrl\u00fc ve hijyenik bir kullan\u0131m sa\u011flar. \u00dcr\u00fcn Teknik \u00d6zellikleri\t<\/p>\n","protected":false},"excerpt":{"rendered":"<p>Materyal: 304 Paslanmaz \u00c7elik 304 paslanmaz \u00e7elik nedir? Genel kullan\u0131m alanlar\u0131nda ve 50 y\u0131la kadar dayanabilen kullan\u0131m \u00f6mr\u00fcyle, 304 kalite paslanmaz \u00e7elik, korozyon dayan\u0131m\u0131, \u0131s\u0131 dayan\u0131m\u0131, mekanik \u00f6zellikleri, kaynak yap\u0131labilirli\u011fi, i\u015flenebilirli\u011fi ve d\u00f6v\u00fclebilmeye yatk\u0131nl\u0131\u011f\u0131 konular\u0131nda de\u011ferlendirilebilir. Korozyon Dayan\u0131m\u0131: 304 kalite paslanmaz \u00e7elik, di\u011fer paslanmaz \u00e7eliklere oranla \u00e7ok daha iyi korozyon dayan\u0131m\u0131na sahiptir. Stainless Steel Ice&#8230;<\/p>\n","protected":false},"featured_media":0,"comment_status":"open","ping_status":"closed","template":"","meta":{"_kad_post_transparent":"","_kad_post_title":"","_kad_post_layout":"","_kad_post_sidebar_id":"","_kad_post_content_style":"","_kad_post_vertical_padding":"","_kad_post_feature":"","_kad_post_feature_position":"","_kad_post_header":false,"_kad_post_footer":false,"_kad_post_classname":""},"product_brand":[],"product_cat":[7826],"product_tag":[],"class_list":{"0":"post-108383","1":"product","2":"type-product","3":"status-publish","5":"product_cat-endustriyel-mutfak-ekipmanlari-sofra-sofra-mutfak-ev-yasam-endustriyel-mutfak-ekipmanlari","7":"first","8":"instock","9":"purchasable","10":"product-type-simple","11":"entry","12":"content-bg","13":"loop-entry"},"_links":{"self":[{"href":"https:\/\/www.hediyepazar.com\/index.php?rest_route=\/wp\/v2\/product\/108383","targetHints":{"allow":["GET"]}}],"collection":[{"href":"https:\/\/www.hediyepazar.com\/index.php?rest_route=\/wp\/v2\/product"}],"about":[{"href":"https:\/\/www.hediyepazar.com\/index.php?rest_route=\/wp\/v2\/types\/product"}],"replies":[{"embeddable":true,"href":"https:\/\/www.hediyepazar.com\/index.php?rest_route=%2Fwp%2Fv2%2Fcomments&post=108383"}],"wp:attachment":[{"href":"https:\/\/www.hediyepazar.com\/index.php?rest_route=%2Fwp%2Fv2%2Fmedia&parent=108383"}],"wp:term":[{"taxonomy":"product_brand","embeddable":true,"href":"https:\/\/www.hediyepazar.com\/index.php?rest_route=%2Fwp%2Fv2%2Fproduct_brand&post=108383"},{"taxonomy":"product_cat","embeddable":true,"href":"https:\/\/www.hediyepazar.com\/index.php?rest_route=%2Fwp%2Fv2%2Fproduct_cat&post=108383"},{"taxonomy":"product_tag","embeddable":true,"href":"https:\/\/www.hediyepazar.com\/index.php?rest_route=%2Fwp%2Fv2%2Fproduct_tag&post=108383"}],"curies":[{"name":"wp","href":"https:\/\/api.w.org\/{rel}","templated":true}]}}