{"id":108554,"date":"2026-05-05T00:39:28","date_gmt":"2026-05-05T03:39:28","guid":{"rendered":"https:\/\/www.hediyepazar.com\/?product=hsnet-quadro-peynir-cikolata-kek-sebze-kesici-dilimleyici"},"modified":"2026-05-05T00:39:28","modified_gmt":"2026-05-05T03:39:28","slug":"hsnet-quadro-peynir-cikolata-kek-sebze-kesici-dilimleyici","status":"publish","type":"product","link":"https:\/\/www.hediyepazar.com\/?product=hsnet-quadro-peynir-cikolata-kek-sebze-kesici-dilimleyici","title":{"rendered":"HSNET Quadro Peynir \u00c7ikolata Kek Sebze Kesici Dilimleyici"},"content":{"rendered":"<p>\n\t<strong>\u00d6zellikler : <\/strong><\/p>\n<p>\t<strong>Renk : Resimdeki Renk-Desen Kombinasyonu birebir g\u00f6nderilir. DETAY RES\u0130MLERDEK\u0130 RENKLER \u00d6RNEKT\u0130R. <\/strong><\/p>\n<p>\t<strong>Materyal : Paslanmaz \u00c7elik\u00a0<\/strong><\/p>\n<p>\t<strong>\u00d6l\u00e7\u00fcler : 23 cm x 12 cm x Kesme Teli 13,5 cm Ekran yan\u0131lmalar\u0131na kar\u015f\u0131 l\u00fctfen \u00f6l\u00e7\u00fcleri kar\u015f\u0131la\u015ft\u0131r\u0131n. <\/strong><\/p>\n<p>\t<strong>GEN\u0130\u015e KULLANIM ALANI : Peynir, \u00e7ikolata, tereya\u011f\u0131, Kivi, Yumurta, Domates, jambon, ci\u011fer, kek, meyve veya sebze gibi di\u011fer \u00f6\u011feleri dilimlemek i\u00e7in kullan\u0131labilir.<\/strong><\/p>\n<p>\t1 \u00f6nceden y\u00fcklenmi\u015f tel ve 1 ekstra yedek tel : Bu dilimleyici, yumu\u015fak peynir ve yukar\u0131da say\u0131lanlar vb bir \u00e7ok g\u0131da i\u00e7in \u00f6zel olarak tasarlanm\u0131\u015ft\u0131r. Bu nedenle peyniriniz veya tereya\u011f\u0131n\u0131z dondurucudan \u00e7\u0131kar\u0131lm\u0131\u015fsa, peynir dilimleyiciyi \u00e7\u00f6zd\u00fckten sonra kesmek i\u00e7in kullan\u0131n.<\/p>\n<p>\t<strong>\u015e\u0131k ve Kaliteli &#8211; Dilimleme Kesici : <\/strong>Peynir dilimleyicilerimiz Peynir Kesici, y\u00fcksek kaliteli paslanmaz \u00e7elik kullan\u0131larak yap\u0131l\u0131r.<\/p>\n<p>\t<strong>Kolay Sapl\u0131 Kesici: <\/strong>Peynir teli kesici ile kullan\u0131m\u0131 kolay ve 7 cm&#8217;lik sap rahat bir tutu\u015f sa\u011flar.<\/p>\n<p>\t<strong>D\u0130L\u0130MLEME ALET\u0130 , KOLAY TUTU\u015e: <\/strong>Sa\u011flam paslanmaz \u00e7elik tel, m\u00fckemmel d\u00fczg\u00fcn kesim olu\u015fturmak i\u00e7in g\u00fczel dilimler keser. Kendi peynirinizi dilimlemek hi\u00e7 bu kadar kolay olmam\u0131\u015ft\u0131. En sevdi\u011finiz sert veya yumu\u015fak peynirleri dilimlemek i\u00e7in m\u00fckemmel bir alet. Ayr\u0131ca \u00e7ikolatay\u0131 veya donmu\u015f tereya\u011f\u0131n\u0131 t\u0131ra\u015f etmek i\u00e7in kullan\u0131n!<\/p>\n<p>\t<strong>KOLAYCA KEYF\u0130N\u0130 \u00c7IKARIN :<\/strong> Burgerler, sandvi\u00e7ler, krakerler kesinlikle harika peynirleri her zaman kullanabilir ve art\u0131k istedi\u011finiz kadar taze bir dilim peynir yiyebilirsiniz. \u00d6nceden dilimlenmi\u015f peynire para harcamay\u0131 b\u0131rak\u0131n. \u00c7ikolatay\u0131 veya donmu\u015f tereya\u011f\u0131n\u0131 dilimlemek i\u00e7in de kullanabilirsiniz.<\/p>\n<p>\tYIKANMASI KOLAY : Hafiftir ve mutfak dolab\u0131n\u0131zda saklamas\u0131 kolayd\u0131r. Kolay ta\u015f\u0131ma ve saklama i\u00e7in kompakt g\u00f6vde.<\/p>\n<p><\/p>\n<p>\n\t<strong>Ekran fark\u0131 nedeniyle, renk tonlar\u0131 %0,5 oran\u0131nda fark olabilir. Manuel \u00f6l\u00e7\u00fcm nedeniyle MM fark olabilir. L\u00fctfen anlay\u0131\u015f g\u00f6sterin<\/strong><br \/>\n\t<strong>DETAYLI B\u0130LG\u0130 \u0130\u00c7\u0130N EK RES\u0130MLER\u0130 \u0130NCELEYEB\u0130L\u0130RS\u0130N\u0130Z. <\/strong><\/p>\n<p>\t<img decoding=\"async\"  src=\"https:\/\/hepsicdn.com.tr\/static\/product_detail\/hbnet2d2bf688_8746201.jpg\"><\/p>\n","protected":false},"excerpt":{"rendered":"<p>\u00d6zellikler : Renk : Resimdeki Renk-Desen Kombinasyonu birebir g\u00f6nderilir. DETAY RES\u0130MLERDEK\u0130 RENKLER \u00d6RNEKT\u0130R. Materyal : Paslanmaz \u00c7elik\u00a0 \u00d6l\u00e7\u00fcler : 23 cm x 12 cm x Kesme Teli 13,5 cm Ekran yan\u0131lmalar\u0131na kar\u015f\u0131 l\u00fctfen \u00f6l\u00e7\u00fcleri kar\u015f\u0131la\u015ft\u0131r\u0131n. GEN\u0130\u015e KULLANIM ALANI : Peynir, \u00e7ikolata, tereya\u011f\u0131, Kivi, Yumurta, Domates, jambon, ci\u011fer, kek, meyve veya sebze gibi di\u011fer \u00f6\u011feleri dilimlemek&#8230;<\/p>\n","protected":false},"featured_media":108553,"comment_status":"open","ping_status":"closed","template":"","meta":{"_kad_post_transparent":"","_kad_post_title":"","_kad_post_layout":"","_kad_post_sidebar_id":"","_kad_post_content_style":"","_kad_post_vertical_padding":"","_kad_post_feature":"","_kad_post_feature_position":"","_kad_post_header":false,"_kad_post_footer":false,"_kad_post_classname":""},"product_brand":[],"product_cat":[14329],"product_tag":[],"class_list":{"0":"post-108554","1":"product","2":"type-product","3":"status-publish","4":"has-post-thumbnail","6":"product_cat-hirdavat-urunleri-yapi-market-bahce-yapi-market-ev-yasam-tarafli-ve-yapistiricilar","8":"first","9":"instock","10":"purchasable","11":"product-type-simple","12":"entry","13":"content-bg","14":"loop-entry"},"_links":{"self":[{"href":"https:\/\/www.hediyepazar.com\/index.php?rest_route=\/wp\/v2\/product\/108554","targetHints":{"allow":["GET"]}}],"collection":[{"href":"https:\/\/www.hediyepazar.com\/index.php?rest_route=\/wp\/v2\/product"}],"about":[{"href":"https:\/\/www.hediyepazar.com\/index.php?rest_route=\/wp\/v2\/types\/product"}],"replies":[{"embeddable":true,"href":"https:\/\/www.hediyepazar.com\/index.php?rest_route=%2Fwp%2Fv2%2Fcomments&post=108554"}],"wp:featuredmedia":[{"embeddable":true,"href":"https:\/\/www.hediyepazar.com\/index.php?rest_route=\/wp\/v2\/media\/108553"}],"wp:attachment":[{"href":"https:\/\/www.hediyepazar.com\/index.php?rest_route=%2Fwp%2Fv2%2Fmedia&parent=108554"}],"wp:term":[{"taxonomy":"product_brand","embeddable":true,"href":"https:\/\/www.hediyepazar.com\/index.php?rest_route=%2Fwp%2Fv2%2Fproduct_brand&post=108554"},{"taxonomy":"product_cat","embeddable":true,"href":"https:\/\/www.hediyepazar.com\/index.php?rest_route=%2Fwp%2Fv2%2Fproduct_cat&post=108554"},{"taxonomy":"product_tag","embeddable":true,"href":"https:\/\/www.hediyepazar.com\/index.php?rest_route=%2Fwp%2Fv2%2Fproduct_tag&post=108554"}],"curies":[{"name":"wp","href":"https:\/\/api.w.org\/{rel}","templated":true}]}}