{"id":108576,"date":"2026-05-05T00:43:07","date_gmt":"2026-05-05T03:43:07","guid":{"rendered":"https:\/\/www.hediyepazar.com\/?product=hsnet-kavanoz-acacagi-konserve-acacagi-vakumlu-kapak-acma-aparati"},"modified":"2026-05-05T00:43:07","modified_gmt":"2026-05-05T03:43:07","slug":"hsnet-kavanoz-acacagi-konserve-acacagi-vakumlu-kapak-acma-aparati","status":"publish","type":"product","link":"https:\/\/www.hediyepazar.com\/?product=hsnet-kavanoz-acacagi-konserve-acacagi-vakumlu-kapak-acma-aparati","title":{"rendered":"HSNET Kavanoz A\u00e7aca\u011f\u0131 Konserve A\u00e7aca\u011f\u0131 -Vakumlu Kapak A\u00e7ma Aparat\u0131"},"content":{"rendered":"<p>\n\t<strong>\u00dcr\u00fcn \u00d6zellikleri : <\/strong><\/p>\n<p>\t<strong>Adet \/ Renk \/ Tasar\u0131m : 1\u00a0<\/strong>Adet, HSNET\u00a0<span style=\"color: rgb(1, 15, 38); font-family: Roboto, sans-serif; font-size: 13px;\">Blaise\u00a0<\/span>Design olarak tasarlad\u0131\u011f\u0131m\u0131z \u00fcr\u00fcn\u00fc g\u00f6nderiyoruz<\/p>\n<p>\n\tHayat\u0131n\u0131z\u0131 biraz daha basitle\u015ftirin.<\/p>\n<p>\n\tS\u0131k\u0131, vakumlu \u00e7e\u015fitleri az \u00e7abayla a\u00e7mak i\u00e7in kullan\u0131n.\u00a0<br \/>\n\tBu plastik kavanoz a\u00e7aca\u011f\u0131, d\u00f6nd\u00fcrmeye veya d\u00f6nd\u00fcrmeye gerek kalmayacak \u015fekilde tasarlanm\u0131\u015ft\u0131r.<br \/>\n\tBas\u0131nc\u0131 serbest b\u0131rakmak ve kapa\u011f\u0131 serbest b\u0131rakmak i\u00e7in yukar\u0131 kald\u0131r\u0131n ve a\u00e7\u0131n.<br \/>\n\tBu plastik a\u00e7\u0131c\u0131, yeniden kapat\u0131labilir kalmas\u0131n\u0131 sa\u011flar.<br \/>\n\t\u00c7ekmecenizde veya dolab\u0131n\u0131zda saklamay\u0131 kolayla\u015ft\u0131ran kompakt bir boyuta sahiptir<br \/>\n\tKapaklar tekrar kapat\u0131labilir durumda kal\u0131r<br \/>\n\tPlastik kavanoz a\u00e7aca\u011f\u0131, vakumla kapat\u0131lm\u0131\u015f kavanozlar\u0131 a\u00e7may\u0131 \u00e7ok daha kolay hale getirir<br \/>\n\tHerhangi bir b\u00fck\u00fcm veya d\u00f6nd\u00fcrme gerektirmez<br \/>\n\tYukar\u0131 kald\u0131rmak vakum bas\u0131nc\u0131n\u0131 serbest b\u0131rak\u0131r<\/p>\n<p>\n\t<strong>M\u00dcKEMMEL SATI\u015e SONRASI H\u0130ZMET : <\/strong>HSNET \/ HSNET olarak m\u00fc\u015fterilerimize en iyi hizmeti sunmay\u0131 ama\u00e7l\u0131yor, g\u00fcvenle sat\u0131n alabilmeniz i\u00e7in, ambalaj kalitemize g\u00fcveniyor, her \u00fcr\u00fcn sorunsuz teslimat i\u00e7in \u00f6zenle paketliyor ve resimde belirtilen renk, ebat, \u00f6zelikte \u00fcr\u00fcn g\u00f6ndermeyi taahh\u00fct ediyoruz. Hasarl\u0131 \u00fcr\u00fcn ald\u0131ysan\u0131z veya di\u011fer \u00fcr\u00fcn ve paket teslimat sorunlar\u0131 oldu\u011funda bizimle ileti\u015fime ge\u00e7mekten \u00e7ekinmeyin.<\/p>\n","protected":false},"excerpt":{"rendered":"<p>\u00dcr\u00fcn \u00d6zellikleri : Adet \/ Renk \/ Tasar\u0131m : 1\u00a0Adet, HSNET\u00a0Blaise\u00a0Design olarak tasarlad\u0131\u011f\u0131m\u0131z \u00fcr\u00fcn\u00fc g\u00f6nderiyoruz Hayat\u0131n\u0131z\u0131 biraz daha basitle\u015ftirin. S\u0131k\u0131, vakumlu \u00e7e\u015fitleri az \u00e7abayla a\u00e7mak i\u00e7in kullan\u0131n.\u00a0 Bu plastik kavanoz a\u00e7aca\u011f\u0131, d\u00f6nd\u00fcrmeye veya d\u00f6nd\u00fcrmeye gerek kalmayacak \u015fekilde tasarlanm\u0131\u015ft\u0131r. Bas\u0131nc\u0131 serbest b\u0131rakmak ve kapa\u011f\u0131 serbest b\u0131rakmak i\u00e7in yukar\u0131 kald\u0131r\u0131n ve a\u00e7\u0131n. Bu plastik a\u00e7\u0131c\u0131, yeniden kapat\u0131labilir&#8230;<\/p>\n","protected":false},"featured_media":108575,"comment_status":"open","ping_status":"closed","template":"","meta":{"_kad_post_transparent":"","_kad_post_title":"","_kad_post_layout":"","_kad_post_sidebar_id":"","_kad_post_content_style":"","_kad_post_vertical_padding":"","_kad_post_feature":"","_kad_post_feature_position":"","_kad_post_header":false,"_kad_post_footer":false,"_kad_post_classname":""},"product_brand":[],"product_cat":[7887],"product_tag":[],"class_list":{"0":"post-108576","1":"product","2":"type-product","3":"status-publish","4":"has-post-thumbnail","6":"product_cat-sise-acacagi-yemek-hazirlik-sofra-mutfak-ev-yasam-sise-acacagi","8":"first","9":"instock","10":"purchasable","11":"product-type-simple","12":"entry","13":"content-bg","14":"loop-entry"},"_links":{"self":[{"href":"https:\/\/www.hediyepazar.com\/index.php?rest_route=\/wp\/v2\/product\/108576","targetHints":{"allow":["GET"]}}],"collection":[{"href":"https:\/\/www.hediyepazar.com\/index.php?rest_route=\/wp\/v2\/product"}],"about":[{"href":"https:\/\/www.hediyepazar.com\/index.php?rest_route=\/wp\/v2\/types\/product"}],"replies":[{"embeddable":true,"href":"https:\/\/www.hediyepazar.com\/index.php?rest_route=%2Fwp%2Fv2%2Fcomments&post=108576"}],"wp:featuredmedia":[{"embeddable":true,"href":"https:\/\/www.hediyepazar.com\/index.php?rest_route=\/wp\/v2\/media\/108575"}],"wp:attachment":[{"href":"https:\/\/www.hediyepazar.com\/index.php?rest_route=%2Fwp%2Fv2%2Fmedia&parent=108576"}],"wp:term":[{"taxonomy":"product_brand","embeddable":true,"href":"https:\/\/www.hediyepazar.com\/index.php?rest_route=%2Fwp%2Fv2%2Fproduct_brand&post=108576"},{"taxonomy":"product_cat","embeddable":true,"href":"https:\/\/www.hediyepazar.com\/index.php?rest_route=%2Fwp%2Fv2%2Fproduct_cat&post=108576"},{"taxonomy":"product_tag","embeddable":true,"href":"https:\/\/www.hediyepazar.com\/index.php?rest_route=%2Fwp%2Fv2%2Fproduct_tag&post=108576"}],"curies":[{"name":"wp","href":"https:\/\/api.w.org\/{rel}","templated":true}]}}