{"id":108682,"date":"2026-05-05T00:55:17","date_gmt":"2026-05-05T03:55:17","guid":{"rendered":"https:\/\/www.hediyepazar.com\/?product=hsnet-tavuk-makasi-celik-mutfak-makasi-acacak-kiracak-kesici-ozelik"},"modified":"2026-05-05T00:55:17","modified_gmt":"2026-05-05T03:55:17","slug":"hsnet-tavuk-makasi-celik-mutfak-makasi-acacak-kiracak-kesici-ozelik","status":"publish","type":"product","link":"https:\/\/www.hediyepazar.com\/?product=hsnet-tavuk-makasi-celik-mutfak-makasi-acacak-kiracak-kesici-ozelik","title":{"rendered":"HSNET Tavuk Makas\u0131 \u00c7elik Mutfak Makas\u0131 A\u00e7acak K\u0131racak Kesici \u00d6zelik"},"content":{"rendered":"<p>\n\t<strong>\u00dcr\u00fcn \u00d6zellikleri : <\/strong><\/p>\n<p>\t<strong>GIDALAR VE D\u0130\u011eER AKSESUARLAR \u00dcR\u00dcNE DAH\u0130L DE\u011e\u0130LD\u0130R. <\/strong><\/p>\n<p>\t<strong>Materyal : Paslanmaz \u00c7elik\u00a0<\/strong><\/p>\n<p>\t<strong>Adet \/ Renk \/ Tasar\u0131m : <\/strong> 1 Adet, HSNET Taksun Design olarak tasarlad\u0131\u011f\u0131m\u0131z, resimde yer alan tasar\u0131m\u0131m\u0131z\u0131 , s\u00fcrpriz ya\u015famaman\u0131z i\u00e7in birebir g\u00f6nderiyoruz<\/p>\n<p>\t<strong>\u00d6l\u00e7\u00fcler (bir cep telefonu ortalama 16 cm dir. K\u0131yaslaman\u0131z i\u00e7in kolayl\u0131k de\u011fil mi ? ) : 20.5 cm\u00a0<\/strong><\/p>\n<p>\n\t<strong>3 BOYUTLU :<\/strong> A\u015fa\u011f\u0131da yer alan \u00f6zeliklere ilave olarak, \u015fi\u015fe a\u00e7aca\u011f\u0131, f\u0131nd\u0131k ceviz k\u0131r\u0131c\u0131, kablo kesme veya benzeri ince yiyecekleri kesme \u00f6zeli\u011fine sahiptir.<\/p>\n<p>\n\tDo\u011frama tahtalar\u0131na ve do\u011fray\u0131c\u0131lara gerek yok, mutfak i\u015flerini daha kolay hale getirin.<\/p>\n<p>\n\t<strong>\u00c7ok \u0130\u015flevli Mutfak Makas\u0131, <\/strong>Bal\u0131k (kesme+ pullar\u0131n\u0131 temizlemek) sebzeleri, tavuk, pi\u015fmi\u015f Yiyecekleri, Et, hindi, k\u00fcmes hayvan\u0131 vb g\u0131dalar\u0131 zahmetsizce Keser. Meyve, kesilmi\u015f eri\u015fte ve hatta pizza kesmek i\u00e7in de kullanabilirsiniz. P\u00fcr\u00fczs\u00fcz Kesim i\u00e7in S\u00fcper Keskin Kesici Kenarlara sahiptir.<\/p>\n<p>\t<strong>Ergonomik Kollar.<\/strong> Makas Tasar\u0131m\u0131nda F\u0131nd\u0131k K\u0131r\u0131c\u0131 ve \u015ei\u015fe A\u00e7aca\u011f\u0131, \u00c7ok \u0130\u015flevli Ay\u0131rt Edilebilir Makaslar, mutfak alet \u00e7antan\u0131zda bulundurmak i\u00e7in ideal bir ara\u00e7t\u0131r. Bu makaslar, bal\u0131klar\u0131n kemiklerinin ay\u0131klanmas\u0131 ve pullar\u0131n\u0131n ay\u0131klanmas\u0131 ve sebzelerin soyulmas\u0131 gibi \u00e7ok say\u0131da g\u00f6revi kolayl\u0131kla yerine getirebilir. Merkezde \u00e7elik di\u015fler bulunan bu makaslar\u0131, deniz \u00fcr\u00fcnleri kabuklar\u0131n\u0131n yan\u0131 s\u0131ra sert f\u0131nd\u0131klar\u0131 k\u0131rmak i\u00e7in kullanabilirsiniz. Keskin paslanmaz \u00e7elik b\u0131\u00e7aklara sahip, Uzun \u00d6m\u00fcrl\u00fc Kullan\u0131m i\u00e7in Y\u00fcksek Kaliteli Malzemelerden \u00dcretilmi\u015ftir<\/p>\n<p>\t<strong>Ergonomik tutma kollar\u0131, <\/strong>ba\u015fparmak ve parmaklardaki gerilimi azalt\u0131r. Y\u00fcksek Kaliteli Paslanmaz \u00c7elik ve Plastikten yap\u0131lm\u0131\u015f olup, her ev i\u00e7in vazge\u00e7ilmez bir mutfak aksesuar\u0131d\u0131r.<\/p>\n<p>\tMutfak yan\u0131s\u0131ra gni\u015f kullan\u0131m alan\u0131yla Bah\u00e7e Aleti olarak,- \u00c7i\u00e7ek ve yaprak kesmek i\u00e7in kullan\u0131l\u0131r.<\/p>\n<p>\tBu mutfak makaslar\u0131 zahmetsizce sterilize edilebilir. Uygun bir el temizli\u011fi i\u00e7in b\u0131\u00e7aklar\u0131 kolayca ay\u0131r\u0131n veya bula\u015f\u0131k makinesine koyun<\/p>\n<p>\tUltra keskin b\u0131\u00e7ak, mutfak i\u015fini daha kolay yapmak i\u00e7in bunlar\u0131 minimum \u00e7abayla kullanman\u0131z\u0131 sa\u011flar.<\/p>\n<p>\t\u00c7ok fonksiyonlu makas, bir\u00e7ok mutfak e\u015fyas\u0131 alman\u0131za gerek kalmaz.<\/p>\n<p>\tRahat tutu\u015f kolu, lezzetli yemeklerinizi yapmak i\u00e7in mutlu bir ruh hali ya\u015faman\u0131z\u0131 sa\u011flar.<\/p>\n<p>\tPlastik b\u0131\u00e7ak koruyucusu sizi incinmekten korur.<\/p>\n<p>\t<strong>.Mutfak i\u00e7in Etkili ve G\u00fcvenli Ara\u00e7 : <\/strong>Bu makasla e\u011flenceli, g\u00fcvenli ve sa\u011fl\u0131kl\u0131 pi\u015firmeye devam edin! Makas\u0131m\u0131z, k\u00fcmes hayvanlar\u0131n\u0131n kesilmesi, et, tavuk, k\u00fcmes hayvanlar\u0131n\u0131n kemikleri, sebzeler, bal\u0131klar, \u00e7e\u015fitli yiyecekler, \u015fifal\u0131 otlar vb. gibi t\u00fcm b\u00fcy\u00fck mutfak i\u015flerinde ola\u011fan\u00fcst\u00fc iyi performans g\u00f6sterir. B\u0131\u00e7a\u011fa ve tahtaya gerek yoktur.<\/p>\n<p>\t<strong>Yemek Haz\u0131rlamay\u0131 Bu Kadar Kolay Hissedemeyeceksiniz :<\/strong> \u0130ster a\u015f\u00e7\u0131l\u0131kta acemi olun, ister profesyonel bir \u015fef olun, makas\u0131m\u0131z\u0131n kullan\u0131m\u0131 kolayd\u0131r! Hem sa\u011f hem de sol elini kullanan \u015fefler i\u00e7in m\u00fckemmel tutu\u015f sa\u011flayan bu rahat ve s\u00fcper keskin makas, yemek haz\u0131rlamay\u0131 daha kolay ve h\u0131zl\u0131 hale getirecek.<\/p>\n<p>\n\t<strong>M\u00dcKEMMEL SATI\u015e SONRASI H\u0130ZMET : <\/strong>Bu \u00fcr\u00fcne daha avantajl\u0131 sahip olabilmeniz i\u00e7in ma\u011fazam\u0131z\u0131 ziyaret ederek, kampanyalar\u0131 inceleyebilirsiniz. HSNET \/ HSNET olarak m\u00fc\u015fterilerimize en iyi hizmeti sunmay\u0131 ama\u00e7l\u0131yor, g\u00fcvenle sat\u0131n alabilmeniz i\u00e7in, ambalaj kalitemize g\u00fcveniyor, her \u00fcr\u00fcn sorunsuz teslimat i\u00e7in \u00f6zenle paketliyor ve resimde belirtilen renk, ebat, \u00f6zelikte \u00fcr\u00fcn g\u00f6ndermeyi taahh\u00fct ediyoruz. Hasarl\u0131 \u00fcr\u00fcn ald\u0131ysan\u0131z veya di\u011fer \u00fcr\u00fcn ve paket teslimat sorunlar\u0131 oldu\u011funda bizimle ileti\u015fime ge\u00e7mekten \u00e7ekinmeyin.<\/p>\n<p>\n\tDETAYLI B\u0130LG\u0130 \u0130\u00c7\u0130N EK RES\u0130MLER\u0130 \u0130NCELEYEB\u0130L\u0130RS\u0130N\u0130Z.<br \/>\n\t<img decoding=\"async\"  src=\"https:\/\/hepsicdn.com.tr\/static\/product_detail\/hbnet25ca8b73_8758901.jpg\"><\/p>\n","protected":false},"excerpt":{"rendered":"<p>\u00dcr\u00fcn \u00d6zellikleri : GIDALAR VE D\u0130\u011eER AKSESUARLAR \u00dcR\u00dcNE DAH\u0130L DE\u011e\u0130LD\u0130R. Materyal : Paslanmaz \u00c7elik\u00a0 Adet \/ Renk \/ Tasar\u0131m : 1 Adet, HSNET Taksun Design olarak tasarlad\u0131\u011f\u0131m\u0131z, resimde yer alan tasar\u0131m\u0131m\u0131z\u0131 , s\u00fcrpriz ya\u015famaman\u0131z i\u00e7in birebir g\u00f6nderiyoruz \u00d6l\u00e7\u00fcler (bir cep telefonu ortalama 16 cm dir. K\u0131yaslaman\u0131z i\u00e7in kolayl\u0131k de\u011fil mi ? ) : 20.5 cm\u00a0&#8230;<\/p>\n","protected":false},"featured_media":108681,"comment_status":"open","ping_status":"closed","template":"","meta":{"_kad_post_transparent":"","_kad_post_title":"","_kad_post_layout":"","_kad_post_sidebar_id":"","_kad_post_content_style":"","_kad_post_vertical_padding":"","_kad_post_feature":"","_kad_post_feature_position":"","_kad_post_header":false,"_kad_post_footer":false,"_kad_post_classname":""},"product_brand":[],"product_cat":[7826],"product_tag":[],"class_list":{"0":"post-108682","1":"product","2":"type-product","3":"status-publish","4":"has-post-thumbnail","6":"product_cat-endustriyel-mutfak-ekipmanlari-sofra-sofra-mutfak-ev-yasam-endustriyel-mutfak-ekipmanlari","8":"first","9":"instock","10":"purchasable","11":"product-type-simple","12":"entry","13":"content-bg","14":"loop-entry"},"_links":{"self":[{"href":"https:\/\/www.hediyepazar.com\/index.php?rest_route=\/wp\/v2\/product\/108682","targetHints":{"allow":["GET"]}}],"collection":[{"href":"https:\/\/www.hediyepazar.com\/index.php?rest_route=\/wp\/v2\/product"}],"about":[{"href":"https:\/\/www.hediyepazar.com\/index.php?rest_route=\/wp\/v2\/types\/product"}],"replies":[{"embeddable":true,"href":"https:\/\/www.hediyepazar.com\/index.php?rest_route=%2Fwp%2Fv2%2Fcomments&post=108682"}],"wp:featuredmedia":[{"embeddable":true,"href":"https:\/\/www.hediyepazar.com\/index.php?rest_route=\/wp\/v2\/media\/108681"}],"wp:attachment":[{"href":"https:\/\/www.hediyepazar.com\/index.php?rest_route=%2Fwp%2Fv2%2Fmedia&parent=108682"}],"wp:term":[{"taxonomy":"product_brand","embeddable":true,"href":"https:\/\/www.hediyepazar.com\/index.php?rest_route=%2Fwp%2Fv2%2Fproduct_brand&post=108682"},{"taxonomy":"product_cat","embeddable":true,"href":"https:\/\/www.hediyepazar.com\/index.php?rest_route=%2Fwp%2Fv2%2Fproduct_cat&post=108682"},{"taxonomy":"product_tag","embeddable":true,"href":"https:\/\/www.hediyepazar.com\/index.php?rest_route=%2Fwp%2Fv2%2Fproduct_tag&post=108682"}],"curies":[{"name":"wp","href":"https:\/\/api.w.org\/{rel}","templated":true}]}}