{"id":108822,"date":"2026-05-05T01:09:03","date_gmt":"2026-05-05T04:09:03","guid":{"rendered":"https:\/\/www.hediyepazar.com\/?product=hsnet-yukseklik-ayarlanabilir-metal-baston-gri-pongnas-design"},"modified":"2026-05-05T01:09:03","modified_gmt":"2026-05-05T04:09:03","slug":"hsnet-yukseklik-ayarlanabilir-metal-baston-gri-pongnas-design","status":"publish","type":"product","link":"https:\/\/www.hediyepazar.com\/?product=hsnet-yukseklik-ayarlanabilir-metal-baston-gri-pongnas-design","title":{"rendered":"HSNET Y\u00fckseklik Ayarlanabilir Metal Baston GR\u0130 Pongnas Design"},"content":{"rendered":"<p>\t<font color=\"#ff0000\"><b>\u00d6zelikler :\u00a0<\/b><\/font><\/p>\n<p>\t<span style=\"color:#008000;\"><strong>Renk : Resimdeki GR\u0130 Renk birebir g\u00f6nderilir.\u00a0\u00a0<\/strong><\/span><\/p>\n<p>\t<strong style=\"color: rgb(255, 0, 0);\">\u00d6l\u00e7\u00fcler : Tam a\u00e7\u0131ld\u0131\u011f\u0131nda\/ son kademe 93 cm, 7 kademe ayarlanabilir en d\u00fc\u015f\u00fck kademede 56 cm X 20 MM profil \u00e7ap\u0131\u00a0<\/strong><\/p>\n<p>\t<span style=\"color:#ff0000;\"><strong>Adet : 1 adet + 2 adet yedek baston ucu ka\u00e7u\u00e7ukla g\u00f6nderilir.<\/strong><\/span><\/p>\n<p>\t<span style=\"color:#ff0000;\"><strong>Materyal : Al\u00fcminyum Metal<\/strong><\/span><\/p>\n<p>\tSertli\u011fi ile dayan\u0131kl\u0131, sa\u011flam ve tamamen i\u015flevseldir.<\/p>\n<p>\tElinizde p\u00fcr\u00fczs\u00fcz bir his veren parlak bir y\u00fczey i\u00e7in boyanm\u0131\u015ft\u0131r<\/p>\n<p>\tG\u00fc\u00e7l\u00fc ve sa\u011flam ancak ta\u015f\u0131mas\u0131 hafif<\/p>\n<p>\tKaymaya kar\u015f\u0131 dayan\u0131kl\u0131 kau\u00e7uk u\u00e7lar g\u00fcvenli\u011fi art\u0131r\u0131r<\/p>\n<p>\tUzun s\u00fcre dayanacak \u015fekilde \u00fcretilmi\u015ftir<\/p>\n<p>\tV\u00fccudun kusursuz bir uzant\u0131s\u0131 gibi hissetmesini sa\u011flar. Kaymaz taban, aya\u011f\u0131n\u0131z\u0131n do\u011fal denge noktalar\u0131n\u0131 sim\u00fcle ederek konforu art\u0131r\u0131r ve dengeyi iyile\u015ftirir.<\/p>\n","protected":false},"excerpt":{"rendered":"<p>\u00d6zelikler :\u00a0 Renk : Resimdeki GR\u0130 Renk birebir g\u00f6nderilir.\u00a0\u00a0 \u00d6l\u00e7\u00fcler : Tam a\u00e7\u0131ld\u0131\u011f\u0131nda\/ son kademe 93 cm, 7 kademe ayarlanabilir en d\u00fc\u015f\u00fck kademede 56 cm X 20 MM profil \u00e7ap\u0131\u00a0 Adet : 1 adet + 2 adet yedek baston ucu ka\u00e7u\u00e7ukla g\u00f6nderilir. Materyal : Al\u00fcminyum Metal Sertli\u011fi ile dayan\u0131kl\u0131, sa\u011flam ve tamamen i\u015flevseldir. Elinizde p\u00fcr\u00fczs\u00fcz&#8230;<\/p>\n","protected":false},"featured_media":108821,"comment_status":"open","ping_status":"closed","template":"","meta":{"_kad_post_transparent":"","_kad_post_title":"","_kad_post_layout":"","_kad_post_sidebar_id":"","_kad_post_content_style":"","_kad_post_vertical_padding":"","_kad_post_feature":"","_kad_post_feature_position":"","_kad_post_header":false,"_kad_post_footer":false,"_kad_post_classname":""},"product_brand":[],"product_cat":[14225],"product_tag":[],"class_list":{"0":"post-108822","1":"product","2":"type-product","3":"status-publish","4":"has-post-thumbnail","6":"product_cat-baston-ev-yasam-kisiye-ozel-hediyelik-baston","8":"first","9":"instock","10":"purchasable","11":"product-type-simple","12":"entry","13":"content-bg","14":"loop-entry"},"_links":{"self":[{"href":"https:\/\/www.hediyepazar.com\/index.php?rest_route=\/wp\/v2\/product\/108822","targetHints":{"allow":["GET"]}}],"collection":[{"href":"https:\/\/www.hediyepazar.com\/index.php?rest_route=\/wp\/v2\/product"}],"about":[{"href":"https:\/\/www.hediyepazar.com\/index.php?rest_route=\/wp\/v2\/types\/product"}],"replies":[{"embeddable":true,"href":"https:\/\/www.hediyepazar.com\/index.php?rest_route=%2Fwp%2Fv2%2Fcomments&post=108822"}],"wp:featuredmedia":[{"embeddable":true,"href":"https:\/\/www.hediyepazar.com\/index.php?rest_route=\/wp\/v2\/media\/108821"}],"wp:attachment":[{"href":"https:\/\/www.hediyepazar.com\/index.php?rest_route=%2Fwp%2Fv2%2Fmedia&parent=108822"}],"wp:term":[{"taxonomy":"product_brand","embeddable":true,"href":"https:\/\/www.hediyepazar.com\/index.php?rest_route=%2Fwp%2Fv2%2Fproduct_brand&post=108822"},{"taxonomy":"product_cat","embeddable":true,"href":"https:\/\/www.hediyepazar.com\/index.php?rest_route=%2Fwp%2Fv2%2Fproduct_cat&post=108822"},{"taxonomy":"product_tag","embeddable":true,"href":"https:\/\/www.hediyepazar.com\/index.php?rest_route=%2Fwp%2Fv2%2Fproduct_tag&post=108822"}],"curies":[{"name":"wp","href":"https:\/\/api.w.org\/{rel}","templated":true}]}}