{"id":108838,"date":"2026-05-05T01:10:11","date_gmt":"2026-05-05T04:10:11","guid":{"rendered":"https:\/\/www.hediyepazar.com\/?product=hsnet-3-fonksiyonlu-tasarruflu-musluk-basligi-krom"},"modified":"2026-05-05T01:10:11","modified_gmt":"2026-05-05T04:10:11","slug":"hsnet-3-fonksiyonlu-tasarruflu-musluk-basligi-krom","status":"publish","type":"product","link":"https:\/\/www.hediyepazar.com\/?product=hsnet-3-fonksiyonlu-tasarruflu-musluk-basligi-krom","title":{"rendered":"HSNET 3 Fonksiyonlu Tasarruflu Musluk Ba\u015fl\u0131\u011f\u0131 Krom"},"content":{"rendered":"<p>\n\t<span style=\"color:#ff0000;\"><strong>Adet : 1 <\/strong><\/span><\/p>\n<p>\n\t<span style=\"color:#ff0000;\"><strong>Materyal : Sert Plastik <\/strong><\/span><\/p>\n<p>\n\t<span style=\"color:#ff0000;\"><strong>Renk : Krom <\/strong><\/span><\/p>\n<p>\n\t<span style=\"color:#ff0000;\"><strong>\u00d6l\u00e7\u00fcler : 5 Cm Ba\u015fl\u0131k x 2.2 Cm Batarya A\u011fz\u0131 <\/strong><\/span><\/p>\n<p>\n\tEsnek plastik ba\u015fl\u0131\u011f\u0131n\u0131 istedi\u011finiz y\u00f6ne \u00e7evirebilirsiniz. 3 fonksiyonu ile istedi\u011finiz tazyik seviyesine g\u00f6re ayarlanabilir. Montaj gerektirmez,batarya a\u011fz\u0131 muslu\u011fa yerle\u015ftirilir ve \u00e7evirilerek tak\u0131l\u0131r. 4 adet contas\u0131 ile kullan\u0131ma haz\u0131rd\u0131r. Standart lavabo ve musluk t\u00fcrlerine uyum sa\u011flar.<\/p>\n<p>\n\t<br \/>\n\tDETAYLI B\u0130LG\u0130 \u0130\u00c7\u0130N EK RES\u0130MLER\u0130 \u0130NCELEYEB\u0130L\u0130RS\u0130N\u0130Z.<\/p>\n<p>\n\t<span br=\"\"><img decoding=\"async\"  src=\"https:\/\/hepsicdn.com.tr\/static\/product_detail\/hbnet215da271_8775601.webp\"><\/span><\/p>\n","protected":false},"excerpt":{"rendered":"<p>Adet : 1 Materyal : Sert Plastik Renk : Krom \u00d6l\u00e7\u00fcler : 5 Cm Ba\u015fl\u0131k x 2.2 Cm Batarya A\u011fz\u0131 Esnek plastik ba\u015fl\u0131\u011f\u0131n\u0131 istedi\u011finiz y\u00f6ne \u00e7evirebilirsiniz. 3 fonksiyonu ile istedi\u011finiz tazyik seviyesine g\u00f6re ayarlanabilir. Montaj gerektirmez,batarya a\u011fz\u0131 muslu\u011fa yerle\u015ftirilir ve \u00e7evirilerek tak\u0131l\u0131r. 4 adet contas\u0131 ile kullan\u0131ma haz\u0131rd\u0131r. Standart lavabo ve musluk t\u00fcrlerine uyum sa\u011flar&#8230;.<\/p>\n","protected":false},"featured_media":108837,"comment_status":"open","ping_status":"closed","template":"","meta":{"_kad_post_transparent":"","_kad_post_title":"","_kad_post_layout":"","_kad_post_sidebar_id":"","_kad_post_content_style":"","_kad_post_vertical_padding":"","_kad_post_feature":"","_kad_post_feature_position":"","_kad_post_header":false,"_kad_post_footer":false,"_kad_post_classname":""},"product_brand":[],"product_cat":[14810],"product_tag":[],"class_list":{"0":"post-108838","1":"product","2":"type-product","3":"status-publish","4":"has-post-thumbnail","6":"product_cat-hirdavat-urunleri-yapi-market-bahce-yapi-market-ev-yasam-testereler","8":"first","9":"instock","10":"purchasable","11":"product-type-simple","12":"entry","13":"content-bg","14":"loop-entry"},"_links":{"self":[{"href":"https:\/\/www.hediyepazar.com\/index.php?rest_route=\/wp\/v2\/product\/108838","targetHints":{"allow":["GET"]}}],"collection":[{"href":"https:\/\/www.hediyepazar.com\/index.php?rest_route=\/wp\/v2\/product"}],"about":[{"href":"https:\/\/www.hediyepazar.com\/index.php?rest_route=\/wp\/v2\/types\/product"}],"replies":[{"embeddable":true,"href":"https:\/\/www.hediyepazar.com\/index.php?rest_route=%2Fwp%2Fv2%2Fcomments&post=108838"}],"wp:featuredmedia":[{"embeddable":true,"href":"https:\/\/www.hediyepazar.com\/index.php?rest_route=\/wp\/v2\/media\/108837"}],"wp:attachment":[{"href":"https:\/\/www.hediyepazar.com\/index.php?rest_route=%2Fwp%2Fv2%2Fmedia&parent=108838"}],"wp:term":[{"taxonomy":"product_brand","embeddable":true,"href":"https:\/\/www.hediyepazar.com\/index.php?rest_route=%2Fwp%2Fv2%2Fproduct_brand&post=108838"},{"taxonomy":"product_cat","embeddable":true,"href":"https:\/\/www.hediyepazar.com\/index.php?rest_route=%2Fwp%2Fv2%2Fproduct_cat&post=108838"},{"taxonomy":"product_tag","embeddable":true,"href":"https:\/\/www.hediyepazar.com\/index.php?rest_route=%2Fwp%2Fv2%2Fproduct_tag&post=108838"}],"curies":[{"name":"wp","href":"https:\/\/api.w.org\/{rel}","templated":true}]}}