{"id":108926,"date":"2026-05-05T01:21:29","date_gmt":"2026-05-05T04:21:29","guid":{"rendered":"https:\/\/www.hediyepazar.com\/?product=hsnet-derz-fircasi-slim-cok-dar-bolge-fircasi"},"modified":"2026-05-05T01:21:29","modified_gmt":"2026-05-05T04:21:29","slug":"hsnet-derz-fircasi-slim-cok-dar-bolge-fircasi","status":"publish","type":"product","link":"https:\/\/www.hediyepazar.com\/?product=hsnet-derz-fircasi-slim-cok-dar-bolge-fircasi","title":{"rendered":"HSNET Derz F\u0131r\u00e7as\u0131 Slim \u00c7ok Dar B\u00f6lge F\u0131r\u00e7as\u0131"},"content":{"rendered":"<p>\n\t<strong>\u00dcr\u00fcn \u00d6zellikleri : <\/strong><\/p>\n<p>\t<strong>Adet \/ Renk \/ Tasar\u0131m : <\/strong> 1 Adet, HSNET Blazina Bores Design olarak tasarlad\u0131\u011f\u0131m\u0131z, resimde yer alan TASARIMI , s\u00fcrpriz ya\u015famaman\u0131z i\u00e7in birebir g\u00f6nderiyoruz<\/p>\n<p>\t<strong>\u00d6l\u00e7\u00fcler (bir cep telefonu ortalama 16 cm dir. K\u0131yaslaman\u0131z i\u00e7in kolayl\u0131k de\u011fil mi ? ) : 23.5 cm\u00a0<\/strong><\/p>\n<p>\n\tUltra ince ve yo\u011fun k\u0131llar : Di\u015f f\u0131r\u00e7as\u0131ndan \u00e7ok daha sert olan ultra ince PET k\u0131llarla, en dar bo\u015fluklardan bile kir ve tortular\u0131 zahmetsizce temizler. Evinizi temiz ve d\u00fczenli tutmak istiyorsan\u0131z, vazge\u00e7ilmez bir temizlik aletidir!<\/p>\n<p>\tProfesyonel derz temizleyici : \u0130ster mutfak lavabonuzda, pencere kolununuz, du\u015f kap\u0131s\u0131 raylar\u0131n\u0131z, banyo lavabonuz veya tuvalet kapa\u011f\u0131n\u0131z olsun, ay\u0131rma f\u0131r\u00e7as\u0131 hepsini ortadan kald\u0131rabilir. Kirin yok edilmesi gereken her \u015fey, oluklu temizleme f\u0131r\u00e7as\u0131 her uygulama i\u00e7in m\u00fckemmeldir!<\/p>\n<p>\tHer y\u00fczey i\u00e7in g\u00fcvenli : Oluklu temizleme f\u0131r\u00e7am\u0131z fayans, seramik, sert ah\u015fap, ta\u015f, cam, granit, kuvars ve hatta de\u011ferli mermer tezgahlar dahil her t\u00fcrl\u00fc y\u00fczey i\u00e7in g\u00fcvenlidir. D\u00fcz f\u0131r\u00e7a ba\u015fl\u0131\u011f\u0131, bo\u015fluklara derinlemesine ula\u015fmak ve lavabo kenarlar\u0131 ve pencere diki\u015fleri gibi k\u00f6\u015feleri iyice temizlemek i\u00e7in pratiktir.<\/p>\n<p>\t\u00c7ok ama\u00e7l\u0131 yarma f\u0131r\u00e7as\u0131 : Derz temizleme f\u0131r\u00e7as\u0131 dar yerlerde kullan\u0131labilir ve b\u00f6ylece zaman ve enerji tasarrufu sa\u011flar. Pencereler, s\u00fcrg\u00fcl\u00fc kap\u0131lar, du\u015f kap\u0131s\u0131 raylar\u0131, mutfak lavabolar\u0131, banyo lavabolar\u0131, tuvalet kapaklar\u0131n\u0131 temizlemek i\u00e7in idealdir. Ger\u00e7ekten pratiktir! Klima filtrelerinin ve dar pencere \u00e7er\u00e7evelerinin temizlenmesi i\u00e7in de uygundur.<\/p>\n<p>\tSa\u011flam ve uzun \u00f6m\u00fcrl\u00fc derz f\u0131r\u00e7as\u0131: Sa\u011flam sap yap\u0131s\u0131ndan s\u00fcper uzun \u00f6m\u00fcrl\u00fc naylon k\u0131llara kadar her du\u015f peeling f\u0131r\u00e7as\u0131 sert \u00fcretilmi\u015ftir, e\u011frilmesinden veya kolayca k\u0131r\u0131lmas\u0131ndan endi\u015fe etmeyin. \u0130ster mutfak y\u00fczeylerinde, banyo fayanslar\u0131nda veya a\u00e7\u0131k havada teras mobilyalar\u0131nda inat\u00e7\u0131 lekelerle u\u011fra\u015f\u0131n, bu elde tutulan derz temizleme aleti bu zorlu\u011fu a\u015far.<\/p>\n<p>\n\t<strong>M\u00dcKEMMEL SATI\u015e SONRASI H\u0130ZMET : <\/strong>Bu \u00fcr\u00fcne daha avantajl\u0131 sahip olabilmeniz i\u00e7in ma\u011fazam\u0131z\u0131 ziyaret ederek, kampanyalar\u0131 inceleyebilirsiniz. HSNET \/ HSNET olarak m\u00fc\u015fterilerimize en iyi hizmeti sunmay\u0131 ama\u00e7l\u0131yor, g\u00fcvenle sat\u0131n alabilmeniz i\u00e7in, ambalaj kalitemize g\u00fcveniyor, her \u00fcr\u00fcn sorunsuz teslimat i\u00e7in \u00f6zenle paketliyor ve resimde belirtilen renk, ebat, \u00f6zelikte \u00fcr\u00fcn g\u00f6ndermeyi taahh\u00fct ediyoruz. Hasarl\u0131 \u00fcr\u00fcn ald\u0131ysan\u0131z veya di\u011fer \u00fcr\u00fcn ve paket teslimat sorunlar\u0131 oldu\u011funda bizimle ileti\u015fime ge\u00e7mekten \u00e7ekinmeyin.<\/p>\n<p>\n\t<strong>Detayl\u0131 bilgi i\u00e7in ek resimleri inceleyebilirsiniz<\/strong><\/p>\n<p><\/p>\n<p>\n\t<strong><img decoding=\"async\"  src=\"https:\/\/hepsicdn.com.tr\/static\/product_detail\/hbnet28c4e00b_8784801.jpg\"><\/strong><\/p>\n<p>\n\t\u00a0<\/p>\n","protected":false},"excerpt":{"rendered":"<p>\u00dcr\u00fcn \u00d6zellikleri : Adet \/ Renk \/ Tasar\u0131m : 1 Adet, HSNET Blazina Bores Design olarak tasarlad\u0131\u011f\u0131m\u0131z, resimde yer alan TASARIMI , s\u00fcrpriz ya\u015famaman\u0131z i\u00e7in birebir g\u00f6nderiyoruz \u00d6l\u00e7\u00fcler (bir cep telefonu ortalama 16 cm dir. K\u0131yaslaman\u0131z i\u00e7in kolayl\u0131k de\u011fil mi ? ) : 23.5 cm\u00a0 Ultra ince ve yo\u011fun k\u0131llar : Di\u015f f\u0131r\u00e7as\u0131ndan \u00e7ok daha&#8230;<\/p>\n","protected":false},"featured_media":108925,"comment_status":"open","ping_status":"closed","template":"","meta":{"_kad_post_transparent":"","_kad_post_title":"","_kad_post_layout":"","_kad_post_sidebar_id":"","_kad_post_content_style":"","_kad_post_vertical_padding":"","_kad_post_feature":"","_kad_post_feature_position":"","_kad_post_header":false,"_kad_post_footer":false,"_kad_post_classname":""},"product_brand":[],"product_cat":[14810],"product_tag":[],"class_list":{"0":"post-108926","1":"product","2":"type-product","3":"status-publish","4":"has-post-thumbnail","6":"product_cat-hirdavat-urunleri-yapi-market-bahce-yapi-market-ev-yasam-testereler","8":"first","9":"instock","10":"purchasable","11":"product-type-simple","12":"entry","13":"content-bg","14":"loop-entry"},"_links":{"self":[{"href":"https:\/\/www.hediyepazar.com\/index.php?rest_route=\/wp\/v2\/product\/108926","targetHints":{"allow":["GET"]}}],"collection":[{"href":"https:\/\/www.hediyepazar.com\/index.php?rest_route=\/wp\/v2\/product"}],"about":[{"href":"https:\/\/www.hediyepazar.com\/index.php?rest_route=\/wp\/v2\/types\/product"}],"replies":[{"embeddable":true,"href":"https:\/\/www.hediyepazar.com\/index.php?rest_route=%2Fwp%2Fv2%2Fcomments&post=108926"}],"wp:featuredmedia":[{"embeddable":true,"href":"https:\/\/www.hediyepazar.com\/index.php?rest_route=\/wp\/v2\/media\/108925"}],"wp:attachment":[{"href":"https:\/\/www.hediyepazar.com\/index.php?rest_route=%2Fwp%2Fv2%2Fmedia&parent=108926"}],"wp:term":[{"taxonomy":"product_brand","embeddable":true,"href":"https:\/\/www.hediyepazar.com\/index.php?rest_route=%2Fwp%2Fv2%2Fproduct_brand&post=108926"},{"taxonomy":"product_cat","embeddable":true,"href":"https:\/\/www.hediyepazar.com\/index.php?rest_route=%2Fwp%2Fv2%2Fproduct_cat&post=108926"},{"taxonomy":"product_tag","embeddable":true,"href":"https:\/\/www.hediyepazar.com\/index.php?rest_route=%2Fwp%2Fv2%2Fproduct_tag&post=108926"}],"curies":[{"name":"wp","href":"https:\/\/api.w.org\/{rel}","templated":true}]}}