{"id":108942,"date":"2026-05-05T01:22:12","date_gmt":"2026-05-05T04:22:12","guid":{"rendered":"https:\/\/www.hediyepazar.com\/?product=hsnet-makine-yagi-zincir-makine-mentese-cok-amacli-yaglayici"},"modified":"2026-05-05T01:22:12","modified_gmt":"2026-05-05T04:22:12","slug":"hsnet-makine-yagi-zincir-makine-mentese-cok-amacli-yaglayici","status":"publish","type":"product","link":"https:\/\/www.hediyepazar.com\/?product=hsnet-makine-yagi-zincir-makine-mentese-cok-amacli-yaglayici","title":{"rendered":"HSNET Makine Ya\u011f\u0131 Zincir Makine Mente\u015fe \u00c7ok Ama\u00e7l\u0131 Ya\u011flay\u0131c\u0131"},"content":{"rendered":"<p>\n\t<strong>\u00dcr\u00fcn \u00d6zellikleri :\u00a0<\/strong><\/p>\n<p>\t<strong>GEN\u0130\u015e KULLANIM ALANI : Tekerlekler, s\u00fcrg\u00fcl\u00fc kap\u0131, zincirler, elektrikli aletler, k\u00fc\u00e7\u00fck motorlar, mente\u015fe, somun, civata, fan, bisiklet tekerle\u011fi, t\u00fcm hareketli diki\u015f makineleri, t\u0131ra\u015f makineleri vb i\u00e7in idealdir. , <\/strong><\/p>\n<p>\t<strong>\u00d6NE \u00c7IKAN \u00d6ZELL\u0130K : 60 cc &#8211; plastik \u015fi\u015fede 1 adet g\u00f6nderilr.\u00a0<\/strong><\/p>\n<p>\tYa\u011f\u0131m\u0131z, optimum performans ve uzun s\u00fcreli koruma sa\u011flayan, en iyi \u015fekilde \u00e7al\u0131\u015facak \u015fekilde \u00f6zel olarak tasarlanm\u0131\u015ft\u0131r.<\/p>\n<p>\n\t<strong>G\u00dcVENL\u0130 VE ZEH\u0130RL\u0130 DE\u011e\u0130LD\u0130R : <\/strong>Yaln\u0131zca toksik madde veya kimyasal i\u00e7ermeyen g\u00fcvenli bile\u015fenlerle \u00fcretilmi\u015ftir.<\/p>\n<p>\tS\u0131kma \u015fi\u015fesi tasar\u0131m\u0131, da\u011f\u0131t\u0131lan ya\u011flay\u0131c\u0131 miktar\u0131 \u00fczerinde kontrol sa\u011flar.Ya\u011flar, temizler ve pas ve korozyona kar\u015f\u0131 korur. A\u015f\u0131r\u0131 p\u00fcsk\u00fcrtme veya s\u0131\u00e7rama olmadan hassas uygulama suna<\/p>\n<p>\n\t<strong>M\u00dcKEMMEL SATI\u015e SONRASI H\u0130ZMET : <\/strong>HSNET \/ HSNET olarak m\u00fc\u015fterilerimize en iyi hizmeti sunmay\u0131 ama\u00e7l\u0131yor, g\u00fcvenle sat\u0131n alabilmeniz i\u00e7in, ambalaj kalitemize g\u00fcveniyor, her \u00fcr\u00fcn sorunsuz teslimat i\u00e7in \u00f6zenle paketliyor ve resimde belirtilen renk, ebat, \u00f6zelikte \u00fcr\u00fcn g\u00f6ndermeyi taahh\u00fct ediyoruz. Hasarl\u0131 \u00fcr\u00fcn ald\u0131ysan\u0131z veya di\u011fer \u00fcr\u00fcn ve paket teslimat sorunlar\u0131 oldu\u011funda bizimle ileti\u015fime ge\u00e7mekten \u00e7ekinmeyin.<\/p>\n","protected":false},"excerpt":{"rendered":"<p>\u00dcr\u00fcn \u00d6zellikleri :\u00a0 GEN\u0130\u015e KULLANIM ALANI : Tekerlekler, s\u00fcrg\u00fcl\u00fc kap\u0131, zincirler, elektrikli aletler, k\u00fc\u00e7\u00fck motorlar, mente\u015fe, somun, civata, fan, bisiklet tekerle\u011fi, t\u00fcm hareketli diki\u015f makineleri, t\u0131ra\u015f makineleri vb i\u00e7in idealdir. , \u00d6NE \u00c7IKAN \u00d6ZELL\u0130K : 60 cc &#8211; plastik \u015fi\u015fede 1 adet g\u00f6nderilr.\u00a0 Ya\u011f\u0131m\u0131z, optimum performans ve uzun s\u00fcreli koruma sa\u011flayan, en iyi \u015fekilde \u00e7al\u0131\u015facak&#8230;<\/p>\n","protected":false},"featured_media":108941,"comment_status":"open","ping_status":"closed","template":"","meta":{"_kad_post_transparent":"","_kad_post_title":"","_kad_post_layout":"","_kad_post_sidebar_id":"","_kad_post_content_style":"","_kad_post_vertical_padding":"","_kad_post_feature":"","_kad_post_feature_position":"","_kad_post_header":false,"_kad_post_footer":false,"_kad_post_classname":""},"product_brand":[],"product_cat":[14810],"product_tag":[],"class_list":{"0":"post-108942","1":"product","2":"type-product","3":"status-publish","4":"has-post-thumbnail","6":"product_cat-hirdavat-urunleri-yapi-market-bahce-yapi-market-ev-yasam-testereler","8":"first","9":"instock","10":"purchasable","11":"product-type-simple","12":"entry","13":"content-bg","14":"loop-entry"},"_links":{"self":[{"href":"https:\/\/www.hediyepazar.com\/index.php?rest_route=\/wp\/v2\/product\/108942","targetHints":{"allow":["GET"]}}],"collection":[{"href":"https:\/\/www.hediyepazar.com\/index.php?rest_route=\/wp\/v2\/product"}],"about":[{"href":"https:\/\/www.hediyepazar.com\/index.php?rest_route=\/wp\/v2\/types\/product"}],"replies":[{"embeddable":true,"href":"https:\/\/www.hediyepazar.com\/index.php?rest_route=%2Fwp%2Fv2%2Fcomments&post=108942"}],"wp:featuredmedia":[{"embeddable":true,"href":"https:\/\/www.hediyepazar.com\/index.php?rest_route=\/wp\/v2\/media\/108941"}],"wp:attachment":[{"href":"https:\/\/www.hediyepazar.com\/index.php?rest_route=%2Fwp%2Fv2%2Fmedia&parent=108942"}],"wp:term":[{"taxonomy":"product_brand","embeddable":true,"href":"https:\/\/www.hediyepazar.com\/index.php?rest_route=%2Fwp%2Fv2%2Fproduct_brand&post=108942"},{"taxonomy":"product_cat","embeddable":true,"href":"https:\/\/www.hediyepazar.com\/index.php?rest_route=%2Fwp%2Fv2%2Fproduct_cat&post=108942"},{"taxonomy":"product_tag","embeddable":true,"href":"https:\/\/www.hediyepazar.com\/index.php?rest_route=%2Fwp%2Fv2%2Fproduct_tag&post=108942"}],"curies":[{"name":"wp","href":"https:\/\/api.w.org\/{rel}","templated":true}]}}