{"id":109042,"date":"2026-05-05T01:31:03","date_gmt":"2026-05-05T04:31:03","guid":{"rendered":"https:\/\/www.hediyepazar.com\/?product=hsnet-siyah-derz-boyasi-120-metre"},"modified":"2026-05-05T01:31:03","modified_gmt":"2026-05-05T04:31:03","slug":"hsnet-siyah-derz-boyasi-120-metre","status":"publish","type":"product","link":"https:\/\/www.hediyepazar.com\/?product=hsnet-siyah-derz-boyasi-120-metre","title":{"rendered":"HSNET S\u0130YAH Derz Boyas\u0131 120 Metre"},"content":{"rendered":"<p>\n\t<strong>\u00dcr\u00fcn \u00d6zellikleri : <\/strong><\/p>\n<p>\t<strong>Adet : 4 ADET KALEM &#8211; Her Kalem ortalama 30 Metre boyayabilir<\/strong><\/p>\n<p>\t<strong>Renk : S\u0130YAH<\/strong>\u00a0renk birebir g\u00f6nderilir ve s\u00fcrpriz ya\u015famazs\u0131n\u0131z<\/p>\n<p>\t\u0130\u015flemden \u00f6nce genel tezmilik ve performans i\u00e7in Ah\u015fap sapl\u0131 derz f\u0131r\u00e7as\u0131 ile birlikte g\u00f6nderilir.<\/p>\n<p>\n\tFayans aralar\u0131n\u0131 boyaman\u0131z\u0131 sa\u011flari ayn\u0131 zamanda beyaz gerektiren Buzdolab\u0131, Ah\u015fap, duvar, her t\u00fcrl\u00fc y\u00fczeyde kullan\u0131l\u0131r.<br \/>\n\tU\u00e7 k\u0131sm\u0131 bast\u0131rd\u0131k\u00e7a boya d\u0131\u015far\u0131 \u00e7\u0131Kar ve \u00e7ok kolayl\u0131kla s\u00fcr\u00fcl\u00fcr<br \/>\n\t\u00c7abuk kurur,leke b\u0131rakmaz<br \/>\n\tU\u00e7 k\u0131sm\u0131 ergonomiktir.<\/p>\n<p>\n\t<strong>M\u00dcKEMMEL SATI\u015e SONRASI H\u0130ZMET : <\/strong>HSNET \/ HSNET olarak m\u00fc\u015fterilerimize en iyi hizmeti sunmay\u0131 ama\u00e7l\u0131yor, g\u00fcvenle sat\u0131n alabilmeniz i\u00e7in, ambalaj kalitemize g\u00fcveniyor, her \u00fcr\u00fcn sorunsuz teslimat i\u00e7in \u00f6zenle paketliyor ve resimde belirtilen renk, ebat, \u00f6zelikte \u00fcr\u00fcn g\u00f6ndermeyi taahh\u00fct ediyoruz. Hasarl\u0131 \u00fcr\u00fcn ald\u0131ysan\u0131z veya di\u011fer \u00fcr\u00fcn ve paket teslimat sorunlar\u0131 oldu\u011funda bizimle ileti\u015fime ge\u00e7mekten \u00e7ekinmeyin.<\/p>\n<p>\n\t<strong>Detayl\u0131 bilgi i\u00e7in ek resimleri inceleyebilirsiniz<\/strong><\/p>\n<p><\/p>\n<p>\n\t<strong><img decoding=\"async\"  src=\"https:\/\/hepsicdn.com.tr\/static\/product_detail\/hbnetcbb87e78_8796801.jpg\"><\/strong><\/p>\n<p>\n\t\u00a0<\/p>\n","protected":false},"excerpt":{"rendered":"<p>\u00dcr\u00fcn \u00d6zellikleri : Adet : 4 ADET KALEM &#8211; Her Kalem ortalama 30 Metre boyayabilir Renk : S\u0130YAH\u00a0renk birebir g\u00f6nderilir ve s\u00fcrpriz ya\u015famazs\u0131n\u0131z \u0130\u015flemden \u00f6nce genel tezmilik ve performans i\u00e7in Ah\u015fap sapl\u0131 derz f\u0131r\u00e7as\u0131 ile birlikte g\u00f6nderilir. Fayans aralar\u0131n\u0131 boyaman\u0131z\u0131 sa\u011flari ayn\u0131 zamanda beyaz gerektiren Buzdolab\u0131, Ah\u015fap, duvar, her t\u00fcrl\u00fc y\u00fczeyde kullan\u0131l\u0131r. U\u00e7 k\u0131sm\u0131 bast\u0131rd\u0131k\u00e7a&#8230;<\/p>\n","protected":false},"featured_media":109041,"comment_status":"open","ping_status":"closed","template":"","meta":{"_kad_post_transparent":"","_kad_post_title":"","_kad_post_layout":"","_kad_post_sidebar_id":"","_kad_post_content_style":"","_kad_post_vertical_padding":"","_kad_post_feature":"","_kad_post_feature_position":"","_kad_post_header":false,"_kad_post_footer":false,"_kad_post_classname":""},"product_brand":[],"product_cat":[14810],"product_tag":[],"class_list":{"0":"post-109042","1":"product","2":"type-product","3":"status-publish","4":"has-post-thumbnail","6":"product_cat-hirdavat-urunleri-yapi-market-bahce-yapi-market-ev-yasam-testereler","8":"first","9":"instock","10":"purchasable","11":"product-type-simple","12":"entry","13":"content-bg","14":"loop-entry"},"_links":{"self":[{"href":"https:\/\/www.hediyepazar.com\/index.php?rest_route=\/wp\/v2\/product\/109042","targetHints":{"allow":["GET"]}}],"collection":[{"href":"https:\/\/www.hediyepazar.com\/index.php?rest_route=\/wp\/v2\/product"}],"about":[{"href":"https:\/\/www.hediyepazar.com\/index.php?rest_route=\/wp\/v2\/types\/product"}],"replies":[{"embeddable":true,"href":"https:\/\/www.hediyepazar.com\/index.php?rest_route=%2Fwp%2Fv2%2Fcomments&post=109042"}],"wp:featuredmedia":[{"embeddable":true,"href":"https:\/\/www.hediyepazar.com\/index.php?rest_route=\/wp\/v2\/media\/109041"}],"wp:attachment":[{"href":"https:\/\/www.hediyepazar.com\/index.php?rest_route=%2Fwp%2Fv2%2Fmedia&parent=109042"}],"wp:term":[{"taxonomy":"product_brand","embeddable":true,"href":"https:\/\/www.hediyepazar.com\/index.php?rest_route=%2Fwp%2Fv2%2Fproduct_brand&post=109042"},{"taxonomy":"product_cat","embeddable":true,"href":"https:\/\/www.hediyepazar.com\/index.php?rest_route=%2Fwp%2Fv2%2Fproduct_cat&post=109042"},{"taxonomy":"product_tag","embeddable":true,"href":"https:\/\/www.hediyepazar.com\/index.php?rest_route=%2Fwp%2Fv2%2Fproduct_tag&post=109042"}],"curies":[{"name":"wp","href":"https:\/\/api.w.org\/{rel}","templated":true}]}}