{"id":109084,"date":"2026-05-05T01:36:17","date_gmt":"2026-05-05T04:36:17","guid":{"rendered":"https:\/\/www.hediyepazar.com\/?product=hsnet-peeling-topuk-torpusu-2-tarafli-solingen-professional"},"modified":"2026-05-05T01:36:17","modified_gmt":"2026-05-05T04:36:17","slug":"hsnet-peeling-topuk-torpusu-2-tarafli-solingen-professional","status":"publish","type":"product","link":"https:\/\/www.hediyepazar.com\/?product=hsnet-peeling-topuk-torpusu-2-tarafli-solingen-professional","title":{"rendered":"HSNET Peeling Topuk T\u00f6rp\u00fcs\u00fc 2 Tarafl\u0131 Solingen Professional"},"content":{"rendered":"<p>\n\t<strong>\u00dcr\u00fcn \u00d6zellikleri : <\/strong><\/p>\n<p>\t<strong>Materyal : <\/strong>% 100 Kay\u0131n a\u011f ah\u015fap g\u00f6vde\/sap<br \/>\n\t\u00a0<br \/>\n\t<strong>Adet \/ Renk \/ Tasar\u0131m : <\/strong> 1 Adet, HSNET Design olarak tasarlad\u0131\u011f\u0131m\u0131z, resimde yer alan rengi, s\u00fcrpriz ya\u015famaman\u0131z i\u00e7in birebir g\u00f6nderiyoruz<br \/>\n\t\u00a0<br \/>\n\t<strong>GEN\u0130\u015e KULLANIM ALANI : Peeling uygulamalr\u0131na \u00f6zel, Ayaklar\u0131nda sert ve deri olan bayanlar, erkekler ve ya\u015fl\u0131lar i\u00e7in uygun profesyonel ayak t\u00f6rp\u00fcs\u00fc<\/strong><\/p>\n<p>\t<strong>\u00d6NE \u00c7IKAN \u00d6ZELL\u0130K : 2 tarafl\u0131 t\u00f6rp\u00fc \u00f6zeli\u011fiyle bak\u0131m\u0131n\u0131z\u0131 tamamlay\u0131n. Temizlemesi kolay T\u00d6RP\u00dc b\u00f6lgesine sahiptir. \u00c7ift y\u00f6nl\u00fc \u00f6zeli\u011fe sahiptir. step1 alan\u0131 Rende taraf\u0131 \u00f6l\u00fc h\u00fccreleri ken, step2 alan\u0131 son kat d\u00fczeltmeyi yaparak tedaviyi h\u0131zland\u0131r\u0131r<\/strong><\/p>\n<p>\t<strong>KEND\u0130N\u0130Z \u015eIMARTIN :<\/strong> Her seferinde bir ayak t\u00f6rp\u00fcs\u00fc ve bebek yumu\u015fak ayaklar\u0131 ile bitirin. Ponza ta\u015flar\u0131ndan, peeling kremlerinden, temizleme jellerinden, lar i\u00e7in harika, ayak toplar\u0131ndan daha iyidir. Sudan etkilenmez, gerekti\u011finden kurutmak i\u00e7in ipiyle as\u0131n. Profesyonel salonlarda ve ev pedielerinde olmas\u0131 gereken, \u00f6zellikle y\u00fcksek lu, parmak aras\u0131 terlik, sandalet veya spor ayakkab\u0131 giymeyi sevenler i\u00e7in m\u00fckemmel. Modeller, Beyaz Yakal\u0131 Bayan Spor Merakl\u0131lar\u0131, Garsonlar\/Garsonlar, Ya\u015fl\u0131lar ve \u00d6\u011fretmenler. Kendinizi bug\u00fcn muhte\u015fem bir HSNET 2Step ile tamamlanan bir evde spa g\u00fcn\u00fc ile \u015f\u0131mart\u0131n! Buna de\u011fersin!<\/p>\n<p>\n\t\u00a0<\/p>\n<p>\n\t<strong>DAN KURTULMANIN EN \u0130Y\u0130 YOLU : <\/strong>HSNET\u00a0<span style=\"color:rgb( 1 , 15 , 38 );font-family:'roboto' , sans-serif;font-size:13px\">Joven\u00a0<\/span>profesyonel t\u00f6rp\u00fcs\u00fc, \u0131slak ve kuru ayaklardaki kal\u0131n , k\u00f6t\u00fc ve sert derin cildi \u00e7\u0131karmak i\u00e7in tasarlanm\u0131\u015ft\u0131r ve size \u00e7ok az \u00e7abayla bebek gibi yumu\u015fak, p\u00fcr\u00fczs\u00fcz ve g\u00fczel ayaklar verir.<\/p>\n<p>\n\t<strong>SALON KAL\u0130TES\u0130 : <\/strong>Y\u00fcksek kaliteli kay\u0131n a\u011fndan yap\u0131lm\u0131\u015f bu ayak t\u00f6rp\u00fcs\u00fc salon kalitesindedir. T\u00f6rp\u00fc dereceleri double grid\u00a0 ile tasarlanm\u0131\u015ft\u0131r ve hem yukar\u0131 hem a\u015fa\u011f\u0131 y\u00f6nde \u00e7al\u0131\u015f\u0131r. Rendeleme aleti gibi davran\u0131r, lar\u0131 \u00e7abucak &#8211; t\u0131pk\u0131 t\u0131rnak salonundaki teknisyenler gibi!<\/p>\n<p>\n\t<strong>G\u00dc\u00c7L\u00dc SAPLI\u00a0 \u00a0: 24 x 5,5<\/strong>\u00a0CM (Uzunluk x Geni\u015flik), bu ayak t\u00f6rp\u00fcs\u00fc G\u00dc\u00c7L\u00dc ve sa\u011flamd\u0131r. Ergonomik kaymaz sap ile birlikte, kuru cildi h\u0131zl\u0131 ve etkili bir \u015fekilde \u00e7\u0131karmak i\u00e7in pedik\u00fcr t\u00f6rp\u00fcs\u00fc ile daha kolay kavrayabilirsiniz!<\/p>\n<p>\t<strong>ZAMANDAN VE PARADAN TASARRUF : <\/strong>En iyi pedik\u00fcr, ev pedik\u00fcr\u00fcn\u00fczd\u00fcr! Banyo yapmadan \u00f6nce bu ayak temizleyiciyi kullan\u0131n, sadece birka\u00e7 dakika, sert lar\u0131n\u0131z al\u0131nacak ve sizin i\u00e7in \u00e7ok zaman ve para tasarrufu sa\u011flayacakt\u0131r! Kesinlikle hayat\u0131n\u0131z\u0131 daha iyi hale getiriyor! Islak ayak veya herhangi bir \u0131slak durumda kullan\u0131labilir, \u00f6l\u00fc deriyi, lar\u0131 ve sertle\u015fmi\u015f deriyi . Ayaklar\u0131n\u0131z\u0131n yeniden bebek gibi yumu\u015fak, p\u00fcr\u00fczs\u00fcz ve g\u00fczel olmas\u0131na izin verin.<\/p>\n<p>\t<strong>Y\u00dcKSEK KAL\u0130TE MALZEME: <\/strong>Payak t\u00f6rp\u00fcs\u00fc seti y\u0131kanabilir ve tekrar kullan\u0131labilir. Ve cildinize kar\u015f\u0131 yumu\u015fakt\u0131rlar ve \u00f6l\u00fc deriyi ayaklar\u0131n\u0131zdan g\u00fcvenli ve s\u0131z bir \u015fekilde ler.<\/p>\n<p>\t<strong>Nas\u0131l kullan\u0131l\u0131r:<\/strong><\/p>\n<p>\t1. Bu aleti kullanmadan \u00f6nce ayaklar\u0131n\u0131z\u0131 ihtiya\u00e7lar\u0131n\u0131za g\u00f6re \u00f6nceden \u0131slat\u0131n. Kuru veya \u0131slak ciltte kullan\u0131lmak \u00fczere geli\u015ftirilmi\u015ftir.<br \/>\n\t2. Aleti, \u00fczerinde \u00e7al\u0131\u015f\u0131lacak alana b\u0131\u00e7ak taraf\u0131 ile hizalay\u0131n.<br \/>\n\t3. Aleti nazik\u00e7e ileri geri hareket ettirin, l\u0131 veya kuru cilt \u00e7\u0131kana kadar yava\u015f\u00e7a daha fazla bas\u0131n\u00e7 uygulay\u0131n.<\/p>\n<p>\n\t<strong>M\u00dcKEMMEL SATI\u015e SONRASI H\u0130ZMET : <\/strong>HSNET \/ HSNET olarak m\u00fc\u015fterilerimize en iyi hizmeti sunmay\u0131 ama\u00e7l\u0131yor, g\u00fcvenle sat\u0131n alabilmeniz i\u00e7in, ambalaj kalitemize g\u00fcveniyor, her \u00fcr\u00fcn sorunsuz teslimat i\u00e7in \u00f6zenle paketliyor ve resimde belirtilen renk, ebat, \u00f6zelikte \u00fcr\u00fcn g\u00f6ndermeyi taahh\u00fct ediyoruz. Hasarl\u0131 \u00fcr\u00fcn ald\u0131ysan\u0131z veya di\u011fer \u00fcr\u00fcn ve paket teslimat sorunlar\u0131 oldu\u011funda bizimle ileti\u015fime ge\u00e7mekten \u00e7ekinmeyin.<\/p>\n<p>\n\t<strong>Detayl\u0131 bilgi i\u00e7in ek resimleri inceleyebilirsiniz<\/strong><\/p>\n<p><\/p>\n<p>\n\t<strong><strong><img decoding=\"async\" alt=\"\" src=\"https:\/\/arabayaservis.com\/skins\/shared\/images\/NEWHAZIRAN\/7430000720646-1.jpg\" \/> <\/strong><\/strong><\/p>\n<p>\n\t\u00a0<\/p>\n","protected":false},"excerpt":{"rendered":"<p>\u00dcr\u00fcn \u00d6zellikleri : Materyal : % 100 Kay\u0131n a\u011f ah\u015fap g\u00f6vde\/sap \u00a0 Adet \/ Renk \/ Tasar\u0131m : 1 Adet, HSNET Design olarak tasarlad\u0131\u011f\u0131m\u0131z, resimde yer alan rengi, s\u00fcrpriz ya\u015famaman\u0131z i\u00e7in birebir g\u00f6nderiyoruz \u00a0 GEN\u0130\u015e KULLANIM ALANI : Peeling uygulamalr\u0131na \u00f6zel, Ayaklar\u0131nda sert ve deri olan bayanlar, erkekler ve ya\u015fl\u0131lar i\u00e7in uygun profesyonel ayak t\u00f6rp\u00fcs\u00fc&#8230;<\/p>\n","protected":false},"featured_media":109083,"comment_status":"open","ping_status":"closed","template":"","meta":{"_kad_post_transparent":"","_kad_post_title":"","_kad_post_layout":"","_kad_post_sidebar_id":"","_kad_post_content_style":"","_kad_post_vertical_padding":"","_kad_post_feature":"","_kad_post_feature_position":"","_kad_post_header":false,"_kad_post_footer":false,"_kad_post_classname":""},"product_brand":[],"product_cat":[7853],"product_tag":[],"class_list":{"0":"post-109084","1":"product","2":"type-product","3":"status-publish","4":"has-post-thumbnail","6":"product_cat-ayak-tirnak-ve-bakim-malzemeleri-kisisel-bakim-aletleri-elektronik-ayak-tirnak-ve-bakim-malzemeleri","8":"first","9":"instock","10":"purchasable","11":"product-type-simple","12":"entry","13":"content-bg","14":"loop-entry"},"_links":{"self":[{"href":"https:\/\/www.hediyepazar.com\/index.php?rest_route=\/wp\/v2\/product\/109084","targetHints":{"allow":["GET"]}}],"collection":[{"href":"https:\/\/www.hediyepazar.com\/index.php?rest_route=\/wp\/v2\/product"}],"about":[{"href":"https:\/\/www.hediyepazar.com\/index.php?rest_route=\/wp\/v2\/types\/product"}],"replies":[{"embeddable":true,"href":"https:\/\/www.hediyepazar.com\/index.php?rest_route=%2Fwp%2Fv2%2Fcomments&post=109084"}],"wp:featuredmedia":[{"embeddable":true,"href":"https:\/\/www.hediyepazar.com\/index.php?rest_route=\/wp\/v2\/media\/109083"}],"wp:attachment":[{"href":"https:\/\/www.hediyepazar.com\/index.php?rest_route=%2Fwp%2Fv2%2Fmedia&parent=109084"}],"wp:term":[{"taxonomy":"product_brand","embeddable":true,"href":"https:\/\/www.hediyepazar.com\/index.php?rest_route=%2Fwp%2Fv2%2Fproduct_brand&post=109084"},{"taxonomy":"product_cat","embeddable":true,"href":"https:\/\/www.hediyepazar.com\/index.php?rest_route=%2Fwp%2Fv2%2Fproduct_cat&post=109084"},{"taxonomy":"product_tag","embeddable":true,"href":"https:\/\/www.hediyepazar.com\/index.php?rest_route=%2Fwp%2Fv2%2Fproduct_tag&post=109084"}],"curies":[{"name":"wp","href":"https:\/\/api.w.org\/{rel}","templated":true}]}}