{"id":109208,"date":"2026-05-05T01:49:10","date_gmt":"2026-05-05T04:49:10","guid":{"rendered":"https:\/\/www.hediyepazar.com\/?product=makine-dikmeli-perde-dugmesi-perde-ruleti-perde-dugmesi-28-adet"},"modified":"2026-05-05T01:49:10","modified_gmt":"2026-05-05T04:49:10","slug":"makine-dikmeli-perde-dugmesi-perde-ruleti-perde-dugmesi-28-adet","status":"publish","type":"product","link":"https:\/\/www.hediyepazar.com\/?product=makine-dikmeli-perde-dugmesi-perde-ruleti-perde-dugmesi-28-adet","title":{"rendered":"Makine Dikmeli Perde D\u00fc\u011fmesi Perde ruleti Perde D\u00fc\u011fmesi 28 Adet"},"content":{"rendered":"<p>\n\t<strong>Spesifikasyonlar : <\/strong><\/p>\n<p>\n\t<strong>Renk : Resimdeki BEYAZ Renk birebir g\u00f6nderilir. <\/strong><\/p>\n<p>\n\t<strong>Materyal : Plastik <\/strong><\/p>\n<p>\n\t<strong>Ne alacaks\u0131n\u0131z ? : 28 Adet Makine Dikmeli Perde Korni\u015f D\u00fc\u011fmesi <\/strong><\/p>\n<p>\n\t<strong>Makine\u00a0<\/strong>Dikmeli model perdelere tasarlanm\u0131\u015f, plastik perde d\u00fc\u011fmesi\/ruletidir.<\/p>\n<p>\n\tHafif ve sa\u011flam ABS Plastik, paslanmaya kar\u015f\u0131 dayan\u0131kl\u0131d\u0131r, renk kaybetmez ve metal ve nikel olandan daha iyidir.<\/p>\n<p>\n\t<strong>makine dikmeli perde ruleti (perde d\u00fc\u011fmesi)<\/strong> olarak bilinir. Genellikle korni\u015fe tak\u0131lan perdelerin d\u00fczg\u00fcn \u015fekilde hareket etmesini sa\u011flamak i\u00e7in kullan\u0131l\u0131r. Plastik malzemeden \u00fcretilmi\u015f olup, perdeyi korni\u015fe asmak i\u00e7in kullan\u0131lan pratik aksesuarlardand\u0131r.<\/p>\n<p>\n\tKullan\u0131m alanlar\u0131:<br \/>\n\t\u2714 T\u00fcl ve fon perdeler i\u00e7in uygundur.<br \/>\n\t\u2714 Ev, ofis, otel gibi mek\u00e2nlardaki perdelerde kullan\u0131l\u0131r.<br \/>\n\t\u2714 Diki\u015fle perdeye monte edilir.<\/p>\n<p>\n\t<strong>M\u00dcKEMMEL SATI\u015e SONRASI H\u0130ZMET : <\/strong>Bu \u00fcr\u00fcne daha avantajl\u0131 sahip olabilmeniz i\u00e7in ma\u011fazam\u0131z\u0131 ziyaret ederek, kampanyalar\u0131 inceleyebilirsiniz. HSNET \/ HSNET olarak m\u00fc\u015fterilerimize en iyi hizmeti sunmay\u0131 ama\u00e7l\u0131yor, g\u00fcvenle sat\u0131n alabilmeniz i\u00e7in, ambalaj kalitemize g\u00fcveniyor, her \u00fcr\u00fcn sorunsuz teslimat i\u00e7in \u00f6zenle paketliyor ve resimde belirtilen renk, ebat, \u00f6zelikte \u00fcr\u00fcn g\u00f6ndermeyi taahh\u00fct ediyoruz. Hasarl\u0131 \u00fcr\u00fcn ald\u0131ysan\u0131z veya di\u011fer \u00fcr\u00fcn ve paket teslimat sorunlar\u0131 oldu\u011funda bizimle ileti\u015fime ge\u00e7mekten \u00e7ekinmeyin.<\/p>\n","protected":false},"excerpt":{"rendered":"<p>Spesifikasyonlar : Renk : Resimdeki BEYAZ Renk birebir g\u00f6nderilir. Materyal : Plastik Ne alacaks\u0131n\u0131z ? : 28 Adet Makine Dikmeli Perde Korni\u015f D\u00fc\u011fmesi Makine\u00a0Dikmeli model perdelere tasarlanm\u0131\u015f, plastik perde d\u00fc\u011fmesi\/ruletidir. Hafif ve sa\u011flam ABS Plastik, paslanmaya kar\u015f\u0131 dayan\u0131kl\u0131d\u0131r, renk kaybetmez ve metal ve nikel olandan daha iyidir. makine dikmeli perde ruleti (perde d\u00fc\u011fmesi) olarak bilinir&#8230;.<\/p>\n","protected":false},"featured_media":109207,"comment_status":"open","ping_status":"closed","template":"","meta":{"_kad_post_transparent":"","_kad_post_title":"","_kad_post_layout":"","_kad_post_sidebar_id":"","_kad_post_content_style":"","_kad_post_vertical_padding":"","_kad_post_feature":"","_kad_post_feature_position":"","_kad_post_header":false,"_kad_post_footer":false,"_kad_post_classname":""},"product_brand":[],"product_cat":[14445],"product_tag":[],"class_list":{"0":"post-109208","1":"product","2":"type-product","3":"status-publish","4":"has-post-thumbnail","6":"product_cat-perde-ve-kornisler-perde-mobilya-ev-yasam-perde-ve-kornisler","8":"first","9":"instock","10":"purchasable","11":"product-type-simple","12":"entry","13":"content-bg","14":"loop-entry"},"_links":{"self":[{"href":"https:\/\/www.hediyepazar.com\/index.php?rest_route=\/wp\/v2\/product\/109208","targetHints":{"allow":["GET"]}}],"collection":[{"href":"https:\/\/www.hediyepazar.com\/index.php?rest_route=\/wp\/v2\/product"}],"about":[{"href":"https:\/\/www.hediyepazar.com\/index.php?rest_route=\/wp\/v2\/types\/product"}],"replies":[{"embeddable":true,"href":"https:\/\/www.hediyepazar.com\/index.php?rest_route=%2Fwp%2Fv2%2Fcomments&post=109208"}],"wp:featuredmedia":[{"embeddable":true,"href":"https:\/\/www.hediyepazar.com\/index.php?rest_route=\/wp\/v2\/media\/109207"}],"wp:attachment":[{"href":"https:\/\/www.hediyepazar.com\/index.php?rest_route=%2Fwp%2Fv2%2Fmedia&parent=109208"}],"wp:term":[{"taxonomy":"product_brand","embeddable":true,"href":"https:\/\/www.hediyepazar.com\/index.php?rest_route=%2Fwp%2Fv2%2Fproduct_brand&post=109208"},{"taxonomy":"product_cat","embeddable":true,"href":"https:\/\/www.hediyepazar.com\/index.php?rest_route=%2Fwp%2Fv2%2Fproduct_cat&post=109208"},{"taxonomy":"product_tag","embeddable":true,"href":"https:\/\/www.hediyepazar.com\/index.php?rest_route=%2Fwp%2Fv2%2Fproduct_tag&post=109208"}],"curies":[{"name":"wp","href":"https:\/\/api.w.org\/{rel}","templated":true}]}}