{"id":109323,"date":"2026-05-05T02:06:40","date_gmt":"2026-05-05T05:06:40","guid":{"rendered":"https:\/\/www.hediyepazar.com\/?product=on-cam-guneslik-semsiye-tum-araclar-icin-araba-katlanabilir-guneslik"},"modified":"2026-05-05T02:06:40","modified_gmt":"2026-05-05T05:06:40","slug":"on-cam-guneslik-semsiye-tum-araclar-icin-araba-katlanabilir-guneslik","status":"publish","type":"product","link":"https:\/\/www.hediyepazar.com\/?product=on-cam-guneslik-semsiye-tum-araclar-icin-araba-katlanabilir-guneslik","title":{"rendered":"\u00d6n Cam G\u00fcne\u015flik \u015eemsiye T\u00fcm Ara\u00e7lar \u0130\u00e7in Araba Katlanabilir G\u00fcne\u015flik"},"content":{"rendered":"<p>Bu \u00f6zel \u015femsiye, g\u00fcne\u015fin zararl\u0131 UV \u0131\u015f\u0131nlar\u0131n\u0131 engelleyerek ara\u00e7 i\u00e7indeki malzemelerin solmas\u0131n\u0131 ve deformasyona u\u011framas\u0131n\u0131 \u00f6nler. Direksiyon, koltuklar ve torpido gibi i\u00e7 aksamlar\u0131 uzun s\u00fcre koruyarak yeni ve temiz bir g\u00f6r\u00fcn\u00fcm sa\u011flar. Ayn\u0131 zamanda ara\u00e7 i\u00e7indeki s\u0131cakl\u0131\u011f\u0131 dengeleyerek klima kullan\u0131m\u0131n\u0131 azaltman\u0131za yard\u0131mc\u0131 olur, b\u00f6ylece yak\u0131t tasarrufuna da katk\u0131da bulunur.<\/p>\n","protected":false},"excerpt":{"rendered":"<p>Bu \u00f6zel \u015femsiye, g\u00fcne\u015fin zararl\u0131 UV \u0131\u015f\u0131nlar\u0131n\u0131 engelleyerek ara\u00e7 i\u00e7indeki malzemelerin solmas\u0131n\u0131 ve deformasyona u\u011framas\u0131n\u0131 \u00f6nler. Direksiyon, koltuklar ve torpido gibi i\u00e7 aksamlar\u0131 uzun s\u00fcre koruyarak yeni ve temiz bir g\u00f6r\u00fcn\u00fcm sa\u011flar. Ayn\u0131 zamanda ara\u00e7 i\u00e7indeki s\u0131cakl\u0131\u011f\u0131 dengeleyerek klima kullan\u0131m\u0131n\u0131 azaltman\u0131za yard\u0131mc\u0131 olur, b\u00f6ylece yak\u0131t tasarrufuna da katk\u0131da bulunur.<\/p>\n","protected":false},"featured_media":109322,"comment_status":"open","ping_status":"closed","template":"","meta":{"_kad_post_transparent":"","_kad_post_title":"","_kad_post_layout":"","_kad_post_sidebar_id":"","_kad_post_content_style":"","_kad_post_vertical_padding":"","_kad_post_feature":"","_kad_post_feature_position":"","_kad_post_header":false,"_kad_post_footer":false,"_kad_post_classname":""},"product_brand":[],"product_cat":[14921],"product_tag":[],"class_list":{"0":"post-109323","1":"product","2":"type-product","3":"status-publish","4":"has-post-thumbnail","6":"product_cat-oto-guneslik-perde-oto-guneslik-perde-2","8":"first","9":"instock","10":"purchasable","11":"product-type-simple","12":"entry","13":"content-bg","14":"loop-entry"},"_links":{"self":[{"href":"https:\/\/www.hediyepazar.com\/index.php?rest_route=\/wp\/v2\/product\/109323","targetHints":{"allow":["GET"]}}],"collection":[{"href":"https:\/\/www.hediyepazar.com\/index.php?rest_route=\/wp\/v2\/product"}],"about":[{"href":"https:\/\/www.hediyepazar.com\/index.php?rest_route=\/wp\/v2\/types\/product"}],"replies":[{"embeddable":true,"href":"https:\/\/www.hediyepazar.com\/index.php?rest_route=%2Fwp%2Fv2%2Fcomments&post=109323"}],"wp:featuredmedia":[{"embeddable":true,"href":"https:\/\/www.hediyepazar.com\/index.php?rest_route=\/wp\/v2\/media\/109322"}],"wp:attachment":[{"href":"https:\/\/www.hediyepazar.com\/index.php?rest_route=%2Fwp%2Fv2%2Fmedia&parent=109323"}],"wp:term":[{"taxonomy":"product_brand","embeddable":true,"href":"https:\/\/www.hediyepazar.com\/index.php?rest_route=%2Fwp%2Fv2%2Fproduct_brand&post=109323"},{"taxonomy":"product_cat","embeddable":true,"href":"https:\/\/www.hediyepazar.com\/index.php?rest_route=%2Fwp%2Fv2%2Fproduct_cat&post=109323"},{"taxonomy":"product_tag","embeddable":true,"href":"https:\/\/www.hediyepazar.com\/index.php?rest_route=%2Fwp%2Fv2%2Fproduct_tag&post=109323"}],"curies":[{"name":"wp","href":"https:\/\/api.w.org\/{rel}","templated":true}]}}