{"id":109329,"date":"2026-05-05T02:07:58","date_gmt":"2026-05-05T05:07:58","guid":{"rendered":"https:\/\/www.hediyepazar.com\/?product=derma-roller-titanyum-uclu-540-igneli-1-mm-igne"},"modified":"2026-05-05T02:07:58","modified_gmt":"2026-05-05T05:07:58","slug":"derma-roller-titanyum-uclu-540-igneli-1-mm-igne","status":"publish","type":"product","link":"https:\/\/www.hediyepazar.com\/?product=derma-roller-titanyum-uclu-540-igneli-1-mm-igne","title":{"rendered":"Derma Roller Titanyum U\u00e7lu 540 I\u011fneli 1 Mm I\u011fne"},"content":{"rendered":"<p>Bu cihaz, \u00e7ok geni\u015f bir uygulama alan\u0131na sahiptir. Anti-aging uygulamalar\u0131nda, cildin yeniden yap\u0131lanmas\u0131n\u0131 destekleyerek k\u0131r\u0131\u015f\u0131kl\u0131k \u00e7izgilerini azaltmaya yard\u0131mc\u0131 olur. G\u00fcne\u015f lekeleri, cilt hasarlar\u0131, yara ve yan\u0131k izleri, akne izleri ve \u00e7atlaklar\u0131n g\u00f6r\u00fcn\u00fcm\u00fcn\u00fc iyile\u015ftirmek i\u00e7in de s\u0131kl\u0131kla kullan\u0131l\u0131r. Melazma ve hiperpigmentasyon gibi cilt lekelerinin giderilmesinde de olduk\u00e7a ba\u015far\u0131l\u0131 sonu\u00e7lar sunar.<\/p>\n","protected":false},"excerpt":{"rendered":"<p>Bu cihaz, \u00e7ok geni\u015f bir uygulama alan\u0131na sahiptir. Anti-aging uygulamalar\u0131nda, cildin yeniden yap\u0131lanmas\u0131n\u0131 destekleyerek k\u0131r\u0131\u015f\u0131kl\u0131k \u00e7izgilerini azaltmaya yard\u0131mc\u0131 olur. G\u00fcne\u015f lekeleri, cilt hasarlar\u0131, yara ve yan\u0131k izleri, akne izleri ve \u00e7atlaklar\u0131n g\u00f6r\u00fcn\u00fcm\u00fcn\u00fc iyile\u015ftirmek i\u00e7in de s\u0131kl\u0131kla kullan\u0131l\u0131r. Melazma ve hiperpigmentasyon gibi cilt lekelerinin giderilmesinde de olduk\u00e7a ba\u015far\u0131l\u0131 sonu\u00e7lar sunar.<\/p>\n","protected":false},"featured_media":109328,"comment_status":"open","ping_status":"closed","template":"","meta":{"_kad_post_transparent":"","_kad_post_title":"","_kad_post_layout":"","_kad_post_sidebar_id":"","_kad_post_content_style":"","_kad_post_vertical_padding":"","_kad_post_feature":"","_kad_post_feature_position":"","_kad_post_header":false,"_kad_post_footer":false,"_kad_post_classname":""},"product_brand":[],"product_cat":[14923],"product_tag":[],"class_list":{"0":"post-109329","1":"product","2":"type-product","3":"status-publish","4":"has-post-thumbnail","6":"product_cat-dermaroller-dermaroller","8":"first","9":"instock","10":"purchasable","11":"product-type-simple","12":"entry","13":"content-bg","14":"loop-entry"},"_links":{"self":[{"href":"https:\/\/www.hediyepazar.com\/index.php?rest_route=\/wp\/v2\/product\/109329","targetHints":{"allow":["GET"]}}],"collection":[{"href":"https:\/\/www.hediyepazar.com\/index.php?rest_route=\/wp\/v2\/product"}],"about":[{"href":"https:\/\/www.hediyepazar.com\/index.php?rest_route=\/wp\/v2\/types\/product"}],"replies":[{"embeddable":true,"href":"https:\/\/www.hediyepazar.com\/index.php?rest_route=%2Fwp%2Fv2%2Fcomments&post=109329"}],"wp:featuredmedia":[{"embeddable":true,"href":"https:\/\/www.hediyepazar.com\/index.php?rest_route=\/wp\/v2\/media\/109328"}],"wp:attachment":[{"href":"https:\/\/www.hediyepazar.com\/index.php?rest_route=%2Fwp%2Fv2%2Fmedia&parent=109329"}],"wp:term":[{"taxonomy":"product_brand","embeddable":true,"href":"https:\/\/www.hediyepazar.com\/index.php?rest_route=%2Fwp%2Fv2%2Fproduct_brand&post=109329"},{"taxonomy":"product_cat","embeddable":true,"href":"https:\/\/www.hediyepazar.com\/index.php?rest_route=%2Fwp%2Fv2%2Fproduct_cat&post=109329"},{"taxonomy":"product_tag","embeddable":true,"href":"https:\/\/www.hediyepazar.com\/index.php?rest_route=%2Fwp%2Fv2%2Fproduct_tag&post=109329"}],"curies":[{"name":"wp","href":"https:\/\/api.w.org\/{rel}","templated":true}]}}