{"id":109367,"date":"2026-05-05T02:15:10","date_gmt":"2026-05-05T05:15:10","guid":{"rendered":"https:\/\/www.hediyepazar.com\/?product=masaj-etkili-turbolu-cok-fonksiyonlu-filtreli-dus-basligi-yeni-nesil"},"modified":"2026-05-05T02:15:10","modified_gmt":"2026-05-05T05:15:10","slug":"masaj-etkili-turbolu-cok-fonksiyonlu-filtreli-dus-basligi-yeni-nesil","status":"publish","type":"product","link":"https:\/\/www.hediyepazar.com\/?product=masaj-etkili-turbolu-cok-fonksiyonlu-filtreli-dus-basligi-yeni-nesil","title":{"rendered":"Masaj Etkili Turbolu \u00c7ok Fonksiyonlu Filtreli Du\u015f Ba\u015fl\u0131\u011f\u0131 Yeni Nesil"},"content":{"rendered":"<p>Du\u015f ba\u015fl\u0131\u011f\u0131, y\u00fcksek kaliteli krom kaplama malzemeden \u00fcretilmi\u015ftir, bu sayede hem uzun \u00f6m\u00fcrl\u00fc hem de kolay temizlenebilir bir yap\u0131ya sahiptir. Krom y\u00fczeyi sayesinde su lekelerine ve kire\u00e7lenmeye kar\u015f\u0131 diren\u00e7 g\u00f6stererek her zaman parlak ve yeni gibi g\u00f6r\u00fcnen bir du\u015f ba\u015fl\u0131\u011f\u0131na sahip olman\u0131z\u0131 sa\u011flar. Modern ve \u015f\u0131k tasar\u0131m\u0131 ile banyonuzun estetik g\u00f6r\u00fcn\u00fcm\u00fcn\u00fc tamamlar.<\/p>\n","protected":false},"excerpt":{"rendered":"<p>Du\u015f ba\u015fl\u0131\u011f\u0131, y\u00fcksek kaliteli krom kaplama malzemeden \u00fcretilmi\u015ftir, bu sayede hem uzun \u00f6m\u00fcrl\u00fc hem de kolay temizlenebilir bir yap\u0131ya sahiptir. Krom y\u00fczeyi sayesinde su lekelerine ve kire\u00e7lenmeye kar\u015f\u0131 diren\u00e7 g\u00f6stererek her zaman parlak ve yeni gibi g\u00f6r\u00fcnen bir du\u015f ba\u015fl\u0131\u011f\u0131na sahip olman\u0131z\u0131 sa\u011flar. Modern ve \u015f\u0131k tasar\u0131m\u0131 ile banyonuzun estetik g\u00f6r\u00fcn\u00fcm\u00fcn\u00fc tamamlar.<\/p>\n","protected":false},"featured_media":109366,"comment_status":"open","ping_status":"closed","template":"","meta":{"_kad_post_transparent":"","_kad_post_title":"","_kad_post_layout":"","_kad_post_sidebar_id":"","_kad_post_content_style":"","_kad_post_vertical_padding":"","_kad_post_feature":"","_kad_post_feature_position":"","_kad_post_header":false,"_kad_post_footer":false,"_kad_post_classname":""},"product_brand":[],"product_cat":[14915],"product_tag":[],"class_list":{"0":"post-109367","1":"product","2":"type-product","3":"status-publish","4":"has-post-thumbnail","6":"product_cat-dus-basligi-dus-basligi","8":"first","9":"instock","10":"purchasable","11":"product-type-simple","12":"entry","13":"content-bg","14":"loop-entry"},"_links":{"self":[{"href":"https:\/\/www.hediyepazar.com\/index.php?rest_route=\/wp\/v2\/product\/109367","targetHints":{"allow":["GET"]}}],"collection":[{"href":"https:\/\/www.hediyepazar.com\/index.php?rest_route=\/wp\/v2\/product"}],"about":[{"href":"https:\/\/www.hediyepazar.com\/index.php?rest_route=\/wp\/v2\/types\/product"}],"replies":[{"embeddable":true,"href":"https:\/\/www.hediyepazar.com\/index.php?rest_route=%2Fwp%2Fv2%2Fcomments&post=109367"}],"wp:featuredmedia":[{"embeddable":true,"href":"https:\/\/www.hediyepazar.com\/index.php?rest_route=\/wp\/v2\/media\/109366"}],"wp:attachment":[{"href":"https:\/\/www.hediyepazar.com\/index.php?rest_route=%2Fwp%2Fv2%2Fmedia&parent=109367"}],"wp:term":[{"taxonomy":"product_brand","embeddable":true,"href":"https:\/\/www.hediyepazar.com\/index.php?rest_route=%2Fwp%2Fv2%2Fproduct_brand&post=109367"},{"taxonomy":"product_cat","embeddable":true,"href":"https:\/\/www.hediyepazar.com\/index.php?rest_route=%2Fwp%2Fv2%2Fproduct_cat&post=109367"},{"taxonomy":"product_tag","embeddable":true,"href":"https:\/\/www.hediyepazar.com\/index.php?rest_route=%2Fwp%2Fv2%2Fproduct_tag&post=109367"}],"curies":[{"name":"wp","href":"https:\/\/api.w.org\/{rel}","templated":true}]}}