{"id":109395,"date":"2026-05-05T02:22:08","date_gmt":"2026-05-05T05:22:08","guid":{"rendered":"https:\/\/www.hediyepazar.com\/?product=yeni-nesil-ultra-akilli-saat-adimsayar-uyku-takibi-nabiz-sensoru"},"modified":"2026-05-05T02:22:08","modified_gmt":"2026-05-05T05:22:08","slug":"yeni-nesil-ultra-akilli-saat-adimsayar-uyku-takibi-nabiz-sensoru","status":"publish","type":"product","link":"https:\/\/www.hediyepazar.com\/?product=yeni-nesil-ultra-akilli-saat-adimsayar-uyku-takibi-nabiz-sensoru","title":{"rendered":"Yeni Nesil Ultra Ak\u0131ll\u0131 Saat Ad\u0131msayar Uyku Takibi Nab\u0131z Sens\u00f6r\u00fc"},"content":{"rendered":"<p>Bu ak\u0131ll\u0131 saat, geli\u015fmi\u015f sa\u011fl\u0131k takibi ve dayan\u0131kl\u0131 yap\u0131s\u0131yla g\u00fcnl\u00fck ya\u015fam\u0131n\u0131z\u0131 kolayla\u015ft\u0131rmak i\u00e7in tasarlanm\u0131\u015ft\u0131r. Nab\u0131z sens\u00f6r\u00fc sayesinde kalp at\u0131\u015f h\u0131z\u0131n\u0131z\u0131 s\u00fcrekli olarak izleyerek sa\u011fl\u0131\u011f\u0131n\u0131z hakk\u0131nda de\u011ferli bilgiler sa\u011flar. Uyku takibi fonksiyonu, uyku d\u00fczeninizi analiz ederek daha kaliteli bir uyku i\u00e7in rehberlik eder. Ayr\u0131ca ad\u0131m sayar \u00f6zelli\u011fi, g\u00fcnl\u00fck hareketlerinizi kaydederek sa\u011fl\u0131kl\u0131 ya\u015fam hedeflerinize ula\u015fman\u0131za yard\u0131mc\u0131 olur.Suya ve toza kar\u015f\u0131 dayan\u0131kl\u0131 yap\u0131s\u0131 sayesinde ya\u011fmur alt\u0131nda veya elinizi y\u0131karken endi\u015fe etmeden kullanabilirsiniz. GPS \u00f6zelli\u011fi, konumunuzu kolayca takip etmenize olanak tan\u0131yarak \u00f6zellikle spor aktivitelerinde performans\u0131n\u0131z\u0131 art\u0131r\u0131r. Sesli g\u00f6r\u00fc\u015fme imkan\u0131 ile telefonunuza dokunmadan aramalar\u0131n\u0131z\u0131 y\u00f6netebilir, ileti\u015fimi daha pratik hale getirebilirsiniz.200-300 mAh batarya kapasitesi ile uzun s\u00fcreli kullan\u0131m sunan bu ak\u0131ll\u0131 saat, \u015f\u0131k tasar\u0131m\u0131yla da dikkat \u00e7eker. Krem rengi kordon se\u00e7ene\u011fi, her t\u00fcrl\u00fc k\u0131yafetle uyum sa\u011flayarak zarif bir stil olu\u015fturman\u0131za yard\u0131mc\u0131 olur. Titre\u015fim bildirimleri, \u00f6nemli \u00e7a\u011fr\u0131lar\u0131 ve mesajlar\u0131 ka\u00e7\u0131rmadan an\u0131nda haberdar olman\u0131z\u0131 sa\u011flar. Yeti\u015fkin kullan\u0131c\u0131lar i\u00e7in ideal olan bu model, hem teknolojik hem de estetik a\u00e7\u0131dan beklentileri kar\u015f\u0131layan bir ak\u0131ll\u0131 saat deneyimi sunar.<\/p>\n","protected":false},"excerpt":{"rendered":"<p>Bu ak\u0131ll\u0131 saat, geli\u015fmi\u015f sa\u011fl\u0131k takibi ve dayan\u0131kl\u0131 yap\u0131s\u0131yla g\u00fcnl\u00fck ya\u015fam\u0131n\u0131z\u0131 kolayla\u015ft\u0131rmak i\u00e7in tasarlanm\u0131\u015ft\u0131r. Nab\u0131z sens\u00f6r\u00fc sayesinde kalp at\u0131\u015f h\u0131z\u0131n\u0131z\u0131 s\u00fcrekli olarak izleyerek sa\u011fl\u0131\u011f\u0131n\u0131z hakk\u0131nda de\u011ferli bilgiler sa\u011flar. Uyku takibi fonksiyonu, uyku d\u00fczeninizi analiz ederek daha kaliteli bir uyku i\u00e7in rehberlik eder. Ayr\u0131ca ad\u0131m sayar \u00f6zelli\u011fi, g\u00fcnl\u00fck hareketlerinizi kaydederek sa\u011fl\u0131kl\u0131 ya\u015fam hedeflerinize ula\u015fman\u0131za yard\u0131mc\u0131 olur.Suya&#8230;<\/p>\n","protected":false},"featured_media":109394,"comment_status":"open","ping_status":"closed","template":"","meta":{"_kad_post_transparent":"","_kad_post_title":"","_kad_post_layout":"","_kad_post_sidebar_id":"","_kad_post_content_style":"","_kad_post_vertical_padding":"","_kad_post_feature":"","_kad_post_feature_position":"","_kad_post_header":false,"_kad_post_footer":false,"_kad_post_classname":""},"product_brand":[],"product_cat":[14935],"product_tag":[],"class_list":{"0":"post-109395","1":"product","2":"type-product","3":"status-publish","4":"has-post-thumbnail","6":"product_cat-akilli-saatler-akilli-saatler","8":"first","9":"instock","10":"purchasable","11":"product-type-simple","12":"entry","13":"content-bg","14":"loop-entry"},"_links":{"self":[{"href":"https:\/\/www.hediyepazar.com\/index.php?rest_route=\/wp\/v2\/product\/109395","targetHints":{"allow":["GET"]}}],"collection":[{"href":"https:\/\/www.hediyepazar.com\/index.php?rest_route=\/wp\/v2\/product"}],"about":[{"href":"https:\/\/www.hediyepazar.com\/index.php?rest_route=\/wp\/v2\/types\/product"}],"replies":[{"embeddable":true,"href":"https:\/\/www.hediyepazar.com\/index.php?rest_route=%2Fwp%2Fv2%2Fcomments&post=109395"}],"wp:featuredmedia":[{"embeddable":true,"href":"https:\/\/www.hediyepazar.com\/index.php?rest_route=\/wp\/v2\/media\/109394"}],"wp:attachment":[{"href":"https:\/\/www.hediyepazar.com\/index.php?rest_route=%2Fwp%2Fv2%2Fmedia&parent=109395"}],"wp:term":[{"taxonomy":"product_brand","embeddable":true,"href":"https:\/\/www.hediyepazar.com\/index.php?rest_route=%2Fwp%2Fv2%2Fproduct_brand&post=109395"},{"taxonomy":"product_cat","embeddable":true,"href":"https:\/\/www.hediyepazar.com\/index.php?rest_route=%2Fwp%2Fv2%2Fproduct_cat&post=109395"},{"taxonomy":"product_tag","embeddable":true,"href":"https:\/\/www.hediyepazar.com\/index.php?rest_route=%2Fwp%2Fv2%2Fproduct_tag&post=109395"}],"curies":[{"name":"wp","href":"https:\/\/api.w.org\/{rel}","templated":true}]}}