{"id":109403,"date":"2026-05-05T02:24:03","date_gmt":"2026-05-05T05:24:03","guid":{"rendered":"https:\/\/www.hediyepazar.com\/?product=g42-akilli-saat"},"modified":"2026-05-05T02:24:03","modified_gmt":"2026-05-05T05:24:03","slug":"g42-akilli-saat","status":"publish","type":"product","link":"https:\/\/www.hediyepazar.com\/?product=g42-akilli-saat","title":{"rendered":"G42 AKILLI SAAT"},"content":{"rendered":"<p>Bu ak\u0131ll\u0131 saat, geni\u015f fonksiyon yelpazesiyle g\u00fcnl\u00fck ya\u015fam\u0131n\u0131z\u0131 kolayla\u015ft\u0131ran bir teknoloji harikas\u0131d\u0131r. IOS ve Android cihazlarla uyumlu olup, Android 4.4 ve \u00fcst\u00fc ile iOS 10.0 ve \u00fczeri i\u015fletim sistemlerini destekler. Kablosuz \u015farj \u00f6zelli\u011fi sayesinde pratik bir \u015fekilde \u015farj edilebilir ve Bluetooth sesli g\u00f6r\u00fc\u015fme fonksiyonu ile telefon g\u00f6r\u00fc\u015fmelerinizi do\u011frudan saat \u00fczerinden yapman\u0131za olanak tan\u0131r.Saat, sa\u011fl\u0131k takibi konusunda da olduk\u00e7a donan\u0131ml\u0131d\u0131r. Nab\u0131z \u00f6l\u00e7\u00fcm\u00fc, kan bas\u0131n\u00e7 takibi, uyku analizi, ad\u0131m sayar, kalori ve mesafe \u00f6l\u00e7\u00fcm\u00fc gibi \u00f6zellikleriyle sa\u011fl\u0131\u011f\u0131n\u0131z\u0131 d\u00fczenli olarak takip edebilirsiniz. Ayr\u0131ca, nefes egzersizleri ve spor modlar\u0131 sayesinde antrenmanlar\u0131n\u0131z\u0131 daha verimli hale getirebilirsiniz. Oturma\/kalkma uyar\u0131s\u0131 ile uzun s\u00fcre hareketsiz kalman\u0131z durumunda sizi hareket etmeye te\u015fvik eder.G\u00fcnl\u00fck hayat\u0131n\u0131z\u0131 organize etmek i\u00e7in de bir\u00e7ok kullan\u0131\u015fl\u0131 fonksiyona sahiptir. Mesaj ve sosyal medya bildirimlerini alabilir, hava durumu tahminlerini g\u00f6r\u00fcnt\u00fcleyebilir, ba\u011f\u0131ms\u0131z alarm kurabilir, kronometre ve hesap makinesi gibi pratik ara\u00e7lar\u0131 kullanabilirsiniz. NFC deste\u011fi ile temass\u0131z \u00f6deme i\u015flemleri yapabilir ve numara \u00e7evirme ekran\u0131, m\u00fczik kontrol\u00fc, ekran parlakl\u0131k ayar\u0131 ve g\u00fc\u00e7 tasarrufu modu gibi ek \u00f6zelliklerle kullan\u0131m deneyiminizi ki\u015fiselle\u015ftirebilirsiniz. \u015e\u0131k tasar\u0131m\u0131 ve g\u00fc\u00e7l\u00fc \u00f6zellikleriyle hem i\u015flevsel hem de estetik bir ak\u0131ll\u0131 saat arayanlar i\u00e7in m\u00fckemmel bir se\u00e7imdir.<\/p>\n","protected":false},"excerpt":{"rendered":"<p>Bu ak\u0131ll\u0131 saat, geni\u015f fonksiyon yelpazesiyle g\u00fcnl\u00fck ya\u015fam\u0131n\u0131z\u0131 kolayla\u015ft\u0131ran bir teknoloji harikas\u0131d\u0131r. IOS ve Android cihazlarla uyumlu olup, Android 4.4 ve \u00fcst\u00fc ile iOS 10.0 ve \u00fczeri i\u015fletim sistemlerini destekler. Kablosuz \u015farj \u00f6zelli\u011fi sayesinde pratik bir \u015fekilde \u015farj edilebilir ve Bluetooth sesli g\u00f6r\u00fc\u015fme fonksiyonu ile telefon g\u00f6r\u00fc\u015fmelerinizi do\u011frudan saat \u00fczerinden yapman\u0131za olanak tan\u0131r.Saat, sa\u011fl\u0131k takibi&#8230;<\/p>\n","protected":false},"featured_media":109402,"comment_status":"open","ping_status":"closed","template":"","meta":{"_kad_post_transparent":"","_kad_post_title":"","_kad_post_layout":"","_kad_post_sidebar_id":"","_kad_post_content_style":"","_kad_post_vertical_padding":"","_kad_post_feature":"","_kad_post_feature_position":"","_kad_post_header":false,"_kad_post_footer":false,"_kad_post_classname":""},"product_brand":[],"product_cat":[14935],"product_tag":[],"class_list":{"0":"post-109403","1":"product","2":"type-product","3":"status-publish","4":"has-post-thumbnail","6":"product_cat-akilli-saatler-akilli-saatler","8":"first","9":"instock","10":"purchasable","11":"product-type-simple","12":"entry","13":"content-bg","14":"loop-entry"},"_links":{"self":[{"href":"https:\/\/www.hediyepazar.com\/index.php?rest_route=\/wp\/v2\/product\/109403","targetHints":{"allow":["GET"]}}],"collection":[{"href":"https:\/\/www.hediyepazar.com\/index.php?rest_route=\/wp\/v2\/product"}],"about":[{"href":"https:\/\/www.hediyepazar.com\/index.php?rest_route=\/wp\/v2\/types\/product"}],"replies":[{"embeddable":true,"href":"https:\/\/www.hediyepazar.com\/index.php?rest_route=%2Fwp%2Fv2%2Fcomments&post=109403"}],"wp:featuredmedia":[{"embeddable":true,"href":"https:\/\/www.hediyepazar.com\/index.php?rest_route=\/wp\/v2\/media\/109402"}],"wp:attachment":[{"href":"https:\/\/www.hediyepazar.com\/index.php?rest_route=%2Fwp%2Fv2%2Fmedia&parent=109403"}],"wp:term":[{"taxonomy":"product_brand","embeddable":true,"href":"https:\/\/www.hediyepazar.com\/index.php?rest_route=%2Fwp%2Fv2%2Fproduct_brand&post=109403"},{"taxonomy":"product_cat","embeddable":true,"href":"https:\/\/www.hediyepazar.com\/index.php?rest_route=%2Fwp%2Fv2%2Fproduct_cat&post=109403"},{"taxonomy":"product_tag","embeddable":true,"href":"https:\/\/www.hediyepazar.com\/index.php?rest_route=%2Fwp%2Fv2%2Fproduct_tag&post=109403"}],"curies":[{"name":"wp","href":"https:\/\/api.w.org\/{rel}","templated":true}]}}