{"id":109445,"date":"2026-05-05T02:29:18","date_gmt":"2026-05-05T05:29:18","guid":{"rendered":"https:\/\/www.hediyepazar.com\/?product=bahce-aydinlatmasi-solar-gunes-enerjili-dekoratik-led-isikli-lamba"},"modified":"2026-05-05T02:29:18","modified_gmt":"2026-05-05T05:29:18","slug":"bahce-aydinlatmasi-solar-gunes-enerjili-dekoratik-led-isikli-lamba","status":"publish","type":"product","link":"https:\/\/www.hediyepazar.com\/?product=bahce-aydinlatmasi-solar-gunes-enerjili-dekoratik-led-isikli-lamba","title":{"rendered":"Bah\u00e7e Ayd\u0131nlatmas\u0131 Solar G\u00fcne\u015f Enerjili Dekoratik Led I\u015f\u0131kl\u0131 Lamba"},"content":{"rendered":"<p>\u00dcr\u00fcn\u00fcn en \u00f6nemli \u00f6zelliklerinden biri dayan\u0131kl\u0131l\u0131\u011f\u0131d\u0131r. Su ge\u00e7irmez ve hava ko\u015fullar\u0131na dayan\u0131kl\u0131 yap\u0131s\u0131 sayesinde ya\u011fmur, kar, r\u00fczgar gibi zorlu hava \u015fartlar\u0131na kar\u015f\u0131 \u00fcst\u00fcn koruma sa\u011flar. Sa\u011flam malzemeden \u00fcretilmi\u015f olan g\u00f6vde yap\u0131s\u0131, uzun y\u0131llar sorunsuz bir kullan\u0131m sunar. LED teknolojisi sayesinde enerji t\u00fcketimi s\u0131f\u0131ra inerken, ayn\u0131 zamanda uzun \u00f6m\u00fcrl\u00fc bir ayd\u0131nlatma deneyimi ya\u015fat\u0131r. Klasik d\u0131\u015f mekan ayd\u0131nlatmalar\u0131na k\u0131yasla daha az bak\u0131m gerektiren bu solar aplik, hem \u00e7evre dostu hem de ekonomik bir alternatif sunar.<\/p>\n","protected":false},"excerpt":{"rendered":"<p>\u00dcr\u00fcn\u00fcn en \u00f6nemli \u00f6zelliklerinden biri dayan\u0131kl\u0131l\u0131\u011f\u0131d\u0131r. Su ge\u00e7irmez ve hava ko\u015fullar\u0131na dayan\u0131kl\u0131 yap\u0131s\u0131 sayesinde ya\u011fmur, kar, r\u00fczgar gibi zorlu hava \u015fartlar\u0131na kar\u015f\u0131 \u00fcst\u00fcn koruma sa\u011flar. Sa\u011flam malzemeden \u00fcretilmi\u015f olan g\u00f6vde yap\u0131s\u0131, uzun y\u0131llar sorunsuz bir kullan\u0131m sunar. LED teknolojisi sayesinde enerji t\u00fcketimi s\u0131f\u0131ra inerken, ayn\u0131 zamanda uzun \u00f6m\u00fcrl\u00fc bir ayd\u0131nlatma deneyimi ya\u015fat\u0131r. Klasik d\u0131\u015f mekan&#8230;<\/p>\n","protected":false},"featured_media":109444,"comment_status":"open","ping_status":"closed","template":"","meta":{"_kad_post_transparent":"","_kad_post_title":"","_kad_post_layout":"","_kad_post_sidebar_id":"","_kad_post_content_style":"","_kad_post_vertical_padding":"","_kad_post_feature":"","_kad_post_feature_position":"","_kad_post_header":false,"_kad_post_footer":false,"_kad_post_classname":""},"product_brand":[],"product_cat":[14946],"product_tag":[],"class_list":{"0":"post-109445","1":"product","2":"type-product","3":"status-publish","4":"has-post-thumbnail","6":"product_cat-bahce-aydinlatmasi-bahce-aydinlatmasi","8":"first","9":"instock","10":"purchasable","11":"product-type-simple","12":"entry","13":"content-bg","14":"loop-entry"},"_links":{"self":[{"href":"https:\/\/www.hediyepazar.com\/index.php?rest_route=\/wp\/v2\/product\/109445","targetHints":{"allow":["GET"]}}],"collection":[{"href":"https:\/\/www.hediyepazar.com\/index.php?rest_route=\/wp\/v2\/product"}],"about":[{"href":"https:\/\/www.hediyepazar.com\/index.php?rest_route=\/wp\/v2\/types\/product"}],"replies":[{"embeddable":true,"href":"https:\/\/www.hediyepazar.com\/index.php?rest_route=%2Fwp%2Fv2%2Fcomments&post=109445"}],"wp:featuredmedia":[{"embeddable":true,"href":"https:\/\/www.hediyepazar.com\/index.php?rest_route=\/wp\/v2\/media\/109444"}],"wp:attachment":[{"href":"https:\/\/www.hediyepazar.com\/index.php?rest_route=%2Fwp%2Fv2%2Fmedia&parent=109445"}],"wp:term":[{"taxonomy":"product_brand","embeddable":true,"href":"https:\/\/www.hediyepazar.com\/index.php?rest_route=%2Fwp%2Fv2%2Fproduct_brand&post=109445"},{"taxonomy":"product_cat","embeddable":true,"href":"https:\/\/www.hediyepazar.com\/index.php?rest_route=%2Fwp%2Fv2%2Fproduct_cat&post=109445"},{"taxonomy":"product_tag","embeddable":true,"href":"https:\/\/www.hediyepazar.com\/index.php?rest_route=%2Fwp%2Fv2%2Fproduct_tag&post=109445"}],"curies":[{"name":"wp","href":"https:\/\/api.w.org\/{rel}","templated":true}]}}