{"id":109501,"date":"2026-05-05T02:36:04","date_gmt":"2026-05-05T05:36:04","guid":{"rendered":"https:\/\/www.hediyepazar.com\/?product=akilli-saat-sesli-gorusme-bluetooth-baglantili-kablosuz-sarj-ozelligi"},"modified":"2026-05-05T02:36:04","modified_gmt":"2026-05-05T05:36:04","slug":"akilli-saat-sesli-gorusme-bluetooth-baglantili-kablosuz-sarj-ozelligi","status":"publish","type":"product","link":"https:\/\/www.hediyepazar.com\/?product=akilli-saat-sesli-gorusme-bluetooth-baglantili-kablosuz-sarj-ozelligi","title":{"rendered":"Ak\u0131ll\u0131 Saat Sesli G\u00f6r\u00fc\u015fme Bluetooth Ba\u011flant\u0131l\u0131 Kablosuz \u015earj \u00d6zelli\u011fi"},"content":{"rendered":"<p>Bu ak\u0131ll\u0131 saat, 1.9 in\u00e7 geni\u015f ekran\u0131 ve 320&#215;385 \u00e7\u00f6z\u00fcn\u00fcrl\u00fc\u011f\u00fc ile net ve canl\u0131 g\u00f6r\u00fcnt\u00fcler sunar. Bluetooth 5.0 ba\u011flant\u0131 deste\u011fi sayesinde h\u0131zl\u0131 ve stabil bir ba\u011flant\u0131 sa\u011flar. 380mAh batarya kapasitesi ile ortalama 5-6 g\u00fcn aktif kullan\u0131m s\u00fcresi sunarken, 25-35 g\u00fcne kadar bekleme s\u00fcresi ile uzun s\u00fcreli performans sergiler. Kablosuz \u015farj \u00f6zelli\u011fi sayesinde pratik bir kullan\u0131m sunan bu ak\u0131ll\u0131 saat, yakla\u015f\u0131k 5 saatlik \u015farj s\u00fcresi ile tam dolum sa\u011flar. IP68 su ge\u00e7irmezlik derecesi ile el y\u0131kama, ya\u011fmur ve terlemeye kar\u015f\u0131 dayan\u0131kl\u0131d\u0131r.Saatin geli\u015fmi\u015f \u00f6zellikleri aras\u0131nda arama yapma ve gelen aramalar\u0131 yan\u0131tlama, mesaj bildirimlerini okuma, Always-On Display (AOD) \u00f6zelli\u011fi, Siri ve Google Asistan deste\u011fi bulunur. 500\u2019den fazla saat temas\u0131 se\u00e7ene\u011fi sunarken, arka plana ki\u015fisel resim ekleme imkan\u0131 tan\u0131r. Ayr\u0131ca, GPS hareket takibi, pedometre, kalori takibi, kalp ritmi \u00f6l\u00e7\u00fcm\u00fc, uyku takibi ve kad\u0131nlar i\u00e7in \u00f6zel g\u00fcn takibi gibi sa\u011fl\u0131k odakl\u0131 \u00f6zellikleriyle g\u00fcnl\u00fck aktivitelerinizi izleyebilirsiniz.Sosyal medya entegrasyonu ile \u00e7e\u015fitli platformlardan gelen mesaj bildirimlerini destekler. AI sesli asistan\u0131, ba\u011f\u0131ms\u0131z saat alarm\u0131, kronometre, hesap makinesi, telefon bulma gibi fonksiyonlarla kullan\u0131c\u0131 deneyimini zenginle\u015ftirir. NFC deste\u011fi sayesinde IC kart kap\u0131 giri\u015flerini desteklerken, \u015fifreli eri\u015fim kontrol sistemleriyle de uyumludur. \u00c7oklu dil deste\u011fi sayesinde T\u00fcrk\u00e7e dahil bir\u00e7ok dilde kullan\u0131m imkan\u0131 sunar. \u015e\u0131k ve ergonomik tasar\u0131m\u0131yla g\u00fcnl\u00fck ya\u015famda, spor aktivitelerinde ve i\u015f hayat\u0131nda rahat\u00e7a kullan\u0131labilecek bir ak\u0131ll\u0131 saattir.<\/p>\n","protected":false},"excerpt":{"rendered":"<p>Bu ak\u0131ll\u0131 saat, 1.9 in\u00e7 geni\u015f ekran\u0131 ve 320&#215;385 \u00e7\u00f6z\u00fcn\u00fcrl\u00fc\u011f\u00fc ile net ve canl\u0131 g\u00f6r\u00fcnt\u00fcler sunar. Bluetooth 5.0 ba\u011flant\u0131 deste\u011fi sayesinde h\u0131zl\u0131 ve stabil bir ba\u011flant\u0131 sa\u011flar. 380mAh batarya kapasitesi ile ortalama 5-6 g\u00fcn aktif kullan\u0131m s\u00fcresi sunarken, 25-35 g\u00fcne kadar bekleme s\u00fcresi ile uzun s\u00fcreli performans sergiler. Kablosuz \u015farj \u00f6zelli\u011fi sayesinde pratik bir kullan\u0131m&#8230;<\/p>\n","protected":false},"featured_media":109500,"comment_status":"open","ping_status":"closed","template":"","meta":{"_kad_post_transparent":"","_kad_post_title":"","_kad_post_layout":"","_kad_post_sidebar_id":"","_kad_post_content_style":"","_kad_post_vertical_padding":"","_kad_post_feature":"","_kad_post_feature_position":"","_kad_post_header":false,"_kad_post_footer":false,"_kad_post_classname":""},"product_brand":[],"product_cat":[14935],"product_tag":[],"class_list":{"0":"post-109501","1":"product","2":"type-product","3":"status-publish","4":"has-post-thumbnail","6":"product_cat-akilli-saatler-akilli-saatler","8":"first","9":"instock","10":"purchasable","11":"product-type-simple","12":"entry","13":"content-bg","14":"loop-entry"},"_links":{"self":[{"href":"https:\/\/www.hediyepazar.com\/index.php?rest_route=\/wp\/v2\/product\/109501","targetHints":{"allow":["GET"]}}],"collection":[{"href":"https:\/\/www.hediyepazar.com\/index.php?rest_route=\/wp\/v2\/product"}],"about":[{"href":"https:\/\/www.hediyepazar.com\/index.php?rest_route=\/wp\/v2\/types\/product"}],"replies":[{"embeddable":true,"href":"https:\/\/www.hediyepazar.com\/index.php?rest_route=%2Fwp%2Fv2%2Fcomments&post=109501"}],"wp:featuredmedia":[{"embeddable":true,"href":"https:\/\/www.hediyepazar.com\/index.php?rest_route=\/wp\/v2\/media\/109500"}],"wp:attachment":[{"href":"https:\/\/www.hediyepazar.com\/index.php?rest_route=%2Fwp%2Fv2%2Fmedia&parent=109501"}],"wp:term":[{"taxonomy":"product_brand","embeddable":true,"href":"https:\/\/www.hediyepazar.com\/index.php?rest_route=%2Fwp%2Fv2%2Fproduct_brand&post=109501"},{"taxonomy":"product_cat","embeddable":true,"href":"https:\/\/www.hediyepazar.com\/index.php?rest_route=%2Fwp%2Fv2%2Fproduct_cat&post=109501"},{"taxonomy":"product_tag","embeddable":true,"href":"https:\/\/www.hediyepazar.com\/index.php?rest_route=%2Fwp%2Fv2%2Fproduct_tag&post=109501"}],"curies":[{"name":"wp","href":"https:\/\/api.w.org\/{rel}","templated":true}]}}