{"id":109672,"date":"2026-05-05T03:07:20","date_gmt":"2026-05-05T06:07:20","guid":{"rendered":"https:\/\/www.hediyepazar.com\/?product=bahce-lambasi-bahce-aydinlatma-sensorlu-suya-dayanikli-100-led"},"modified":"2026-05-05T03:07:20","modified_gmt":"2026-05-05T06:07:20","slug":"bahce-lambasi-bahce-aydinlatma-sensorlu-suya-dayanikli-100-led","status":"publish","type":"product","link":"https:\/\/www.hediyepazar.com\/?product=bahce-lambasi-bahce-aydinlatma-sensorlu-suya-dayanikli-100-led","title":{"rendered":"Bah\u00e7e Lambas\u0131 Bah\u00e7e Ayd\u0131nlatma Sens\u00f6rl\u00fc Suya Dayan\u0131kl\u0131 100 Led"},"content":{"rendered":"<p>100 LED\u2019li g\u00fcne\u015f enerjili bah\u00e7e lambas\u0131, enerji tasarruflu ve \u00e7evre dostu bir ayd\u0131nlatma \u00e7\u00f6z\u00fcm\u00fcd\u00fcr. G\u00fcnd\u00fcz g\u00fcne\u015f \u0131\u015f\u0131\u011f\u0131n\u0131 emerek, gece boyunca 8 saatten fazla ayd\u0131nlatma sa\u011flar. 5.5V giri\u015f voltaj\u0131 ve 20W g\u00fcc\u00fcyle parlak beyaz \u0131\u015f\u0131k sunan bu lamba, 3.7V 2200mAh lityum pil ile uzun s\u00fcreli kullan\u0131m imkan\u0131 tan\u0131r. PIR sens\u00f6r\u00fc, 120\u00b0 geni\u015f a\u00e7\u0131l\u0131 alg\u0131lama \u00f6zelli\u011fiyle 3-5 metre mesafedeki hareketleri tespit eder ve 20-25 saniye boyunca y\u00fcksek \u0131\u015f\u0131k modunda \u00e7al\u0131\u015f\u0131r. IP65 su ge\u00e7irmez koruma s\u0131n\u0131f\u0131na sahip ABS malzemesi sayesinde her t\u00fcrl\u00fc hava ko\u015fuluna dayan\u0131kl\u0131d\u0131r. Kompakt ve \u015f\u0131k tasar\u0131m\u0131yla bah\u00e7enizi, garaj\u0131n\u0131z\u0131 veya d\u0131\u015f mekan\u0131n\u0131z\u0131 g\u00fcvenle ayd\u0131nlatabilirsiniz.<\/p>\n","protected":false},"excerpt":{"rendered":"<p>100 LED\u2019li g\u00fcne\u015f enerjili bah\u00e7e lambas\u0131, enerji tasarruflu ve \u00e7evre dostu bir ayd\u0131nlatma \u00e7\u00f6z\u00fcm\u00fcd\u00fcr. G\u00fcnd\u00fcz g\u00fcne\u015f \u0131\u015f\u0131\u011f\u0131n\u0131 emerek, gece boyunca 8 saatten fazla ayd\u0131nlatma sa\u011flar. 5.5V giri\u015f voltaj\u0131 ve 20W g\u00fcc\u00fcyle parlak beyaz \u0131\u015f\u0131k sunan bu lamba, 3.7V 2200mAh lityum pil ile uzun s\u00fcreli kullan\u0131m imkan\u0131 tan\u0131r. PIR sens\u00f6r\u00fc, 120\u00b0 geni\u015f a\u00e7\u0131l\u0131 alg\u0131lama \u00f6zelli\u011fiyle 3-5&#8230;<\/p>\n","protected":false},"featured_media":109671,"comment_status":"open","ping_status":"closed","template":"","meta":{"_kad_post_transparent":"","_kad_post_title":"","_kad_post_layout":"","_kad_post_sidebar_id":"","_kad_post_content_style":"","_kad_post_vertical_padding":"","_kad_post_feature":"","_kad_post_feature_position":"","_kad_post_header":false,"_kad_post_footer":false,"_kad_post_classname":""},"product_brand":[],"product_cat":[14946],"product_tag":[],"class_list":{"0":"post-109672","1":"product","2":"type-product","3":"status-publish","4":"has-post-thumbnail","6":"product_cat-bahce-aydinlatmasi-bahce-aydinlatmasi","8":"first","9":"instock","10":"purchasable","11":"product-type-simple","12":"entry","13":"content-bg","14":"loop-entry"},"_links":{"self":[{"href":"https:\/\/www.hediyepazar.com\/index.php?rest_route=\/wp\/v2\/product\/109672","targetHints":{"allow":["GET"]}}],"collection":[{"href":"https:\/\/www.hediyepazar.com\/index.php?rest_route=\/wp\/v2\/product"}],"about":[{"href":"https:\/\/www.hediyepazar.com\/index.php?rest_route=\/wp\/v2\/types\/product"}],"replies":[{"embeddable":true,"href":"https:\/\/www.hediyepazar.com\/index.php?rest_route=%2Fwp%2Fv2%2Fcomments&post=109672"}],"wp:featuredmedia":[{"embeddable":true,"href":"https:\/\/www.hediyepazar.com\/index.php?rest_route=\/wp\/v2\/media\/109671"}],"wp:attachment":[{"href":"https:\/\/www.hediyepazar.com\/index.php?rest_route=%2Fwp%2Fv2%2Fmedia&parent=109672"}],"wp:term":[{"taxonomy":"product_brand","embeddable":true,"href":"https:\/\/www.hediyepazar.com\/index.php?rest_route=%2Fwp%2Fv2%2Fproduct_brand&post=109672"},{"taxonomy":"product_cat","embeddable":true,"href":"https:\/\/www.hediyepazar.com\/index.php?rest_route=%2Fwp%2Fv2%2Fproduct_cat&post=109672"},{"taxonomy":"product_tag","embeddable":true,"href":"https:\/\/www.hediyepazar.com\/index.php?rest_route=%2Fwp%2Fv2%2Fproduct_tag&post=109672"}],"curies":[{"name":"wp","href":"https:\/\/api.w.org\/{rel}","templated":true}]}}