{"id":109728,"date":"2026-05-05T03:13:15","date_gmt":"2026-05-05T06:13:15","guid":{"rendered":"https:\/\/www.hediyepazar.com\/?product=aksesuar-hediyeli-akilli-saat-ve-dijital-gostergeli-powerbankli-bluetooth-kulaklik"},"modified":"2026-05-05T03:13:15","modified_gmt":"2026-05-05T06:13:15","slug":"aksesuar-hediyeli-akilli-saat-ve-dijital-gostergeli-powerbankli-bluetooth-kulaklik","status":"publish","type":"product","link":"https:\/\/www.hediyepazar.com\/?product=aksesuar-hediyeli-akilli-saat-ve-dijital-gostergeli-powerbankli-bluetooth-kulaklik","title":{"rendered":"Aksesuar Hediyeli Ak\u0131ll\u0131 Saat ve Dijital G\u00f6stergeli Powerbankli Bluetooth Kulakl\u0131k"},"content":{"rendered":"<p>AKILLI SAATYeni Nesil Mini Kad\u0131n Ak\u0131ll\u0131 Saat, \u015f\u0131kl\u0131\u011f\u0131 ve fonksiyonelli\u011fi bir araya getiren tasar\u0131m\u0131yla kad\u0131nlar i\u00e7in ideal bir se\u00e7enek sunuyor. Almanya \u00fcretimi ultra dayan\u0131kl\u0131 model, \u00f6zel wireless \u015farj \u00f6zellikleriyle \u00f6ne \u00e7\u0131k\u0131yor ve T\u00fcrk\u00e7e men\u00fcs\u00fc sayesinde kullan\u0131c\u0131 dostudur. Kutu i\u00e7eri\u011finde, mini ak\u0131ll\u0131 saat, 3 farkl\u0131 kordon, hediye bileklik, wireless \u015farj kablosu ve kullan\u0131m k\u0131lavuzu bulunmaktad\u0131r. \u015e\u0131k pembe kutusu, hediye olarak tercih edilmesini sa\u011flayan bir \u00f6zellik ta\u015f\u0131r. 41 mm kavisli oval kenarl\u0131 yeni tasar\u0131m\u0131 ve 1,70 in\u00e7 AMOLED ekran\u0131 ile y\u00fcksek \u00e7\u00f6z\u00fcn\u00fcrl\u00fckte HD g\u00f6r\u00fcnt\u00fc sa\u011flar.Saat, nab\u0131z \u00f6l\u00e7er, uyku izleyici, kan bas\u0131nc\u0131, tansiyon, EKG ve v\u00fccut s\u0131cakl\u0131\u011f\u0131 \u00f6l\u00e7er gibi sa\u011fl\u0131k izleme \u00f6zellikleriyle sa\u011fl\u0131\u011f\u0131n\u0131z\u0131 takip etmenizi sa\u011flar. 117 farkl\u0131 spor modu ve ad\u0131m, kalori, kalp ritmi \u00f6l\u00e7me gibi \u00f6zellikler ile aktivite takibini olduk\u00e7a detayl\u0131 yapabilirsiniz. Ayr\u0131ca ak\u0131ll\u0131 hat\u0131rlat\u0131c\u0131lar sayesinde su i\u00e7me ve hareketsizlik gibi hat\u0131rlatmalar alabilir, t\u00fcm bildirimleri ve mesajlar\u0131 an\u0131nda saatinizde g\u00f6rebilirsiniz.Bluetooth ba\u011flant\u0131s\u0131 ile y\u00fcksek kaliteli m\u00fczik dinleyebilir ve uzaktan foto\u011fraf \u00e7ekme \u00f6zelli\u011fi ile foto\u011fraflar\u0131n\u0131z\u0131 kolayca \u00e7ekebilirsiniz. Suya dayan\u0131kl\u0131 yap\u0131s\u0131, g\u00fcnl\u00fck kullan\u0131mda s\u0131kl\u0131kla tercih edilmesini sa\u011flar; ancak deniz ve havuz gibi bas\u0131n\u00e7l\u0131 suya kar\u015f\u0131 su ge\u00e7irmez.Saatin sundu\u011fu di\u011fer \u00f6zellikler aras\u0131nda T\u00fcrk\u00e7e ve \u00e7oklu dil deste\u011fi, saatimi bul, telefonumu bul, alarm, kronometre, hava durumu, hesap makinesi gibi fonksiyonlar bulunur. Kordonu de\u011fi\u015ftirilebilir, bu sayede ki\u015fisel tercihlere g\u00f6re tasar\u0131m\u0131 \u00f6zelle\u015ftirilebilir. 24 ay garanti s\u00fcresi ile kullan\u0131c\u0131lar\u0131na g\u00fcvenli bir deneyim sunar.KULAKLIKYeni M10 Bluetooth Kulakl\u0131k, g\u00fc\u00e7l\u00fc ses performans\u0131 ve \u00e7ift mikrofon teknolojisi ile m\u00fczik dinlerken ve telefon g\u00f6r\u00fc\u015fmeleri yaparken \u00fcst\u00fcn bir deneyim sunar. Ses aktar\u0131m\u0131 s\u0131ras\u0131nda gecikme ya\u015fanmaz, bu da net ve kesintisiz ileti\u015fim sa\u011flar. S\u00fcper 3D ses kalitesi, m\u00fczik dinlerken ses gecikmesini ortadan kald\u0131rarak etkileyici bir performans sergiler. Spor ve egzersiz s\u0131ras\u0131nda rahat\u00e7a yerinde kalan tasar\u0131m\u0131 ile konforlu kullan\u0131m sunar.Y\u00fcksek kaliteli malzemelerle \u00fcretilen M10 kulakl\u0131k, dayan\u0131kl\u0131l\u0131\u011f\u0131 ve ses kalitesiyle \u00f6ne \u00e7\u0131kar. Terlemeye dayan\u0131kl\u0131 ve su ge\u00e7irmez \u00f6zellikleri sayesinde uzun s\u00fcreli kullan\u0131ma uygundur. Geli\u015ftirilmi\u015f lithium polymer bataryas\u0131, kulakl\u0131kla birlikte 16 saat kesintisiz m\u00fczik dinleme s\u00fcresi sa\u011flar.Tu\u015flu (manuel) kontrol sistemi, gelen aramalar\u0131 kolayca cevaplaman\u0131z\u0131 ve sonland\u0131rman\u0131z\u0131 sa\u011flar. Ayr\u0131ca, telefonunuzu elinize almadan ses seviyesini ayarlayabilir, m\u00fczik \u00e7alma listenizi ileri ve geri sarabilirsiniz. T\u00fcm Android ve iOS cihazlarla uyumlu olan M10 Bluetooth kulakl\u0131k, evrensel bir modeldir.Kullan\u0131m olduk\u00e7a basittir: Kulakl\u0131klar\u0131 powerbank adapt\u00f6r\u00fcnden \u00e7\u0131kar\u0131n, telefonunuzun Bluetooth \u00f6zelli\u011fini a\u00e7arak otomatik olarak ba\u011flan\u0131n ve m\u00fczi\u011finizin tad\u0131n\u0131 \u00e7\u0131kar\u0131n.<\/p>\n","protected":false},"excerpt":{"rendered":"<p>AKILLI SAATYeni Nesil Mini Kad\u0131n Ak\u0131ll\u0131 Saat, \u015f\u0131kl\u0131\u011f\u0131 ve fonksiyonelli\u011fi bir araya getiren tasar\u0131m\u0131yla kad\u0131nlar i\u00e7in ideal bir se\u00e7enek sunuyor. Almanya \u00fcretimi ultra dayan\u0131kl\u0131 model, \u00f6zel wireless \u015farj \u00f6zellikleriyle \u00f6ne \u00e7\u0131k\u0131yor ve T\u00fcrk\u00e7e men\u00fcs\u00fc sayesinde kullan\u0131c\u0131 dostudur. Kutu i\u00e7eri\u011finde, mini ak\u0131ll\u0131 saat, 3 farkl\u0131 kordon, hediye bileklik, wireless \u015farj kablosu ve kullan\u0131m k\u0131lavuzu bulunmaktad\u0131r. \u015e\u0131k&#8230;<\/p>\n","protected":false},"featured_media":109727,"comment_status":"open","ping_status":"closed","template":"","meta":{"_kad_post_transparent":"","_kad_post_title":"","_kad_post_layout":"","_kad_post_sidebar_id":"","_kad_post_content_style":"","_kad_post_vertical_padding":"","_kad_post_feature":"","_kad_post_feature_position":"","_kad_post_header":false,"_kad_post_footer":false,"_kad_post_classname":""},"product_brand":[],"product_cat":[14935],"product_tag":[],"class_list":{"0":"post-109728","1":"product","2":"type-product","3":"status-publish","4":"has-post-thumbnail","6":"product_cat-akilli-saatler-akilli-saatler","8":"first","9":"instock","10":"purchasable","11":"product-type-simple","12":"entry","13":"content-bg","14":"loop-entry"},"_links":{"self":[{"href":"https:\/\/www.hediyepazar.com\/index.php?rest_route=\/wp\/v2\/product\/109728","targetHints":{"allow":["GET"]}}],"collection":[{"href":"https:\/\/www.hediyepazar.com\/index.php?rest_route=\/wp\/v2\/product"}],"about":[{"href":"https:\/\/www.hediyepazar.com\/index.php?rest_route=\/wp\/v2\/types\/product"}],"replies":[{"embeddable":true,"href":"https:\/\/www.hediyepazar.com\/index.php?rest_route=%2Fwp%2Fv2%2Fcomments&post=109728"}],"wp:featuredmedia":[{"embeddable":true,"href":"https:\/\/www.hediyepazar.com\/index.php?rest_route=\/wp\/v2\/media\/109727"}],"wp:attachment":[{"href":"https:\/\/www.hediyepazar.com\/index.php?rest_route=%2Fwp%2Fv2%2Fmedia&parent=109728"}],"wp:term":[{"taxonomy":"product_brand","embeddable":true,"href":"https:\/\/www.hediyepazar.com\/index.php?rest_route=%2Fwp%2Fv2%2Fproduct_brand&post=109728"},{"taxonomy":"product_cat","embeddable":true,"href":"https:\/\/www.hediyepazar.com\/index.php?rest_route=%2Fwp%2Fv2%2Fproduct_cat&post=109728"},{"taxonomy":"product_tag","embeddable":true,"href":"https:\/\/www.hediyepazar.com\/index.php?rest_route=%2Fwp%2Fv2%2Fproduct_tag&post=109728"}],"curies":[{"name":"wp","href":"https:\/\/api.w.org\/{rel}","templated":true}]}}