{"id":109784,"date":"2026-05-05T03:18:06","date_gmt":"2026-05-05T06:18:06","guid":{"rendered":"https:\/\/www.hediyepazar.com\/?product=kafa-lambasi-el-fenerli-kamp-lambasi-usb-sarjli-esnek-lamba"},"modified":"2026-05-05T03:18:06","modified_gmt":"2026-05-05T06:18:06","slug":"kafa-lambasi-el-fenerli-kamp-lambasi-usb-sarjli-esnek-lamba","status":"publish","type":"product","link":"https:\/\/www.hediyepazar.com\/?product=kafa-lambasi-el-fenerli-kamp-lambasi-usb-sarjli-esnek-lamba","title":{"rendered":"Kafa Lambas\u0131 El Fenerli Kamp Lambas\u0131 USB \u015earjl\u0131 Esnek Lamba"},"content":{"rendered":"<p>Bu \u015farj edilebilir LED el feneri, pratik kullan\u0131m \u00f6zellikleri ve y\u00fcksek performans\u0131yla dikkat \u00e7eken \u00e7ok y\u00f6nl\u00fc bir ayd\u0131nlatma cihaz\u0131d\u0131r. 10 cm uzunlu\u011fu ve 3 cm geni\u015fli\u011fiyle kompakt bir tasar\u0131ma sahip olan bu \u00fcr\u00fcn, hem hafifli\u011fi hem de ergonomik yap\u0131s\u0131yla kullan\u0131c\u0131 dostudur. XPE95LM ve COB 120 LM LED teknolojisi sayesinde 215 l\u00fcmen g\u00fcc\u00fcnde g\u00fc\u00e7l\u00fc bir ayd\u0131nlatma sa\u011flar. \u0130ki farkl\u0131 \u0131\u015f\u0131k modu olan nokta ve geni\u015f ayd\u0131nlatma se\u00e7enekleri, 50 metreye kadar hassas bir \u0131\u015f\u0131k odaklama ve 150 metreye kadar geni\u015f bir alan\u0131 ayd\u0131nlatma imkan\u0131 sunar. Sert plastik g\u00f6vdesi, dayan\u0131kl\u0131l\u0131\u011f\u0131 art\u0131r\u0131rken ta\u015f\u0131nabilirli\u011fi kolayla\u015ft\u0131r\u0131r. Esnek lastik yap\u0131s\u0131 ve m\u0131knat\u0131s sabitleme \u00f6zelli\u011fi, \u00fcr\u00fcn\u00fc kolayca istenilen bir y\u00fczeye sabitlemeyi m\u00fcmk\u00fcn k\u0131lar. Dahili 18650 lityum iyon bataryas\u0131, 4 ila 8 saat aras\u0131nda kesintisiz kullan\u0131m sunar ve USB ile \u015farj edilebilir \u00f6zelli\u011fi sayesinde \u00e7evre dostu bir \u00e7\u00f6z\u00fcm sunar.<\/p>\n","protected":false},"excerpt":{"rendered":"<p>Bu \u015farj edilebilir LED el feneri, pratik kullan\u0131m \u00f6zellikleri ve y\u00fcksek performans\u0131yla dikkat \u00e7eken \u00e7ok y\u00f6nl\u00fc bir ayd\u0131nlatma cihaz\u0131d\u0131r. 10 cm uzunlu\u011fu ve 3 cm geni\u015fli\u011fiyle kompakt bir tasar\u0131ma sahip olan bu \u00fcr\u00fcn, hem hafifli\u011fi hem de ergonomik yap\u0131s\u0131yla kullan\u0131c\u0131 dostudur. XPE95LM ve COB 120 LM LED teknolojisi sayesinde 215 l\u00fcmen g\u00fcc\u00fcnde g\u00fc\u00e7l\u00fc bir ayd\u0131nlatma&#8230;<\/p>\n","protected":false},"featured_media":109783,"comment_status":"open","ping_status":"closed","template":"","meta":{"_kad_post_transparent":"","_kad_post_title":"","_kad_post_layout":"","_kad_post_sidebar_id":"","_kad_post_content_style":"","_kad_post_vertical_padding":"","_kad_post_feature":"","_kad_post_feature_position":"","_kad_post_header":false,"_kad_post_footer":false,"_kad_post_classname":""},"product_brand":[],"product_cat":[14979],"product_tag":[],"class_list":{"0":"post-109784","1":"product","2":"type-product","3":"status-publish","4":"has-post-thumbnail","6":"product_cat-kafa-lambasi-kafa-lambasi","8":"first","9":"instock","10":"purchasable","11":"product-type-simple","12":"entry","13":"content-bg","14":"loop-entry"},"_links":{"self":[{"href":"https:\/\/www.hediyepazar.com\/index.php?rest_route=\/wp\/v2\/product\/109784","targetHints":{"allow":["GET"]}}],"collection":[{"href":"https:\/\/www.hediyepazar.com\/index.php?rest_route=\/wp\/v2\/product"}],"about":[{"href":"https:\/\/www.hediyepazar.com\/index.php?rest_route=\/wp\/v2\/types\/product"}],"replies":[{"embeddable":true,"href":"https:\/\/www.hediyepazar.com\/index.php?rest_route=%2Fwp%2Fv2%2Fcomments&post=109784"}],"wp:featuredmedia":[{"embeddable":true,"href":"https:\/\/www.hediyepazar.com\/index.php?rest_route=\/wp\/v2\/media\/109783"}],"wp:attachment":[{"href":"https:\/\/www.hediyepazar.com\/index.php?rest_route=%2Fwp%2Fv2%2Fmedia&parent=109784"}],"wp:term":[{"taxonomy":"product_brand","embeddable":true,"href":"https:\/\/www.hediyepazar.com\/index.php?rest_route=%2Fwp%2Fv2%2Fproduct_brand&post=109784"},{"taxonomy":"product_cat","embeddable":true,"href":"https:\/\/www.hediyepazar.com\/index.php?rest_route=%2Fwp%2Fv2%2Fproduct_cat&post=109784"},{"taxonomy":"product_tag","embeddable":true,"href":"https:\/\/www.hediyepazar.com\/index.php?rest_route=%2Fwp%2Fv2%2Fproduct_tag&post=109784"}],"curies":[{"name":"wp","href":"https:\/\/api.w.org\/{rel}","templated":true}]}}