{"id":109876,"date":"2026-05-05T03:29:15","date_gmt":"2026-05-05T06:29:15","guid":{"rendered":"https:\/\/www.hediyepazar.com\/?product=bluetooth-kulaklik-powerbank-ozelligi-yuksek-ses-kaliteli-tws-kulaklik"},"modified":"2026-05-05T03:29:15","modified_gmt":"2026-05-05T06:29:15","slug":"bluetooth-kulaklik-powerbank-ozelligi-yuksek-ses-kaliteli-tws-kulaklik","status":"publish","type":"product","link":"https:\/\/www.hediyepazar.com\/?product=bluetooth-kulaklik-powerbank-ozelligi-yuksek-ses-kaliteli-tws-kulaklik","title":{"rendered":"Bluetooth Kulakl\u0131k Powerbank \u00d6zelli\u011fi Y\u00fcksek Ses Kaliteli TWS Kulakl\u0131k"},"content":{"rendered":"<p>M\u00fczik ve \u00e7a\u011fr\u0131 deneyimlerinizi \u00fcst seviyeye ta\u015f\u0131yan Bluetooth Kulakl\u0131k, \u015f\u0131k tasar\u0131m\u0131 ve \u00e7arp\u0131c\u0131 \u00f6zellikleriyle g\u00fcnl\u00fck kullan\u0131m i\u00e7in idealdir. Kablosuz tasar\u0131m\u0131 sayesinde hareket \u00f6zg\u00fcrl\u00fc\u011f\u00fcn\u00fcz\u00fc art\u0131r\u0131r, g\u00fcr\u00fclt\u00fc \u00f6nleme teknolojisi ise d\u0131\u015f sesleri engelleyerek m\u00fczik keyfinizi maksimize eder. Powerbank \u00f6zelli\u011fi, hem cihazlar\u0131n\u0131z\u0131 \u015farj etmenizi hem de m\u00fczi\u011finizin kesintisiz devam etmesini sa\u011flar. Y\u00fcksek performansl\u0131 pili uzun s\u00fcreli kullan\u0131m sunarken, ergonomik kulak i\u00e7i tasar\u0131m\u0131, konforu ve dayan\u0131kl\u0131l\u0131\u011f\u0131 bir arada sunar.<\/p>\n","protected":false},"excerpt":{"rendered":"<p>M\u00fczik ve \u00e7a\u011fr\u0131 deneyimlerinizi \u00fcst seviyeye ta\u015f\u0131yan Bluetooth Kulakl\u0131k, \u015f\u0131k tasar\u0131m\u0131 ve \u00e7arp\u0131c\u0131 \u00f6zellikleriyle g\u00fcnl\u00fck kullan\u0131m i\u00e7in idealdir. Kablosuz tasar\u0131m\u0131 sayesinde hareket \u00f6zg\u00fcrl\u00fc\u011f\u00fcn\u00fcz\u00fc art\u0131r\u0131r, g\u00fcr\u00fclt\u00fc \u00f6nleme teknolojisi ise d\u0131\u015f sesleri engelleyerek m\u00fczik keyfinizi maksimize eder. Powerbank \u00f6zelli\u011fi, hem cihazlar\u0131n\u0131z\u0131 \u015farj etmenizi hem de m\u00fczi\u011finizin kesintisiz devam etmesini sa\u011flar. Y\u00fcksek performansl\u0131 pili uzun s\u00fcreli kullan\u0131m sunarken,&#8230;<\/p>\n","protected":false},"featured_media":109875,"comment_status":"open","ping_status":"closed","template":"","meta":{"_kad_post_transparent":"","_kad_post_title":"","_kad_post_layout":"","_kad_post_sidebar_id":"","_kad_post_content_style":"","_kad_post_vertical_padding":"","_kad_post_feature":"","_kad_post_feature_position":"","_kad_post_header":false,"_kad_post_footer":false,"_kad_post_classname":""},"product_brand":[],"product_cat":[14957],"product_tag":[],"class_list":{"0":"post-109876","1":"product","2":"type-product","3":"status-publish","4":"has-post-thumbnail","6":"product_cat-kablosuz-kulaklik-kablosuz-kulaklik","8":"first","9":"instock","10":"purchasable","11":"product-type-simple","12":"entry","13":"content-bg","14":"loop-entry"},"_links":{"self":[{"href":"https:\/\/www.hediyepazar.com\/index.php?rest_route=\/wp\/v2\/product\/109876","targetHints":{"allow":["GET"]}}],"collection":[{"href":"https:\/\/www.hediyepazar.com\/index.php?rest_route=\/wp\/v2\/product"}],"about":[{"href":"https:\/\/www.hediyepazar.com\/index.php?rest_route=\/wp\/v2\/types\/product"}],"replies":[{"embeddable":true,"href":"https:\/\/www.hediyepazar.com\/index.php?rest_route=%2Fwp%2Fv2%2Fcomments&post=109876"}],"wp:featuredmedia":[{"embeddable":true,"href":"https:\/\/www.hediyepazar.com\/index.php?rest_route=\/wp\/v2\/media\/109875"}],"wp:attachment":[{"href":"https:\/\/www.hediyepazar.com\/index.php?rest_route=%2Fwp%2Fv2%2Fmedia&parent=109876"}],"wp:term":[{"taxonomy":"product_brand","embeddable":true,"href":"https:\/\/www.hediyepazar.com\/index.php?rest_route=%2Fwp%2Fv2%2Fproduct_brand&post=109876"},{"taxonomy":"product_cat","embeddable":true,"href":"https:\/\/www.hediyepazar.com\/index.php?rest_route=%2Fwp%2Fv2%2Fproduct_cat&post=109876"},{"taxonomy":"product_tag","embeddable":true,"href":"https:\/\/www.hediyepazar.com\/index.php?rest_route=%2Fwp%2Fv2%2Fproduct_tag&post=109876"}],"curies":[{"name":"wp","href":"https:\/\/api.w.org\/{rel}","templated":true}]}}