{"id":109884,"date":"2026-05-05T03:30:13","date_gmt":"2026-05-05T06:30:13","guid":{"rendered":"https:\/\/www.hediyepazar.com\/?product=mutfak-dolap-alti-isigi-uzaktan-kumandali-yapiskanli-kablosuz-pilli"},"modified":"2026-05-05T03:30:13","modified_gmt":"2026-05-05T06:30:13","slug":"mutfak-dolap-alti-isigi-uzaktan-kumandali-yapiskanli-kablosuz-pilli","status":"publish","type":"product","link":"https:\/\/www.hediyepazar.com\/?product=mutfak-dolap-alti-isigi-uzaktan-kumandali-yapiskanli-kablosuz-pilli","title":{"rendered":"Mutfak Dolap Alt\u0131 I\u015f\u0131\u011f\u0131 Uzaktan Kumandal\u0131 Yap\u0131\u015fkanl\u0131 Kablosuz Pilli"},"content":{"rendered":"<p>Estetik ve \u015f\u0131k tasar\u0131m\u0131yla evinizin dekorasyonuna modern bir dokunu\u015f katan bu LED lamba seti, hem i\u015flevsellik hem de g\u00f6rsellik sunar. 3 adet AAA pil ile \u00e7al\u0131\u015fan lambalar, g\u00fc\u00e7l\u00fc LED \u0131\u015f\u0131klar\u0131 sayesinde ayd\u0131nlatma performans\u0131ndan \u00f6d\u00fcn vermez. Uzaktan kumanda ile kontrol edilebilmesi, \u0131\u015f\u0131\u011f\u0131 kolayca a\u00e7\u0131p kapaman\u0131z\u0131 veya ayar yapman\u0131z\u0131 sa\u011flar. Ayr\u0131ca, kanserojen madde i\u00e7ermeyen yap\u0131s\u0131yla sa\u011fl\u0131\u011f\u0131n\u0131z\u0131 korurken \u00e7evre dostu bir se\u00e7enek sunar.<\/p>\n","protected":false},"excerpt":{"rendered":"<p>Estetik ve \u015f\u0131k tasar\u0131m\u0131yla evinizin dekorasyonuna modern bir dokunu\u015f katan bu LED lamba seti, hem i\u015flevsellik hem de g\u00f6rsellik sunar. 3 adet AAA pil ile \u00e7al\u0131\u015fan lambalar, g\u00fc\u00e7l\u00fc LED \u0131\u015f\u0131klar\u0131 sayesinde ayd\u0131nlatma performans\u0131ndan \u00f6d\u00fcn vermez. Uzaktan kumanda ile kontrol edilebilmesi, \u0131\u015f\u0131\u011f\u0131 kolayca a\u00e7\u0131p kapaman\u0131z\u0131 veya ayar yapman\u0131z\u0131 sa\u011flar. Ayr\u0131ca, kanserojen madde i\u00e7ermeyen yap\u0131s\u0131yla sa\u011fl\u0131\u011f\u0131n\u0131z\u0131 korurken&#8230;<\/p>\n","protected":false},"featured_media":109883,"comment_status":"open","ping_status":"closed","template":"","meta":{"_kad_post_transparent":"","_kad_post_title":"","_kad_post_layout":"","_kad_post_sidebar_id":"","_kad_post_content_style":"","_kad_post_vertical_padding":"","_kad_post_feature":"","_kad_post_feature_position":"","_kad_post_header":false,"_kad_post_footer":false,"_kad_post_classname":""},"product_brand":[],"product_cat":[14933],"product_tag":[],"class_list":{"0":"post-109884","1":"product","2":"type-product","3":"status-publish","4":"has-post-thumbnail","6":"product_cat-led-isik-led-isik","8":"first","9":"instock","10":"purchasable","11":"product-type-simple","12":"entry","13":"content-bg","14":"loop-entry"},"_links":{"self":[{"href":"https:\/\/www.hediyepazar.com\/index.php?rest_route=\/wp\/v2\/product\/109884","targetHints":{"allow":["GET"]}}],"collection":[{"href":"https:\/\/www.hediyepazar.com\/index.php?rest_route=\/wp\/v2\/product"}],"about":[{"href":"https:\/\/www.hediyepazar.com\/index.php?rest_route=\/wp\/v2\/types\/product"}],"replies":[{"embeddable":true,"href":"https:\/\/www.hediyepazar.com\/index.php?rest_route=%2Fwp%2Fv2%2Fcomments&post=109884"}],"wp:featuredmedia":[{"embeddable":true,"href":"https:\/\/www.hediyepazar.com\/index.php?rest_route=\/wp\/v2\/media\/109883"}],"wp:attachment":[{"href":"https:\/\/www.hediyepazar.com\/index.php?rest_route=%2Fwp%2Fv2%2Fmedia&parent=109884"}],"wp:term":[{"taxonomy":"product_brand","embeddable":true,"href":"https:\/\/www.hediyepazar.com\/index.php?rest_route=%2Fwp%2Fv2%2Fproduct_brand&post=109884"},{"taxonomy":"product_cat","embeddable":true,"href":"https:\/\/www.hediyepazar.com\/index.php?rest_route=%2Fwp%2Fv2%2Fproduct_cat&post=109884"},{"taxonomy":"product_tag","embeddable":true,"href":"https:\/\/www.hediyepazar.com\/index.php?rest_route=%2Fwp%2Fv2%2Fproduct_tag&post=109884"}],"curies":[{"name":"wp","href":"https:\/\/api.w.org\/{rel}","templated":true}]}}