{"id":109900,"date":"2026-05-05T03:32:02","date_gmt":"2026-05-05T06:32:02","guid":{"rendered":"https:\/\/www.hediyepazar.com\/?product=kablosuz-bluetooth-kulaklik-tws-anc-ozelligi-yuksek-ses-kaliteli"},"modified":"2026-05-05T03:32:02","modified_gmt":"2026-05-05T06:32:02","slug":"kablosuz-bluetooth-kulaklik-tws-anc-ozelligi-yuksek-ses-kaliteli","status":"publish","type":"product","link":"https:\/\/www.hediyepazar.com\/?product=kablosuz-bluetooth-kulaklik-tws-anc-ozelligi-yuksek-ses-kaliteli","title":{"rendered":"Kablosuz Bluetooth Kulakl\u0131k TWS ANC \u00d6zelli\u011fi Y\u00fcksek Ses Kaliteli"},"content":{"rendered":"<p>\u015e\u0131k beyaz tasar\u0131m\u0131yla hem estetik hem de modern bir g\u00f6r\u00fcn\u00fcm sunan bu kulakl\u0131k, suya ve tere dayan\u0131kl\u0131 yap\u0131s\u0131yla her t\u00fcrl\u00fc spor aktivitesine uygun hale getirilmi\u015ftir. \u00c7ift telefon deste\u011fi \u00f6zelli\u011fi, ayn\u0131 anda iki farkl\u0131 numaraya ba\u011flanman\u0131za olanak tan\u0131yarak i\u015f ve ki\u015fisel g\u00f6r\u00fc\u015fmelerinizi kolayca y\u00f6netmenizi sa\u011flar. 2 y\u0131l ithalat\u00e7\u0131 garantisi ile g\u00fcvenilir bir sat\u0131n alma deneyimi sunan bu \u00fcr\u00fcn, hem dayan\u0131kl\u0131l\u0131\u011f\u0131 hem de zarif tasar\u0131m\u0131yla dikkat \u00e7eker.<\/p>\n","protected":false},"excerpt":{"rendered":"<p>\u015e\u0131k beyaz tasar\u0131m\u0131yla hem estetik hem de modern bir g\u00f6r\u00fcn\u00fcm sunan bu kulakl\u0131k, suya ve tere dayan\u0131kl\u0131 yap\u0131s\u0131yla her t\u00fcrl\u00fc spor aktivitesine uygun hale getirilmi\u015ftir. \u00c7ift telefon deste\u011fi \u00f6zelli\u011fi, ayn\u0131 anda iki farkl\u0131 numaraya ba\u011flanman\u0131za olanak tan\u0131yarak i\u015f ve ki\u015fisel g\u00f6r\u00fc\u015fmelerinizi kolayca y\u00f6netmenizi sa\u011flar. 2 y\u0131l ithalat\u00e7\u0131 garantisi ile g\u00fcvenilir bir sat\u0131n alma deneyimi sunan&#8230;<\/p>\n","protected":false},"featured_media":109899,"comment_status":"open","ping_status":"closed","template":"","meta":{"_kad_post_transparent":"","_kad_post_title":"","_kad_post_layout":"","_kad_post_sidebar_id":"","_kad_post_content_style":"","_kad_post_vertical_padding":"","_kad_post_feature":"","_kad_post_feature_position":"","_kad_post_header":false,"_kad_post_footer":false,"_kad_post_classname":""},"product_brand":[],"product_cat":[14957],"product_tag":[],"class_list":{"0":"post-109900","1":"product","2":"type-product","3":"status-publish","4":"has-post-thumbnail","6":"product_cat-kablosuz-kulaklik-kablosuz-kulaklik","8":"first","9":"instock","10":"purchasable","11":"product-type-simple","12":"entry","13":"content-bg","14":"loop-entry"},"_links":{"self":[{"href":"https:\/\/www.hediyepazar.com\/index.php?rest_route=\/wp\/v2\/product\/109900","targetHints":{"allow":["GET"]}}],"collection":[{"href":"https:\/\/www.hediyepazar.com\/index.php?rest_route=\/wp\/v2\/product"}],"about":[{"href":"https:\/\/www.hediyepazar.com\/index.php?rest_route=\/wp\/v2\/types\/product"}],"replies":[{"embeddable":true,"href":"https:\/\/www.hediyepazar.com\/index.php?rest_route=%2Fwp%2Fv2%2Fcomments&post=109900"}],"wp:featuredmedia":[{"embeddable":true,"href":"https:\/\/www.hediyepazar.com\/index.php?rest_route=\/wp\/v2\/media\/109899"}],"wp:attachment":[{"href":"https:\/\/www.hediyepazar.com\/index.php?rest_route=%2Fwp%2Fv2%2Fmedia&parent=109900"}],"wp:term":[{"taxonomy":"product_brand","embeddable":true,"href":"https:\/\/www.hediyepazar.com\/index.php?rest_route=%2Fwp%2Fv2%2Fproduct_brand&post=109900"},{"taxonomy":"product_cat","embeddable":true,"href":"https:\/\/www.hediyepazar.com\/index.php?rest_route=%2Fwp%2Fv2%2Fproduct_cat&post=109900"},{"taxonomy":"product_tag","embeddable":true,"href":"https:\/\/www.hediyepazar.com\/index.php?rest_route=%2Fwp%2Fv2%2Fproduct_tag&post=109900"}],"curies":[{"name":"wp","href":"https:\/\/api.w.org\/{rel}","templated":true}]}}