{"id":109920,"date":"2026-05-05T03:34:15","date_gmt":"2026-05-05T06:34:15","guid":{"rendered":"https:\/\/www.hediyepazar.com\/?product=gunes-enerjili-bahce-aydinlatma-lambasi-solar-100-led-lamba"},"modified":"2026-05-05T03:34:15","modified_gmt":"2026-05-05T06:34:15","slug":"gunes-enerjili-bahce-aydinlatma-lambasi-solar-100-led-lamba","status":"publish","type":"product","link":"https:\/\/www.hediyepazar.com\/?product=gunes-enerjili-bahce-aydinlatma-lambasi-solar-100-led-lamba","title":{"rendered":"G\u00fcne\u015f Enerjili Bah\u00e7e Ayd\u0131nlatma Lambas\u0131 Solar 100 Led Lamba"},"content":{"rendered":"<p>100 adet LED \u0131\u015f\u0131\u011f\u0131 ve hareket sens\u00f6r\u00fcyle donat\u0131lm\u0131\u015f bu g\u00fcne\u015f enerjili lamba, fonksiyonel ve modern bir d\u0131\u015f mekan ayd\u0131nlatma \u00e7\u00f6z\u00fcm\u00fcd\u00fcr. P\u0131r sens\u00f6r\u00fc, hareket alg\u0131land\u0131\u011f\u0131nda \u0131\u015f\u0131klar\u0131 otomatik olarak yakar ve 10 saniye i\u00e7inde tekrar s\u00f6nd\u00fcr\u00fcr. \u00dczerindeki \u00fc\u00e7 farkl\u0131 mod se\u00e7ene\u011fiyle \u0131\u015f\u0131k ayarlar\u0131n\u0131 kullan\u0131m amac\u0131n\u0131za g\u00f6re \u00f6zelle\u015ftirebilirsiniz. Kompakt boyutlar\u0131 (14 cm x 6 cm) sayesinde dar alanlarda bile etkili bir ayd\u0131nlatma sa\u011flar. \u00dcr\u00fcn\u00fcn on\/off d\u00fc\u011fmesiyle g\u00fc\u00e7 y\u00f6netimi ve mod de\u011fi\u015fimi olduk\u00e7a basittir.<\/p>\n","protected":false},"excerpt":{"rendered":"<p>100 adet LED \u0131\u015f\u0131\u011f\u0131 ve hareket sens\u00f6r\u00fcyle donat\u0131lm\u0131\u015f bu g\u00fcne\u015f enerjili lamba, fonksiyonel ve modern bir d\u0131\u015f mekan ayd\u0131nlatma \u00e7\u00f6z\u00fcm\u00fcd\u00fcr. P\u0131r sens\u00f6r\u00fc, hareket alg\u0131land\u0131\u011f\u0131nda \u0131\u015f\u0131klar\u0131 otomatik olarak yakar ve 10 saniye i\u00e7inde tekrar s\u00f6nd\u00fcr\u00fcr. \u00dczerindeki \u00fc\u00e7 farkl\u0131 mod se\u00e7ene\u011fiyle \u0131\u015f\u0131k ayarlar\u0131n\u0131 kullan\u0131m amac\u0131n\u0131za g\u00f6re \u00f6zelle\u015ftirebilirsiniz. Kompakt boyutlar\u0131 (14 cm x 6 cm) sayesinde dar alanlarda&#8230;<\/p>\n","protected":false},"featured_media":109919,"comment_status":"open","ping_status":"closed","template":"","meta":{"_kad_post_transparent":"","_kad_post_title":"","_kad_post_layout":"","_kad_post_sidebar_id":"","_kad_post_content_style":"","_kad_post_vertical_padding":"","_kad_post_feature":"","_kad_post_feature_position":"","_kad_post_header":false,"_kad_post_footer":false,"_kad_post_classname":""},"product_brand":[],"product_cat":[14946],"product_tag":[],"class_list":{"0":"post-109920","1":"product","2":"type-product","3":"status-publish","4":"has-post-thumbnail","6":"product_cat-bahce-aydinlatmasi-bahce-aydinlatmasi","8":"first","9":"instock","10":"purchasable","11":"product-type-simple","12":"entry","13":"content-bg","14":"loop-entry"},"_links":{"self":[{"href":"https:\/\/www.hediyepazar.com\/index.php?rest_route=\/wp\/v2\/product\/109920","targetHints":{"allow":["GET"]}}],"collection":[{"href":"https:\/\/www.hediyepazar.com\/index.php?rest_route=\/wp\/v2\/product"}],"about":[{"href":"https:\/\/www.hediyepazar.com\/index.php?rest_route=\/wp\/v2\/types\/product"}],"replies":[{"embeddable":true,"href":"https:\/\/www.hediyepazar.com\/index.php?rest_route=%2Fwp%2Fv2%2Fcomments&post=109920"}],"wp:featuredmedia":[{"embeddable":true,"href":"https:\/\/www.hediyepazar.com\/index.php?rest_route=\/wp\/v2\/media\/109919"}],"wp:attachment":[{"href":"https:\/\/www.hediyepazar.com\/index.php?rest_route=%2Fwp%2Fv2%2Fmedia&parent=109920"}],"wp:term":[{"taxonomy":"product_brand","embeddable":true,"href":"https:\/\/www.hediyepazar.com\/index.php?rest_route=%2Fwp%2Fv2%2Fproduct_brand&post=109920"},{"taxonomy":"product_cat","embeddable":true,"href":"https:\/\/www.hediyepazar.com\/index.php?rest_route=%2Fwp%2Fv2%2Fproduct_cat&post=109920"},{"taxonomy":"product_tag","embeddable":true,"href":"https:\/\/www.hediyepazar.com\/index.php?rest_route=%2Fwp%2Fv2%2Fproduct_tag&post=109920"}],"curies":[{"name":"wp","href":"https:\/\/api.w.org\/{rel}","templated":true}]}}