{"id":109934,"date":"2026-05-05T03:34:40","date_gmt":"2026-05-05T06:34:40","guid":{"rendered":"https:\/\/www.hediyepazar.com\/?product=akilli-saat-amoled-ekran-3-kordonlu-aksesuar-hediyeli-sesli-gorusme"},"modified":"2026-05-05T03:34:40","modified_gmt":"2026-05-05T06:34:40","slug":"akilli-saat-amoled-ekran-3-kordonlu-aksesuar-hediyeli-sesli-gorusme","status":"publish","type":"product","link":"https:\/\/www.hediyepazar.com\/?product=akilli-saat-amoled-ekran-3-kordonlu-aksesuar-hediyeli-sesli-gorusme","title":{"rendered":"Ak\u0131ll\u0131 Saat Amoled Ekran 3 Kordonlu Aksesuar Hediyeli Sesli G\u00f6r\u00fc\u015fme"},"content":{"rendered":"<p>\u015e\u0131kl\u0131\u011f\u0131 ve i\u015flevselli\u011fi bir araya getiren bu ak\u0131ll\u0131 saat, aksesuar severler i\u00e7in \u00fc\u00e7 farkl\u0131 kordon se\u00e7ene\u011fi ve zarif bir flamingo Bileklik ve y\u00fcz\u00fck\u00a0 hediyesiyle birlikte gelir. Kordon se\u00e7enekleri aras\u0131nda \u00e7elik metal, ocean tasar\u0131m ve silikon malzeme yer al\u0131r; b\u00f6ylece saatinizi g\u00fcnl\u00fck tarz\u0131n\u0131za veya etkinli\u011finize g\u00f6re uyarlayabilirsiniz. Hediye kolye, \u015f\u0131k bir dokunu\u015f ekler ve bu \u00fcr\u00fcn\u00fc sadece teknolojik bir cihaz de\u011fil, ayn\u0131 zamanda zarif bir aksesuar haline getirir. Saatin kapsaml\u0131 \u00f6zellikleri ve kullan\u0131c\u0131ya sundu\u011fu hediyeler, hem fonksiyonel hem de estetik bir deneyim sunar.<\/p>\n","protected":false},"excerpt":{"rendered":"<p>\u015e\u0131kl\u0131\u011f\u0131 ve i\u015flevselli\u011fi bir araya getiren bu ak\u0131ll\u0131 saat, aksesuar severler i\u00e7in \u00fc\u00e7 farkl\u0131 kordon se\u00e7ene\u011fi ve zarif bir flamingo Bileklik ve y\u00fcz\u00fck\u00a0 hediyesiyle birlikte gelir. Kordon se\u00e7enekleri aras\u0131nda \u00e7elik metal, ocean tasar\u0131m ve silikon malzeme yer al\u0131r; b\u00f6ylece saatinizi g\u00fcnl\u00fck tarz\u0131n\u0131za veya etkinli\u011finize g\u00f6re uyarlayabilirsiniz. Hediye kolye, \u015f\u0131k bir dokunu\u015f ekler ve bu \u00fcr\u00fcn\u00fc&#8230;<\/p>\n","protected":false},"featured_media":109933,"comment_status":"open","ping_status":"closed","template":"","meta":{"_kad_post_transparent":"","_kad_post_title":"","_kad_post_layout":"","_kad_post_sidebar_id":"","_kad_post_content_style":"","_kad_post_vertical_padding":"","_kad_post_feature":"","_kad_post_feature_position":"","_kad_post_header":false,"_kad_post_footer":false,"_kad_post_classname":""},"product_brand":[],"product_cat":[14935],"product_tag":[],"class_list":{"0":"post-109934","1":"product","2":"type-product","3":"status-publish","4":"has-post-thumbnail","6":"product_cat-akilli-saatler-akilli-saatler","8":"first","9":"instock","10":"purchasable","11":"product-type-simple","12":"entry","13":"content-bg","14":"loop-entry"},"_links":{"self":[{"href":"https:\/\/www.hediyepazar.com\/index.php?rest_route=\/wp\/v2\/product\/109934","targetHints":{"allow":["GET"]}}],"collection":[{"href":"https:\/\/www.hediyepazar.com\/index.php?rest_route=\/wp\/v2\/product"}],"about":[{"href":"https:\/\/www.hediyepazar.com\/index.php?rest_route=\/wp\/v2\/types\/product"}],"replies":[{"embeddable":true,"href":"https:\/\/www.hediyepazar.com\/index.php?rest_route=%2Fwp%2Fv2%2Fcomments&post=109934"}],"wp:featuredmedia":[{"embeddable":true,"href":"https:\/\/www.hediyepazar.com\/index.php?rest_route=\/wp\/v2\/media\/109933"}],"wp:attachment":[{"href":"https:\/\/www.hediyepazar.com\/index.php?rest_route=%2Fwp%2Fv2%2Fmedia&parent=109934"}],"wp:term":[{"taxonomy":"product_brand","embeddable":true,"href":"https:\/\/www.hediyepazar.com\/index.php?rest_route=%2Fwp%2Fv2%2Fproduct_brand&post=109934"},{"taxonomy":"product_cat","embeddable":true,"href":"https:\/\/www.hediyepazar.com\/index.php?rest_route=%2Fwp%2Fv2%2Fproduct_cat&post=109934"},{"taxonomy":"product_tag","embeddable":true,"href":"https:\/\/www.hediyepazar.com\/index.php?rest_route=%2Fwp%2Fv2%2Fproduct_tag&post=109934"}],"curies":[{"name":"wp","href":"https:\/\/api.w.org\/{rel}","templated":true}]}}