{"id":109956,"date":"2026-05-05T03:36:08","date_gmt":"2026-05-05T06:36:08","guid":{"rendered":"https:\/\/www.hediyepazar.com\/?product=wifi-kamera-duylu-ampul-gorunumlu-360-derece-donebilen-ev-kamerasi"},"modified":"2026-05-05T03:36:08","modified_gmt":"2026-05-05T06:36:08","slug":"wifi-kamera-duylu-ampul-gorunumlu-360-derece-donebilen-ev-kamerasi","status":"publish","type":"product","link":"https:\/\/www.hediyepazar.com\/?product=wifi-kamera-duylu-ampul-gorunumlu-360-derece-donebilen-ev-kamerasi","title":{"rendered":"Wifi Kamera Duylu Ampul G\u00f6r\u00fcn\u00fcml\u00fc 360 Derece D\u00f6nebilen Ev Kameras\u0131"},"content":{"rendered":"<p>Bu ak\u0131ll\u0131 duylu kamera, sundu\u011fu 360 derece d\u00f6nebilme yetene\u011fi ile izleme a\u00e7\u0131s\u0131n\u0131 olduk\u00e7a geni\u015fletir. PTZ (Pan-Tilt-Zoom) \u00f6zelli\u011fi sayesinde, sadece sabit bir a\u00e7\u0131dan izleme yapmakla kalmaz, ayn\u0131 zamanda kameray\u0131 istedi\u011finiz y\u00f6nlere \u00e7evirebilir ve her k\u00f6\u015feyi zahmetsizce g\u00f6rebilirsiniz. Bu esnek \u00f6zellik, evinizin her alan\u0131n\u0131 tam olarak kapsayarak g\u00fcvenli\u011fi g\u00fc\u00e7lendirir. Pan ve tilt fonksiyonlar\u0131, kamera hareketlerini uzaktan kontrol etmenizi sa\u011flar ve olduk\u00e7a geni\u015f bir izleme alan\u0131 sunar. 360 derece d\u00f6nebilme kabiliyeti, \u00f6zellikle b\u00fcy\u00fck alanlarda, uzun koridorlarda, geni\u015f oturma odalar\u0131nda ve \u00e7ok say\u0131da odas\u0131 olan evlerde b\u00fcy\u00fck avantaj sa\u011flar. Bu sayede herhangi bir odan\u0131n ya da alan\u0131n hi\u00e7bir k\u0131sm\u0131 g\u00f6zden ka\u00e7maz. Kameray\u0131 bulundu\u011funuz yerden kontrol edebilir, istedi\u011finiz zaman y\u00f6n de\u011fi\u015ftirebilir ve her bir ayr\u0131nt\u0131y\u0131 inceleme \u015fans\u0131n\u0131z olur.<\/p>\n","protected":false},"excerpt":{"rendered":"<p>Bu ak\u0131ll\u0131 duylu kamera, sundu\u011fu 360 derece d\u00f6nebilme yetene\u011fi ile izleme a\u00e7\u0131s\u0131n\u0131 olduk\u00e7a geni\u015fletir. PTZ (Pan-Tilt-Zoom) \u00f6zelli\u011fi sayesinde, sadece sabit bir a\u00e7\u0131dan izleme yapmakla kalmaz, ayn\u0131 zamanda kameray\u0131 istedi\u011finiz y\u00f6nlere \u00e7evirebilir ve her k\u00f6\u015feyi zahmetsizce g\u00f6rebilirsiniz. Bu esnek \u00f6zellik, evinizin her alan\u0131n\u0131 tam olarak kapsayarak g\u00fcvenli\u011fi g\u00fc\u00e7lendirir. Pan ve tilt fonksiyonlar\u0131, kamera hareketlerini uzaktan kontrol&#8230;<\/p>\n","protected":false},"featured_media":109955,"comment_status":"open","ping_status":"closed","template":"","meta":{"_kad_post_transparent":"","_kad_post_title":"","_kad_post_layout":"","_kad_post_sidebar_id":"","_kad_post_content_style":"","_kad_post_vertical_padding":"","_kad_post_feature":"","_kad_post_feature_position":"","_kad_post_header":false,"_kad_post_footer":false,"_kad_post_classname":""},"product_brand":[],"product_cat":[14985],"product_tag":[],"class_list":{"0":"post-109956","1":"product","2":"type-product","3":"status-publish","4":"has-post-thumbnail","6":"product_cat-akilli-guvenlik-urunu-akilli-guvenlik-urunu","8":"first","9":"instock","10":"purchasable","11":"product-type-simple","12":"entry","13":"content-bg","14":"loop-entry"},"_links":{"self":[{"href":"https:\/\/www.hediyepazar.com\/index.php?rest_route=\/wp\/v2\/product\/109956","targetHints":{"allow":["GET"]}}],"collection":[{"href":"https:\/\/www.hediyepazar.com\/index.php?rest_route=\/wp\/v2\/product"}],"about":[{"href":"https:\/\/www.hediyepazar.com\/index.php?rest_route=\/wp\/v2\/types\/product"}],"replies":[{"embeddable":true,"href":"https:\/\/www.hediyepazar.com\/index.php?rest_route=%2Fwp%2Fv2%2Fcomments&post=109956"}],"wp:featuredmedia":[{"embeddable":true,"href":"https:\/\/www.hediyepazar.com\/index.php?rest_route=\/wp\/v2\/media\/109955"}],"wp:attachment":[{"href":"https:\/\/www.hediyepazar.com\/index.php?rest_route=%2Fwp%2Fv2%2Fmedia&parent=109956"}],"wp:term":[{"taxonomy":"product_brand","embeddable":true,"href":"https:\/\/www.hediyepazar.com\/index.php?rest_route=%2Fwp%2Fv2%2Fproduct_brand&post=109956"},{"taxonomy":"product_cat","embeddable":true,"href":"https:\/\/www.hediyepazar.com\/index.php?rest_route=%2Fwp%2Fv2%2Fproduct_cat&post=109956"},{"taxonomy":"product_tag","embeddable":true,"href":"https:\/\/www.hediyepazar.com\/index.php?rest_route=%2Fwp%2Fv2%2Fproduct_tag&post=109956"}],"curies":[{"name":"wp","href":"https:\/\/api.w.org\/{rel}","templated":true}]}}