{"id":109964,"date":"2026-05-05T03:36:57","date_gmt":"2026-05-05T06:36:57","guid":{"rendered":"https:\/\/www.hediyepazar.com\/?product=cocuklara-ozel-dijital-lcd-ekran-1080p-hd-goruntu-kaliteli"},"modified":"2026-05-05T03:36:57","modified_gmt":"2026-05-05T06:36:57","slug":"cocuklara-ozel-dijital-lcd-ekran-1080p-hd-goruntu-kaliteli","status":"publish","type":"product","link":"https:\/\/www.hediyepazar.com\/?product=cocuklara-ozel-dijital-lcd-ekran-1080p-hd-goruntu-kaliteli","title":{"rendered":"\u00c7ocuklara \u00d6zel Dijital LCD Ekran 1080P HD G\u00f6r\u00fcnt\u00fc Kaliteli"},"content":{"rendered":"<p>Bu kamera, \u00e7ocuklar\u0131n sanatsal y\u00f6nlerini ke\u015ffetmeleri i\u00e7in bir\u00e7ok e\u011flenceli \u00f6zellik sunar. Foto\u011fraf d\u00fczenleme se\u00e7enekleri aras\u0131nda 27 \u00e7izgi film \u00e7er\u00e7evesi, 6 farkl\u0131 foto\u011fraf filtresi ve 10 ayna efekti yer al\u0131r. Foto\u011fraf oynatma ve silme \u00f6zellikleri ile \u00e7ocuklar kendi projelerini kolayca y\u00f6netebilir. Ayn\u0131 zamanda m\u00fczik \u00e7alar olarak kullan\u0131labilen kamera, SD karta indirilen \u015fark\u0131larla \u00e7ocuklara keyifli anlar ya\u015fat\u0131r. \u0130\u00e7erisindeki 3 e\u011fitici oyun, hem e\u011flence hem de bili\u015fsel geli\u015fim i\u00e7in ideal bir ara\u00e7t\u0131r. Kamera, \u00e7ocuklar\u0131n hayal g\u00fcc\u00fcn\u00fc harekete ge\u00e7irirken, e\u011fitici y\u00f6n\u00fcyle de \u00f6ne \u00e7\u0131kar.<\/p>\n","protected":false},"excerpt":{"rendered":"<p>Bu kamera, \u00e7ocuklar\u0131n sanatsal y\u00f6nlerini ke\u015ffetmeleri i\u00e7in bir\u00e7ok e\u011flenceli \u00f6zellik sunar. Foto\u011fraf d\u00fczenleme se\u00e7enekleri aras\u0131nda 27 \u00e7izgi film \u00e7er\u00e7evesi, 6 farkl\u0131 foto\u011fraf filtresi ve 10 ayna efekti yer al\u0131r. Foto\u011fraf oynatma ve silme \u00f6zellikleri ile \u00e7ocuklar kendi projelerini kolayca y\u00f6netebilir. Ayn\u0131 zamanda m\u00fczik \u00e7alar olarak kullan\u0131labilen kamera, SD karta indirilen \u015fark\u0131larla \u00e7ocuklara keyifli anlar ya\u015fat\u0131r&#8230;.<\/p>\n","protected":false},"featured_media":109963,"comment_status":"open","ping_status":"closed","template":"","meta":{"_kad_post_transparent":"","_kad_post_title":"","_kad_post_layout":"","_kad_post_sidebar_id":"","_kad_post_content_style":"","_kad_post_vertical_padding":"","_kad_post_feature":"","_kad_post_feature_position":"","_kad_post_header":false,"_kad_post_footer":false,"_kad_post_classname":""},"product_brand":[],"product_cat":[14987],"product_tag":[],"class_list":{"0":"post-109964","1":"product","2":"type-product","3":"status-publish","4":"has-post-thumbnail","6":"product_cat-cocuk-kamera-cocuk-kamera","8":"first","9":"instock","10":"purchasable","11":"product-type-simple","12":"entry","13":"content-bg","14":"loop-entry"},"_links":{"self":[{"href":"https:\/\/www.hediyepazar.com\/index.php?rest_route=\/wp\/v2\/product\/109964","targetHints":{"allow":["GET"]}}],"collection":[{"href":"https:\/\/www.hediyepazar.com\/index.php?rest_route=\/wp\/v2\/product"}],"about":[{"href":"https:\/\/www.hediyepazar.com\/index.php?rest_route=\/wp\/v2\/types\/product"}],"replies":[{"embeddable":true,"href":"https:\/\/www.hediyepazar.com\/index.php?rest_route=%2Fwp%2Fv2%2Fcomments&post=109964"}],"wp:featuredmedia":[{"embeddable":true,"href":"https:\/\/www.hediyepazar.com\/index.php?rest_route=\/wp\/v2\/media\/109963"}],"wp:attachment":[{"href":"https:\/\/www.hediyepazar.com\/index.php?rest_route=%2Fwp%2Fv2%2Fmedia&parent=109964"}],"wp:term":[{"taxonomy":"product_brand","embeddable":true,"href":"https:\/\/www.hediyepazar.com\/index.php?rest_route=%2Fwp%2Fv2%2Fproduct_brand&post=109964"},{"taxonomy":"product_cat","embeddable":true,"href":"https:\/\/www.hediyepazar.com\/index.php?rest_route=%2Fwp%2Fv2%2Fproduct_cat&post=109964"},{"taxonomy":"product_tag","embeddable":true,"href":"https:\/\/www.hediyepazar.com\/index.php?rest_route=%2Fwp%2Fv2%2Fproduct_tag&post=109964"}],"curies":[{"name":"wp","href":"https:\/\/api.w.org\/{rel}","templated":true}]}}