{"id":109990,"date":"2026-05-05T03:39:04","date_gmt":"2026-05-05T06:39:04","guid":{"rendered":"https:\/\/www.hediyepazar.com\/?product=sarjli-kafa-feneri-suya-dayanikli-ayarlanabilir-kamp-feneri"},"modified":"2026-05-05T03:39:04","modified_gmt":"2026-05-05T06:39:04","slug":"sarjli-kafa-feneri-suya-dayanikli-ayarlanabilir-kamp-feneri","status":"publish","type":"product","link":"https:\/\/www.hediyepazar.com\/?product=sarjli-kafa-feneri-suya-dayanikli-ayarlanabilir-kamp-feneri","title":{"rendered":"\u015earjl\u0131 Kafa Feneri Suya Dayan\u0131kl\u0131 Ayarlanabilir Kamp Feneri"},"content":{"rendered":"<p>\u015earjl\u0131 LED kafa feneri, kompakt ve ergonomik tasar\u0131m\u0131 ile hem g\u00fc\u00e7l\u00fc hem de \u00e7ok y\u00f6nl\u00fc bir kullan\u0131m sunar. 3W g\u00fcc\u00fcndeki ayd\u0131nlatma sistemi, 6400K beyaz \u0131\u015f\u0131\u011f\u0131 ile uzun mesafeleri veya geni\u015f ortamlar\u0131 rahat\u00e7a ayd\u0131nlat\u0131r. \u00c7ift fonksiyon \u00f6zelli\u011fi sayesinde uzun mesafe ayd\u0131nlatma ve ortam \u0131\u015f\u0131\u011f\u0131 aras\u0131nda kolayca ge\u00e7i\u015f yapabilirsiniz.IP44 koruma s\u0131n\u0131f\u0131 ile suya ve darbelere dayan\u0131kl\u0131 olan bu fener, -20\u00b0C ile +40\u00b0C aras\u0131 \u00e7al\u0131\u015fma s\u0131cakl\u0131\u011f\u0131na uygun yap\u0131s\u0131yla her t\u00fcrl\u00fc zorlu ko\u015fulda yan\u0131n\u0131zda. 4-6 saatlik \u015farj s\u00fcresiyle uzun yanma s\u00fcresi (8-10 saat) sa\u011flayarak kesintisiz kullan\u0131m imkan\u0131 sunar. Ayarlanabilir kafa band\u0131 konforlu bir deneyim sa\u011flarken, m\u0131knat\u0131s \u00f6zelli\u011fi ile metal y\u00fczeylere sabitlenebilir. Kamp, ma\u011farac\u0131l\u0131k, y\u00fcr\u00fcy\u00fc\u015f ve daha fazlas\u0131 i\u00e7in ideal bir ayd\u0131nlatma \u00e7\u00f6z\u00fcm\u00fc!<\/p>\n","protected":false},"excerpt":{"rendered":"<p>\u015earjl\u0131 LED kafa feneri, kompakt ve ergonomik tasar\u0131m\u0131 ile hem g\u00fc\u00e7l\u00fc hem de \u00e7ok y\u00f6nl\u00fc bir kullan\u0131m sunar. 3W g\u00fcc\u00fcndeki ayd\u0131nlatma sistemi, 6400K beyaz \u0131\u015f\u0131\u011f\u0131 ile uzun mesafeleri veya geni\u015f ortamlar\u0131 rahat\u00e7a ayd\u0131nlat\u0131r. \u00c7ift fonksiyon \u00f6zelli\u011fi sayesinde uzun mesafe ayd\u0131nlatma ve ortam \u0131\u015f\u0131\u011f\u0131 aras\u0131nda kolayca ge\u00e7i\u015f yapabilirsiniz.IP44 koruma s\u0131n\u0131f\u0131 ile suya ve darbelere dayan\u0131kl\u0131 olan&#8230;<\/p>\n","protected":false},"featured_media":109989,"comment_status":"open","ping_status":"closed","template":"","meta":{"_kad_post_transparent":"","_kad_post_title":"","_kad_post_layout":"","_kad_post_sidebar_id":"","_kad_post_content_style":"","_kad_post_vertical_padding":"","_kad_post_feature":"","_kad_post_feature_position":"","_kad_post_header":false,"_kad_post_footer":false,"_kad_post_classname":""},"product_brand":[],"product_cat":[14979],"product_tag":[],"class_list":{"0":"post-109990","1":"product","2":"type-product","3":"status-publish","4":"has-post-thumbnail","6":"product_cat-kafa-lambasi-kafa-lambasi","8":"first","9":"instock","10":"purchasable","11":"product-type-simple","12":"entry","13":"content-bg","14":"loop-entry"},"_links":{"self":[{"href":"https:\/\/www.hediyepazar.com\/index.php?rest_route=\/wp\/v2\/product\/109990","targetHints":{"allow":["GET"]}}],"collection":[{"href":"https:\/\/www.hediyepazar.com\/index.php?rest_route=\/wp\/v2\/product"}],"about":[{"href":"https:\/\/www.hediyepazar.com\/index.php?rest_route=\/wp\/v2\/types\/product"}],"replies":[{"embeddable":true,"href":"https:\/\/www.hediyepazar.com\/index.php?rest_route=%2Fwp%2Fv2%2Fcomments&post=109990"}],"wp:featuredmedia":[{"embeddable":true,"href":"https:\/\/www.hediyepazar.com\/index.php?rest_route=\/wp\/v2\/media\/109989"}],"wp:attachment":[{"href":"https:\/\/www.hediyepazar.com\/index.php?rest_route=%2Fwp%2Fv2%2Fmedia&parent=109990"}],"wp:term":[{"taxonomy":"product_brand","embeddable":true,"href":"https:\/\/www.hediyepazar.com\/index.php?rest_route=%2Fwp%2Fv2%2Fproduct_brand&post=109990"},{"taxonomy":"product_cat","embeddable":true,"href":"https:\/\/www.hediyepazar.com\/index.php?rest_route=%2Fwp%2Fv2%2Fproduct_cat&post=109990"},{"taxonomy":"product_tag","embeddable":true,"href":"https:\/\/www.hediyepazar.com\/index.php?rest_route=%2Fwp%2Fv2%2Fproduct_tag&post=109990"}],"curies":[{"name":"wp","href":"https:\/\/api.w.org\/{rel}","templated":true}]}}