{"id":110008,"date":"2026-05-05T03:41:12","date_gmt":"2026-05-05T06:41:12","guid":{"rendered":"https:\/\/www.hediyepazar.com\/?product=akilli-saat-gps-ve-nfc-ozelligi-sesli-gorusme-dokunmstik-ekran"},"modified":"2026-05-05T03:41:12","modified_gmt":"2026-05-05T06:41:12","slug":"akilli-saat-gps-ve-nfc-ozelligi-sesli-gorusme-dokunmstik-ekran","status":"publish","type":"product","link":"https:\/\/www.hediyepazar.com\/?product=akilli-saat-gps-ve-nfc-ozelligi-sesli-gorusme-dokunmstik-ekran","title":{"rendered":"Ak\u0131ll\u0131 Saat GPS VE NFC \u00d6zelli\u011fi Sesli G\u00f6r\u00fc\u015fme Dokunmstik Ekran"},"content":{"rendered":"<p>Dahili GPS \u00f6zelli\u011fi sayesinde konumunuzu y\u00fcksek hassasiyetle takip edebilir ve g\u00fcnl\u00fck aktivitelerinizde y\u00f6n bulmay\u0131 kolayla\u015ft\u0131rabilirsiniz. \u0130ster \u015fehir i\u00e7inde y\u00fcr\u00fcy\u00fc\u015f yap\u0131yor, ister do\u011fa y\u00fcr\u00fcy\u00fc\u015f\u00fcne \u00e7\u0131k\u0131yor olun, bu \u00f6zellik sayesinde kaybolma endi\u015fesi ya\u015famadan harita \u00fczerinde hareket edebilirsiniz. Ayn\u0131 zamanda, rotalar\u0131n\u0131z\u0131 kaydederek ge\u00e7mi\u015f aktivitelerinizi inceleyebilir ve ilerlemenizi analiz edebilirsiniz. Bu geli\u015fmi\u015f \u00f6zellik, \u00f6zellikle a\u00e7\u0131k hava sporlar\u0131 ve seyahat severler i\u00e7in ideal bir deneyim sunar.<\/p>\n","protected":false},"excerpt":{"rendered":"<p>Dahili GPS \u00f6zelli\u011fi sayesinde konumunuzu y\u00fcksek hassasiyetle takip edebilir ve g\u00fcnl\u00fck aktivitelerinizde y\u00f6n bulmay\u0131 kolayla\u015ft\u0131rabilirsiniz. \u0130ster \u015fehir i\u00e7inde y\u00fcr\u00fcy\u00fc\u015f yap\u0131yor, ister do\u011fa y\u00fcr\u00fcy\u00fc\u015f\u00fcne \u00e7\u0131k\u0131yor olun, bu \u00f6zellik sayesinde kaybolma endi\u015fesi ya\u015famadan harita \u00fczerinde hareket edebilirsiniz. Ayn\u0131 zamanda, rotalar\u0131n\u0131z\u0131 kaydederek ge\u00e7mi\u015f aktivitelerinizi inceleyebilir ve ilerlemenizi analiz edebilirsiniz. Bu geli\u015fmi\u015f \u00f6zellik, \u00f6zellikle a\u00e7\u0131k hava sporlar\u0131 ve seyahat&#8230;<\/p>\n","protected":false},"featured_media":110007,"comment_status":"open","ping_status":"closed","template":"","meta":{"_kad_post_transparent":"","_kad_post_title":"","_kad_post_layout":"","_kad_post_sidebar_id":"","_kad_post_content_style":"","_kad_post_vertical_padding":"","_kad_post_feature":"","_kad_post_feature_position":"","_kad_post_header":false,"_kad_post_footer":false,"_kad_post_classname":""},"product_brand":[],"product_cat":[14935],"product_tag":[],"class_list":{"0":"post-110008","1":"product","2":"type-product","3":"status-publish","4":"has-post-thumbnail","6":"product_cat-akilli-saatler-akilli-saatler","8":"first","9":"instock","10":"purchasable","11":"product-type-simple","12":"entry","13":"content-bg","14":"loop-entry"},"_links":{"self":[{"href":"https:\/\/www.hediyepazar.com\/index.php?rest_route=\/wp\/v2\/product\/110008","targetHints":{"allow":["GET"]}}],"collection":[{"href":"https:\/\/www.hediyepazar.com\/index.php?rest_route=\/wp\/v2\/product"}],"about":[{"href":"https:\/\/www.hediyepazar.com\/index.php?rest_route=\/wp\/v2\/types\/product"}],"replies":[{"embeddable":true,"href":"https:\/\/www.hediyepazar.com\/index.php?rest_route=%2Fwp%2Fv2%2Fcomments&post=110008"}],"wp:featuredmedia":[{"embeddable":true,"href":"https:\/\/www.hediyepazar.com\/index.php?rest_route=\/wp\/v2\/media\/110007"}],"wp:attachment":[{"href":"https:\/\/www.hediyepazar.com\/index.php?rest_route=%2Fwp%2Fv2%2Fmedia&parent=110008"}],"wp:term":[{"taxonomy":"product_brand","embeddable":true,"href":"https:\/\/www.hediyepazar.com\/index.php?rest_route=%2Fwp%2Fv2%2Fproduct_brand&post=110008"},{"taxonomy":"product_cat","embeddable":true,"href":"https:\/\/www.hediyepazar.com\/index.php?rest_route=%2Fwp%2Fv2%2Fproduct_cat&post=110008"},{"taxonomy":"product_tag","embeddable":true,"href":"https:\/\/www.hediyepazar.com\/index.php?rest_route=%2Fwp%2Fv2%2Fproduct_tag&post=110008"}],"curies":[{"name":"wp","href":"https:\/\/api.w.org\/{rel}","templated":true}]}}